000
CXUS55 KCYS 051825
CLMCYS
CLIMATE REPORT
NATIONAL WEATHER SERVICE CHEYENNE WY
1225 PM MDT FRI APR 05 2024
...................................
...THE CHEYENNE WYOMING AIRPORT CLIMATE SUMMARY FOR THE MONTH OF MARCH 2024...
CLIMATE NORMAL PERIOD 1991 TO 2020
CLIMATE RECORD PERIOD 1871 TO 2024
WEATHER OBSERVED NORMAL DEPART LAST YEAR`S
VALUE DATE(S) VALUE FROM VALUE DATE(S)
NORMAL
................................................................
TEMPERATURE (F)
RECORD
HIGH 77 03/30/1879
LOW -21 03/02/1943
HIGHEST 64 03/21 45 19 62
LOWEST 13 03/25 22 -9 12
03/26
AVG. MAXIMUM 49.1 49.1 -0.0 41.8
AVG. MINIMUM 26.2 25.1 1.1 20.5
MEAN 37.6 37.1 0.5 31.2
DAYS MAX >= 90 0 0.0 0.0 0
DAYS MAX <= 32 2 3.2 -1.2 4
DAYS MIN <= 32 25 25.3 -0.3 31
DAYS MIN <= 0 0 0.4 -0.4 0
PRECIPITATION (INCHES)
RECORD
MAXIMUM 3.65 1990
TOTALS 1.10 0.96 0.14
DAYS >= .01 7 7.9 -0.9 6
DAYS >= .10 4 2.9 1.1 2
DAYS >= .50 1 0.4 0.6 0
DAYS >= 1.00 0 0.1 -0.1 0
GREATEST
24 HR. TOTAL 0.52 03/14 TO 03/14 0.25 03/22 TO 03/22
SNOWFALL (INCHES)
RECORDS
TOTAL 39.2 1990
24 HR TOTAL 22.7 03/14/2021 TO 03/14/2021
TOTALS 11.6 9.7 1.9 6.0
SINCE 7/1 46.9 48.2 -1.3 MM
DAYS >= 1.0 3 3.0 0.0 2
GREATEST
SNOW DEPTH 5 03/15 3
24 HR TOTAL 5.8 03/14 TO 03/14 6.0
DEGREE DAYS
HEATING TOTAL 840 865 -25
SINCE 7/1 5332 5780 -448
COOLING TOTAL 0 0 0
SINCE 1/1 0 0 0
................................................................
WIND (MPH)
AVERAGE WIND SPEED 11.4
HIGHEST WIND SPEED/DIRECTION 41/270 DATE 03/02
HIGHEST GUST SPEED/DIRECTION 57/270 DATE 03/02
SKY COVER
POSSIBLE SUNSHINE (PERCENT) MM
AVERAGE SKY COVER 0.40
NUMBER OF DAYS FAIR 15
NUMBER OF DAYS PC 13
NUMBER OF DAYS CLOUDY 3
AVERAGE RH (PERCENT) 56
WEATHER CONDITIONS. NUMBER OF DAYS WITH
THUNDERSTORM 0 MIXED PRECIP 0
HEAVY RAIN 0 RAIN 1
LIGHT RAIN 5 FREEZING RAIN 0
LT FREEZING RAIN 0 HAIL 0
HEAVY SNOW 1 SNOW 3
LIGHT SNOW 11 SLEET 0
FOG 11 FOG W/VIS <= 1/4 MILE 4
HAZE 4
- INDICATES NEGATIVE NUMBERS.
R INDICATES RECORD WAS SET OR TIED.
MM INDICATES DATA IS MISSING.
T INDICATES TRACE AMOUNT.
$$