000
CXUS53 KUNR 010930
CF6D07
PRELIMINARY LOCAL CLIMATOLOGICAL DATA (WS FORM: F-6)
STATION: FAITH SD
MONTH: APRIL
YEAR: 2023
LATITUDE: 45 1 N
LONGITUDE: 102 1 W
TEMPERATURE IN F: :PCPN: SNOW: WIND :SUNSHINE: SKY :PK WND
================================================================================
1 2 3 4 5 6A 6B 7 8 9 10 11 12 13 14 15 16 17 18
12Z AVG MX 2MIN
DY MAX MIN AVG DEP HDD CDD WTR SNW DPTH SPD SPD DIR MIN PSBL S-S WX SPD DR
================================================================================
1 39 13 26 -13 39 0 0.00 M M 13.7 20 170 M M M 25 170
2 50 28 39 -1 26 0 0.00 M M 18.7 39 290 M M M 50 290
3 39 27 33 -7 32 0 0.00 M M 9.0 15 80 M M M 19 10
4 27 17 22 -18 43 0 0.27 M M 22.2 31 350 M M M 41 340
5 29 15 22 -19 43 0 0.00 M M 19.1 35 320 M M M 43 320
6 37 13 25 -16 40 0 0.00 M M 10.6 16 160 M M M M M
7 47 20 34 -7 31 0 0.00 M M 10.0 18 170 M M M 23 120
8 58 26 42 0 23 0 0.00 M M 8.8 15 190 M M M 21 120
9 69 37 53 11 12 0 0.00 M M 10.2 22 300 M M M 27 280
10 74 37 56 14 9 0 0.00 M M 13.5 18 210 M M M 24 220
11 86 42 64 21 1 0 0.00 M M 15.1 25 230 M M M 33 230
12 66 38 52 9 13 0 0.00 M M 16.3 28 10 M M M 37 10
13 54 36 45 2 20 0 0.00 M M 10.9 25 60 M M M 30 60
14 46 37 42 -2 23 0 0.00 M M 16.6 28 340 M M M 35 310
15 48 29 39 -5 26 0 0.00 M M 15.7 29 350 M M M 37 330
16 56 25 41 -3 24 0 0.00 M M 8.6 20 130 M M M 26 120
17 61 30 46 1 19 0 0.00 M M 18.3 28 140 M M M 38 130
18 62 37 50 5 15 0 0.20 M M 21.7 33 150 M M M 46 140
19 M M M M M M M M M M M M M M M M M
20 40 25 33 -13 32 0 0.00 M M 24.2 37 310 M M M 50 310
21 37 25 31 -15 34 0 0.01 M M 23.1 32 360 M M M 45 320
22 47 23 35 -11 30 0 0.00 M M 15.1 23 330 M M M 31 340
23 51 22 37 -10 28 0 0.00 M M 4.9 14 140 M M M 19 130
24 56 29 43 -4 22 0 0.00 M M 16.6 25 130 M M M 33 120
25 43 32 38 -10 27 0 0.52 M M 13.5 22 120 M M M 31 120
26 69 33 51 3 14 0 0.00 M M 12.8 25 320 M M M 33 300
27 65 40 53 5 12 0 0.09 M M 18.6 37 350 M M M 48 350
28 60 39 50 1 15 0 0.00 M M 11.4 23 340 M M M 29 360
29 61 35 48 -1 17 0 0.00 M M 19.5 39 350 M M M 50 350
30 57 27 42 -7 23 0 0.00 M M 10.4 20 10 M M M 25 360
================================================================================
SM 1534 837 693 0 1.09 M 429.1 M M
================================================================================
AV 52.9 28.9 14.8 FASTST M M M MAX(MPH)
MISC ----> # 39 290 # 50 290
================================================================================
NOTES:
# LAST OF SEVERAL OCCURRENCES
COLUMN 17 PEAK WIND IN M.P.H.
PRELIMINARY LOCAL CLIMATOLOGICAL DATA (WS FORM: F-6) , PAGE 2
STATION: FAITH SD
MONTH: APRIL
YEAR: 2023
LATITUDE: 45 1 N
LONGITUDE: 102 1 W
[TEMPERATURE DATA] [PRECIPITATION DATA] SYMBOLS USED IN COLUMN 16
AVERAGE MONTHLY: 40.9 TOTAL FOR MONTH: 1.09 1 = FOG OR MIST
DPTR FM NORMAL: -3.4 DPTR FM NORMAL: -0.66 2 = FOG REDUCING VISIBILITY
HIGHEST: 86 ON 11 GRTST 24HR 0.52 ON 25-25 TO 1/4 MILE OR LESS
LOWEST: 13 ON 6, 1 3 = THUNDER
SNOW, ICE PELLETS, HAIL 4 = ICE PELLETS
TOTAL MONTH: M 5 = HAIL
GRTST 24HR M ON M 6 = FREEZING RAIN OR DRIZZLE
GRTST DEPTH: M ON M 7 = DUSTSTORM OR SANDSTORM:
VSBY 1/2 MILE OR LESS
8 = SMOKE OR HAZE
[NO. OF DAYS WITH] [WEATHER - DAYS WITH] 9 = BLOWING SNOW
X = TORNADO
MAX 32 OR BELOW: 2 0.01 INCH OR MORE: 5
MAX 90 OR ABOVE: 0 0.10 INCH OR MORE: 3
MIN 32 OR BELOW: 18 0.50 INCH OR MORE: 1
MIN 0 OR BELOW: 0 1.00 INCH OR MORE: 0
[HDD (BASE 65) ]
TOTAL THIS MO. 693 CLEAR (SCALE 0-3) 0
DPTR FM NORMAL 71 PTCLDY (SCALE 4-7) 0
TOTAL FM JUL 1 7575 CLOUDY (SCALE 8-10) 30
DPTR FM NORMAL 349
[CDD (BASE 65) ]
TOTAL THIS MO. 0
DPTR FM NORMAL -1 [PRESSURE DATA]
TOTAL FM JAN 1 0 HIGHEST SLP 30.34 ON 6
DPTR FM NORMAL -1 LOWEST SLP 29.48 ON 18
[REMARKS]
#FINAL-04-23#