691
CXUS53 KUNR 010945
CF6D07
PRELIMINARY LOCAL CLIMATOLOGICAL DATA (WS FORM: F-6)
STATION: FAITH SD
MONTH: AUGUST
YEAR: 2020
LATITUDE: 45 1 N
LONGITUDE: 102 1 W
TEMPERATURE IN F: :PCPN: SNOW: WIND :SUNSHINE: SKY :PK WND
================================================================================
1 2 3 4 5 6A 6B 7 8 9 10 11 12 13 14 15 16 17 18
12Z AVG MX 2MIN
DY MAX MIN AVG DEP HDD CDD WTR SNW DPTH SPD SPD DIR MIN PSBL S-S WX SPD DR
================================================================================
1 78 56 67 -7 0 2 0.00 M M 8.8 18 40 M M M 27 30
2 77 54 66 -8 0 1 0.00 M M 5.3 9 60 M M M M M
3 79 55 67 -7 0 2 0.00 M M 15.8 24 130 M M M 32 130
4 75 59 67 -7 0 2 0.02 M M 10.3 23 130 M M M 32 130
5 84 57 71 -2 0 6 0.00 M M 10.0 21 340 M M M 26 30
6 88 57 73 0 0 8 0.54 M M 14.8 38 260 M M M 54 260
7 91 59 75 2 0 10 0.00 M M 9.4 23 170 M M M 29 160
8 85 63 74 1 0 9 0.04 M M 8.8 28 310 M M M 38 310
9 83 59 71 -2 0 6 0.00 M M 13.4 30 360 M M M 39 350
10 81 54 68 -5 0 3 0.00 M M 9.5 17 150 M M M 23 190
11 86 59 73 0 0 8 0.00 M M 14.3 28 20 M M M 39 350
12 93 59 76 3 0 11 0.00 M M 14.2 22 150 M M M 31 150
13 89 66 78 5 0 13 0.00 M M 12.4 23 320 M M M 30 310
14 81 54 68 -5 0 3 0.00 M M 15.8 38 350 M M M 50 350
15 87 53 70 -2 0 5 0.00 M M 8.9 15 40 M M M 22 350
16 89 56 73 1 0 8 0.00 M M 10.4 21 360 M M M 25 350
17 94 58 76 4 0 11 0.00 M M 12.0 23 140 M M M 31 140
18 95 64 80 8 0 15 0.00 M M 11.8 22 170 M M M 27 160
19 98 67 83 11 0 18 0.00 M M 10.3 20 340 M M M 26 340
20 96 68 82 10 0 17 0.00 M M 7.1 18 360 M M M 28 360
21 92 61 77 6 0 12 0.00 M M 8.9 31 340 M M M 44 330
22 94 62 78 7 0 13 0.00 M M 5.7 15 130 M M M 20 130
23 99 62 81 10 0 16 0.00 M M 11.7 21 170 M M M 27 170
24 88 58 73 3 0 8 0.00 M M 8.3 15 20 M M M 19 90
25 99 65 82 12 0 17 0.00 M M 6.7 17 160 M M M 24 170
26 91 64 78 8 0 13 0.00 M M 10.4 24 280 M M M 32 280
27 86 60 73 3 0 8 0.02 M M 10.5 33 210 M M M 47 220
28 76 53 65 -4 0 0 0.00 M M 12.2 26 360 M M M 38 10
29 84 47 66 -3 0 1 0.00 M M 16.5 28 150 M M M 37 160
30 81 49 65 -3 0 0 0.00 M M 15.8 39 10 M M M 50 20
31 71 44 58 -10 7 0 0.00 M M 9.2 17 290 M M M 25 300
================================================================================
SM 2690 1802 7 246 0.62 M 339.2 M M
================================================================================
AV 86.8 58.1 10.9 FASTST M M 0 MAX(MPH)
MISC ----> # 39 10 # 54 260
================================================================================
NOTES:
# LAST OF SEVERAL OCCURRENCES
COLUMN 17 PEAK WIND IN M.P.H.
PRELIMINARY LOCAL CLIMATOLOGICAL DATA (WS FORM: F-6) , PAGE 2
STATION: FAITH SD
MONTH: AUGUST
YEAR: 2020
LATITUDE: 45 1 N
LONGITUDE: 102 1 W
[TEMPERATURE DATA] [PRECIPITATION DATA] SYMBOLS USED IN COLUMN 16
AVERAGE MONTHLY: 72.5 TOTAL FOR MONTH: 0.62 1 = FOG OR MIST
DPTR FM NORMAL: 0.8 DPTR FM NORMAL: -1.01 2 = FOG REDUCING VISIBILITY
HIGHEST: 99 ON 25,23 GRTST 24HR 0.54 ON 6- 6 TO 1/4 MILE OR LESS
LOWEST: 44 ON 31 3 = THUNDER
SNOW, ICE PELLETS, HAIL 4 = ICE PELLETS
TOTAL MONTH: M 5 = HAIL
GRTST 24HR M ON M 6 = FREEZING RAIN OR DRIZZLE
GRTST DEPTH: M ON M 7 = DUSTSTORM OR SANDSTORM:
VSBY 1/2 MILE OR LESS
8 = SMOKE OR HAZE
[NO. OF DAYS WITH] [WEATHER - DAYS WITH] 9 = BLOWING SNOW
X = TORNADO
MAX 32 OR BELOW: 0 0.01 INCH OR MORE: 4
MAX 90 OR ABOVE: 11 0.10 INCH OR MORE: 1
MIN 32 OR BELOW: 0 0.50 INCH OR MORE: 1
MIN 0 OR BELOW: 0 1.00 INCH OR MORE: 0
[HDD (BASE 65) ]
TOTAL THIS MO. 7 CLEAR (SCALE 0-3) 0
DPTR FM NORMAL -14 PTCLDY (SCALE 4-7) 0
TOTAL FM JUL 1 8 CLOUDY (SCALE 8-10) 0
DPTR FM NORMAL -25
[CDD (BASE 65) ]
TOTAL THIS MO. 246
DPTR FM NORMAL 16 [PRESSURE DATA]
TOTAL FM JAN 1 602 HIGHEST SLP M ON M
DPTR FM NORMAL 27 LOWEST SLP 29.23 ON 30
[REMARKS]
#FINAL-08-20#