000
CXUS53 KUNR 011549
CLMD07
CLIMATE REPORT
NATIONAL WEATHER SERVICE RAPID CITY SD
849 AM MST MON JAN 01 2024
...................................
...THE FAITH SD CLIMATE SUMMARY FOR THE MONTH OF DECEMBER 2023...
CLIMATE NORMAL PERIOD 1991 TO 2020
CLIMATE RECORD PERIOD 9999 TO 9999
WEATHER OBSERVED NORMAL DEPART LAST YEAR`S
VALUE DATE(S) VALUE FROM VALUE DATE(S)
NORMAL
................................................................
TEMPERATURE (F)
HIGHEST 64 12/07 46 12/04
LOWEST 9 12/18 -23 12/21
AVG. MAXIMUM 42.1 32.2 9.9 23.5
AVG. MINIMUM 21.1 13.3 7.8 5.9
MEAN 31.6 22.7 8.9 14.7
DAYS MAX >= 90 0 0
DAYS MAX <= 32 4 17
DAYS MIN <= 32 30 29
DAYS MIN <= 0 0 10
PRECIPITATION (INCHES)
TOTALS 0.87 0.40 0.47 1.15
DAILY AVG. 0.03 0.01 0.02 0.04
DAYS >= .01 4 12
DAYS >= .10 2 6
DAYS >= .50 0 0
DAYS >= 1.00 0 0
GREATEST
24 HR. TOTAL 0.43 12/27 TO 12/27 0.28
DEGREE DAYS
HEATING TOTAL 1028 1310 -282 1454
SINCE 7/1 2341 3025 -684 MM
COOLING TOTAL 0 0 0 0
SINCE 1/1 670 656 14 MM
................................................................
WIND (MPH)
AVERAGE WIND SPEED 12.1
HIGHEST WIND SPEED/DIRECTION 46/310 DATE 12/04
HIGHEST GUST SPEED/DIRECTION 63/320 DATE 12/04
AVERAGE RH (PERCENT) 70
- INDICATES NEGATIVE NUMBERS.
R INDICATES RECORD WAS SET OR TIED.
MM INDICATES DATA IS MISSING.
T INDICATES TRACE AMOUNT.
$$