000
CXUS52 KMLB 010632
CF6DAB
PRELIMINARY LOCAL CLIMATOLOGICAL DATA (WS FORM: F-6)
STATION: DAYTONA BEACH
MONTH: APRIL
YEAR: 2021
LATITUDE: 29 10 N
LONGITUDE: 81 3 W
TEMPERATURE IN F: :PCPN: SNOW: WIND :SUNSHINE: SKY :PK WND
================================================================================
1 2 3 4 5 6A 6B 7 8 9 10 11 12 13 14 15 16 17 18
12Z AVG MX 2MIN
DY MAX MIN AVG DEP HDD CDD WTR SNW DPTH SPD SPD DIR MIN PSBL S-S WX SPD DR
================================================================================
1 72 54 63 -4 2 0 T 0.0 0 9.5 24 340 M M 5 30 340
2 60 46 53 -14 12 0 0.00 0.0 0 16.9 28 10 M M 2 35 10
3 67 46 57 -10 8 0 0.00 0.0 0 12.0 23 20 M M 6 29 10
4 72 53 63 -4 2 0 0.00 0.0 0 6.4 16 30 M M 4 24 20
5 75 50 63 -4 2 0 0.00 0.0 0 3.1 15 70 M M 1 1 19 80
6 79 52 66 -1 0 1 0.00 0.0 0 5.6 14 60 M M 1 17 70
7 81 54 68 0 0 3 0.00 0.0 0 5.2 14 70 M M 2 1 18 70
8 84 58 71 3 0 6 0.00 0.0 0 5.1 13 210 M M 3 16 220
9 85 58 72 4 0 7 0.00 0.0 0 5.1 13 90 M M 5 1 19 110
10 89 62 76 8 0 11 T 0.0 0 9.2 36 280 M M 7 3 47 290
11 67 59 63 -5 2 0 1.43 0.0 0 5.4 18 330 M M 8 13 24 320
12 80 57 69 1 0 4 0.00 0.0 0 6.5 17 40 M M 3 22 20
13 80 54 67 -1 0 2 0.00 0.0 0 7.0 16 20 M M 1 1 20 20
14 84 60 72 3 0 7 0.00 0.0 0 5.1 14 90 M M 3 1 21 80
15 85 65 75 6 0 10 0.00 0.0 0 8.4 23 280 M M 7 8 34 270
16 77 64 71 2 0 6 T 0.0 0 6.8 17 20 M M 8 20 20
17 83 66 75 6 0 10 0.31 0.0 0 6.2 16 20 M M 9 13 20 190
18 78 64 71 2 0 6 0.55 0.0 0 3.5 23 300 M M 9 13 28 290
19 76 66 71 2 0 6 0.12 0.0 0 4.1 10 280 M M 8 1 12 280
20 72 65 69 -1 0 4 0.67 0.0 0 4.1 14 60 M M 8 13 17 60
21 85 64 75 5 0 10 0.00 0.0 0 6.4 16 260 M M 5 1 20 250
22 71 61 66 -4 0 1 0.00 0.0 0 12.3 21 30 M M 2 29 20
23 75 62 69 -1 0 4 0.00 0.0 0 9.5 15 90 M M 6 21 70
24 87 68 78 8 0 13 0.00 0.0 0 9.0 18 200 M M 6 27 160
25 88 68 78 7 0 13 0.55 0.0 0 8.2 17 320 M M 3 13 24 320
26 80 60 70 -1 0 5 0.00 0.0 0 6.9 16 40 M M 3 1 22 70
27 79 66 73 2 0 8 0.00 0.0 0 6.6 18 70 M M 5 22 80
28 81 63 72 1 0 7 0.00 0.0 0 4.7 14 100 M M 3 1 21 130
29 90 65 78 7 0 13 0.00 0.0 0 6.2 17 260 M M 3 1 22 240
30 89 66 78 6 0 13 0.00 0.0 0 6.6 15 240 M M 4 20 280
================================================================================
SM 2371 1796 28 170 3.63 0.0 211.6 M 140
================================================================================
AV 79.0 59.9 7.1 FASTST M M 5 MAX(MPH)
MISC ----> 36 280 47 290
================================================================================
NOTES:
# LAST OF SEVERAL OCCURRENCES
COLUMN 17 PEAK WIND IN M.P.H.
PRELIMINARY LOCAL CLIMATOLOGICAL DATA (WS FORM: F-6) , PAGE 2
STATION: DAYTONA BEACH
MONTH: APRIL
YEAR: 2021
LATITUDE: 29 10 N
LONGITUDE: 81 3 W
[TEMPERATURE DATA] [PRECIPITATION DATA] SYMBOLS USED IN COLUMN 16
AVERAGE MONTHLY: 69.5 TOTAL FOR MONTH: 3.63 1 = FOG OR MIST
DPTR FM NORMAL: 0.5 DPTR FM NORMAL: 1.45 2 = FOG REDUCING VISIBILITY
HIGHEST: 90 ON 29 GRTST 24HR 1.43 ON 10-11 TO 1/4 MILE OR LESS
LOWEST: 46 ON 3, 2 3 = THUNDER
SNOW, ICE PELLETS, HAIL 4 = ICE PELLETS
TOTAL MONTH: 0.0 INCH 5 = HAIL
GRTST 24HR 0.0 6 = FREEZING RAIN OR DRIZZLE
GRTST DEPTH: 0 7 = DUSTSTORM OR SANDSTORM:
VSBY 1/2 MILE OR LESS
8 = SMOKE OR HAZE
[NO. OF DAYS WITH] [WEATHER - DAYS WITH] 9 = BLOWING SNOW
X = TORNADO
MAX 32 OR BELOW: 0 0.01 INCH OR MORE: 6
MAX 90 OR ABOVE: 1 0.10 INCH OR MORE: 6
MIN 32 OR BELOW: 0 0.50 INCH OR MORE: 4
MIN 0 OR BELOW: 0 1.00 INCH OR MORE: 1
[HDD (BASE 65) ]
TOTAL THIS MO. 28 CLEAR (SCALE 0-3) 9
DPTR FM NORMAL 0 PTCLDY (SCALE 4-7) 18
TOTAL FM JUL 1 643 CLOUDY (SCALE 8-10) 3
DPTR FM NORMAL -163
[CDD (BASE 65) ]
TOTAL THIS MO. 170
DPTR FM NORMAL 25 [PRESSURE DATA]
TOTAL FM JAN 1 426 HIGHEST SLP M ON M
DPTR FM NORMAL 139 LOWEST SLP 29.68 ON 11
[REMARKS]
#FINAL-04-21#