000
CXUS55 KDVN 011404
CF6DBQ
PRELIMINARY LOCAL CLIMATOLOGICAL DATA (WS FORM: F-6)
STATION: DUBUQUE IA
MONTH: OCTOBER
YEAR: 2023
LATITUDE: 42 24 N
LONGITUDE: 90 42 W
TEMPERATURE IN F: :PCPN: SNOW: WIND :SUNSHINE: SKY :PK WND
================================================================================
1 2 3 4 5 6A 6B 7 8 9 10 11 12 13 14 15 16 17 18
12Z AVG MX 2MIN
DY MAX MIN AVG DEP HDD CDD WTR SNW DPTH SPD SPD DIR MIN PSBL S-S WX SPD DR
================================================================================
1 86 62 74 18 0 9 0.00 0.0 0 8.9 14 130 M M 0 19 190
2 83 57 70 14 0 5 0.00 0.0 0 7.6 16 180 M M 0 23 130
3 84 59 72 17 0 7 0.00 0.0 0 11.2 24 190 M M 1 34 220
4 77 54 66 11 0 1 T 0.0 0 12.0 24 230 M M 2 31 240
5 73 47 60 5 5 0 0.00 0.0 0 6.8 20 290 M M 1 27 300
6 52 39 46 -8 19 0 0.18 0.0 0 11.5 30 270 M M 5 18 44 270
7 55 39 47 -7 18 0 0.00 0.0 0 7.9 18 330 M M 5 27 360
8 59 43 51 -2 14 0 0.00 0.0 0 3.1 10 40 M M 8 13 10
9 58 35 47 -6 18 0 0.00 0.0 0 8.5 23 340 M M 2 29 340
10 60 32 46 -6 19 0 0.00 0.0 0 6.6 18 290 M M 0 25 270
11 64 29 47 -5 18 0 0.62 0.0 0 5.2 20 70 M M 6 13 29 70
12 55 48 52 0 13 0 0.39 0.0 0 16.0 29 80 M M 10 1 41 80
13 56 49 53 2 12 0 1.86 0.0 0 16.1 25 100 M M 10 1 37 80
14 56 48 52 1 13 0 0.15 0.0 0 12.4 22 20 M M 10 1 32 30
15 56 44 50 0 15 0 T 0.0 0 11.2 20 350 M M 6 25 320
16 58 36 47 -3 18 0 0.00 0.0 0 4.8 15 340 M M 0 19 340
17 64 33 49 -1 16 0 0.00 0.0 0 5.0 13 250 M M 0 20 250
18 60 46 53 4 12 0 T 0.0 0 11.5 24 220 M M 2 34 220
19 57 46 52 3 13 0 0.09 0.0 0 8.4 18 270 M M 7 18 24 260
20 65 43 54 6 11 0 0.00 0.0 0 7.7 20 340 M M 1 27 320
21 65 45 55 7 10 0 0.00 0.0 0 12.2 26 340 M M 3 37 320
22 57 33 45 -2 20 0 T 0.0 0 4.6 12 150 M M 0 16 150
23 70 44 57 10 8 0 T 0.0 0 14.0 25 170 M M 2 36 170
24 79 59 69 23 0 4 0.04 0.0 0 16.7 30 220 M M 4 1 46 210
25 64 58 61 15 4 0 0.16 0.0 0 5.3 12 190 M M 10 12 15 160
26 66 62 64 18 1 0 1.95 0.0 0 13.1 21 190 M M 10 13 29 190
27 65 36 51 6 14 0 0.03 0.0 0 13.0 23 280 M M 10 1 32 300
28 43 35 39 -6 26 0 0.00 0.0 0 10.1 17 10 M M 10 23 10
29 38 31 35 -9 30 0 0.00 0.0 0 12.1 18 340 M M 9 25 360
30 38 24 31 -13 34 0 0.00 0.0 0 10.2 17 280 M M 0 25 320
31 37 25 31 -13 34 0 T 0.1 0 18.0 30 280 M M 8 1 45 300
================================================================================
SM 1900 1341 415 26 5.47 0.1 311.7 M 142
================================================================================
AV 61.3 43.3 10.1 FASTST M M 5 MAX(MPH)
MISC ----> # 30 270 46 210
================================================================================
NOTES:
# LAST OF SEVERAL OCCURRENCES
COLUMN 17 PEAK WIND IN M.P.H.
PRELIMINARY LOCAL CLIMATOLOGICAL DATA (WS FORM: F-6) , PAGE 2
STATION: DUBUQUE IA
MONTH: OCTOBER
YEAR: 2023
LATITUDE: 42 24 N
LONGITUDE: 90 42 W
[TEMPERATURE DATA] [PRECIPITATION DATA] SYMBOLS USED IN COLUMN 16
AVERAGE MONTHLY: 52.3 TOTAL FOR MONTH: 5.47 1 = FOG OR MIST
DPTR FM NORMAL: 2.4 DPTR FM NORMAL: 2.54 2 = FOG REDUCING VISIBILITY
HIGHEST: 86 ON 1 GRTST 24HR 2.01 ON 13-14 TO 1/4 MILE OR LESS
LOWEST: 24 ON 30 3 = THUNDER
SNOW, ICE PELLETS, HAIL 4 = ICE PELLETS
TOTAL MONTH: 0.1 INCH 5 = HAIL
GRTST 24HR 0.1 ON 31-31 6 = FREEZING RAIN OR DRIZZLE
GRTST DEPTH: 0 7 = DUSTSTORM OR SANDSTORM:
VSBY 1/2 MILE OR LESS
8 = SMOKE OR HAZE
[NO. OF DAYS WITH] [WEATHER - DAYS WITH] 9 = BLOWING SNOW
X = TORNADO
MAX 32 OR BELOW: 0 0.01 INCH OR MORE: 10
MAX 90 OR ABOVE: 0 0.10 INCH OR MORE: 7
MIN 32 OR BELOW: 5 0.50 INCH OR MORE: 3
MIN 0 OR BELOW: 0 1.00 INCH OR MORE: 2
[HDD (BASE 65) ]
TOTAL THIS MO. 415 CLEAR (SCALE 0-3) 15
DPTR FM NORMAL -60 PTCLDY (SCALE 4-7) 6
TOTAL FM JUL 1 464 CLOUDY (SCALE 8-10) 10
DPTR FM NORMAL -177
[CDD (BASE 65) ]
TOTAL THIS MO. 26
DPTR FM NORMAL 19 [PRESSURE DATA]
TOTAL FM JAN 1 775 HIGHEST SLP 30.40 ON 31
DPTR FM NORMAL 138 LOWEST SLP 29.61 ON 21
[REMARKS]
#FINAL-10-23#