000
CXUS53 KDDC 011823
CF6DDC
PRELIMINARY LOCAL CLIMATOLOGICAL DATA (WS FORM: F-6)
STATION: DODGE CITY KS
MONTH: MAY
YEAR: 2021
LATITUDE: 37 46 N
LONGITUDE: 99 58 W
TEMPERATURE IN F: :PCPN: SNOW: WIND :SUNSHINE: SKY :PK WND
================================================================================
1 2 3 4 5 6A 6B 7 8 9 10 11 12 13 14 15 16 17 18
12Z AVG MX 2MIN
DY MAX MIN AVG DEP HDD CDD WTR SNW DPTH SPD SPD DIR MIN PSBL S-S WX SPD DR
================================================================================
1 84 44 64 5 1 0 0.00 0.0 0 16.7 26 190 M M 0 37 160
2 82 54 68 9 0 3 0.59 0.0 0 18.5 35 280 M M 2 13 45 280
3 66 50 58 -2 7 0 0.53 0.0 0 16.4 30 20 M M 8 13 39 20
4 64 41 53 -7 12 0 0.00 0.0 0 9.8 18 20 M M 2 25 30
5 72 43 58 -2 7 0 0.28 0.0 0 9.2 43 310 M M 3 3 62 320
6 70 42 56 -5 9 0 0.00 0.0 0 8.8 17 30 M M 0 22 30
7 85 47 66 5 0 1 0.00 0.0 0 15.4 28 180 M M 0 38 190
8 91 54 73 11 0 8 T 0.0 0 17.3 38 360 M M 0 54 360
9 62 44 53 -9 12 0 T 0.0 0 18.8 31 360 M M 3 43 360
10 56 44 50 -12 15 0 0.37 0.0 0 7.6 15 120 M M 8 1 20 130
11 53 41 47 -16 18 0 0.22 0.0 0 11.0 20 10 M M 10 1 26 10
12 60 36 48 -15 17 0 0.00 0.0 0 4.5 10 80 M M 4 18 16 80
13 69 41 55 -9 10 0 0.00 0.0 0 13.2 23 160 M M 2 1 34 170
14 80 53 67 3 0 2 0.84 0.0 0 17.7 33 150 M M 4 13 44 150
15 75 56 66 2 0 1 0.20 0.0 0 13.1 28 120 M M 6 13 35 120
16 78 59 69 4 0 4 T 0.0 0 11.4 17 130 M M 4 1 26 160
17 73 58 66 1 0 1 0.08 0.0 0 8.0 17 40 M M 8 138 25 60
18 74 52 63 -3 2 0 0.16 0.0 0 7.5 30 250 M M 6 123 42 230
19 75 53 64 -2 1 0 0.20 0.0 0 8.9 21 140 M M 7 123 32 140
20 77 55 66 0 0 1 0.00 0.0 0 16.5 28 150 M M 3 39 160
21 78 61 70 3 0 5 0.00 0.0 0 21.7 31 160 M M 5 18 41 170
22 81 66 74 7 0 9 0.00 0.0 0 17.2 25 150 M M 7 35 140
23 75 64 70 2 0 5 0.08 0.0 0 19.2 28 160 M M 9 1 39 160
24 79 62 71 3 0 6 0.18 0.0 0 17.2 26 190 M M 8 13 37 180
25 84 58 71 3 0 6 0.11 0.0 0 9.2 32 150 M M 6 13 41 180
26 84 59 72 3 0 7 0.01 0.0 0 14.6 35 160 M M 3 123 48 180
27 77 50 64 -5 1 0 0.00 0.0 0 14.3 25 10 M M 2 37 360
28 73 47 60 -10 5 0 0.00 0.0 0 8.9 18 30 M M 1 1 25 30
29 74 47 61 -9 4 0 0.00 0.0 0 12.7 21 150 M M 2 28 150
30 59 52 56 -14 9 0 1.09 0.0 0 9.4 26 150 M M 8 13 35 150
31 61 54 58 -13 7 0 0.08 0.0 0 10.8 17 110 M M 10 12 24 90
================================================================================
SM 2271 1587 137 59 5.02 0.0 405.5 M 141
================================================================================
AV 73.3 51.2 13.1 FASTST M M 5 MAX(MPH)
MISC ----> 43 310 62 320
================================================================================
NOTES:
# LAST OF SEVERAL OCCURRENCES
COLUMN 17 PEAK WIND IN M.P.H.
PRELIMINARY LOCAL CLIMATOLOGICAL DATA (WS FORM: F-6) , PAGE 2
STATION: DODGE CITY KS
MONTH: MAY
YEAR: 2021
LATITUDE: 37 46 N
LONGITUDE: 99 58 W
[TEMPERATURE DATA] [PRECIPITATION DATA] SYMBOLS USED IN COLUMN 16
AVERAGE MONTHLY: 62.3 TOTAL FOR MONTH: 5.02 1 = FOG OR MIST
DPTR FM NORMAL: -2.5 DPTR FM NORMAL: 2.03 2 = FOG REDUCING VISIBILITY
HIGHEST: 91 ON 8 GRTST 24HR 1.15 ON 30-31 TO 1/4 MILE OR LESS
LOWEST: 36 ON 12 3 = THUNDER
SNOW, ICE PELLETS, HAIL 4 = ICE PELLETS
TOTAL MONTH: 0.0 INCH 5 = HAIL
GRTST 24HR 0.0 6 = FREEZING RAIN OR DRIZZLE
GRTST DEPTH: 0 7 = DUSTSTORM OR SANDSTORM:
VSBY 1/2 MILE OR LESS
8 = SMOKE OR HAZE
[NO. OF DAYS WITH] [WEATHER - DAYS WITH] 9 = BLOWING SNOW
X = TORNADO
MAX 32 OR BELOW: 0 0.01 INCH OR MORE: 16
MAX 90 OR ABOVE: 1 0.10 INCH OR MORE: 12
MIN 32 OR BELOW: 0 0.50 INCH OR MORE: 4
MIN 0 OR BELOW: 0 1.00 INCH OR MORE: 1
[HDD (BASE 65) ]
TOTAL THIS MO. 137 CLEAR (SCALE 0-3) 13
DPTR FM NORMAL 21 PTCLDY (SCALE 4-7) 13
TOTAL FM JUL 1 4889 CLOUDY (SCALE 8-10) 5
DPTR FM NORMAL 83
[CDD (BASE 65) ]
TOTAL THIS MO. 59
DPTR FM NORMAL -49 [PRESSURE DATA]
TOTAL FM JAN 1 79 HIGHEST SLP 30.40 ON 12
DPTR FM NORMAL -49 LOWEST SLP 29.29 ON 2
[REMARKS]
#FINAL-05-21#