000
CXUS51 KALY 011551
CLADDH
CLIMATE REPORT
NATIONAL WEATHER SERVICE ALBANY NY
1051 AM EST FRI JAN 01 2021
...................................
...THE BENNINGTON VT CLIMATE SUMMARY FOR THE YEAR OF 2020...
CLIMATE NORMAL PERIOD: 1981 TO 2010
CLIMATE RECORD PERIOD: 9999 TO 9999
WEATHER OBSERVED NORMAL DEPART LAST YEAR`S
VALUE DATE(S) VALUE FROM VALUE DATE(S)
NORMAL
................................................................
TEMPERATURE (F)
HIGHEST 92 07/19 90 07/30
07/27
LOWEST -9 02/15 -12 01/22
12/19
AVG. MAXIMUM 59.4 56.5 2.9 56.8
AVG. MINIMUM 38.1 35.5 2.6 35.6
MEAN 48.7 46.0 2.7 46.2
DAYS MAX >= 90 6 1.5 4.5 1
DAYS MAX <= 32 26 46.4 -20.4 51
DAYS MIN <= 32 144 156.3 -12.3 146
DAYS MIN <= 0 7 10.8 -3.8 11
PRECIPITATION (INCHES)
TOTALS 33.33 40.70 -7.37 40.47
DAILY AVG. 0.10 0.11
DAYS >= .01 118 158
DAYS >= .10 63 91
DAYS >= .50 22 24
DAYS >= 1.00 7 5
GREATEST
24 HR. TOTAL 1.72 09/29 TO 09/30
DEGREE DAYS
HEATING TOTAL 6406 7236 -830 6840
SINCE 7/1 2378 2774 -396 2716
COOLING TOTAL 575 312 263 375
SINCE 1/1 575 313 262 375
................................................................
WIND (MPH)
AVERAGE WIND SPEED 5.2
HIGHEST WIND SPEED/DIRECTION 45/140 DATE 11/15
HIGHEST GUST SPEED/DIRECTION 57/140 DATE 11/15
WEATHER CONDITIONS. NUMBER OF DAYS WITH
THUNDERSTORM 16 MIXED PRECIP 0
HEAVY RAIN 27 RAIN 41
LIGHT RAIN 130 FREEZING RAIN 1
LT FREEZING RAIN 2 HAIL 0
HEAVY SNOW 7 SNOW 13
LIGHT SNOW 59 SLEET 0
FOG 179 FOG W/VIS <= 1/4 MILE 37
HAZE 43
- INDICATES NEGATIVE NUMBERS.
R INDICATES RECORD WAS SET OR TIED.
MM INDICATES DATA IS MISSING.
T INDICATES TRACE AMOUNT.
$$