000
CXUS53 KILX 010900
CF6DEC
PRELIMINARY LOCAL CLIMATOLOGICAL DATA (WS FORM: F-6)
STATION: DECATUR IL AIRPORT
MONTH: JUNE
YEAR: 2022
LATITUDE: 39 49 N
LONGITUDE: 88 51 W
TEMPERATURE IN F: :PCPN: SNOW: WIND :SUNSHINE: SKY :PK WND
================================================================================
1 2 3 4 5 6A 6B 7 8 9 10 11 12 13 14 15 16 17 18
12Z AVG MX 2MIN
DY MAX MIN AVG DEP HDD CDD WTR SNW DPTH SPD SPD DIR MIN PSBL S-S WX SPD DR
================================================================================
1 76 66 71 2 0 6 0.09 M M 7.0 23 280 M M 7 3 32 280
2 77 59 68 -1 0 3 0.03 M M 7.3 16 270 M M 4 1 22 270
3 82 58 70 0 0 5 0.00 M M 8.4 18 270 M M 0 28 260
4 85 54 70 0 0 5 0.00 M M 3.1 12 150 M M 0 14 140
5 84 60 72 2 0 7 0.00 M M 6.0 14 190 M M 5 20 280
6 80 66 73 2 0 8 0.02 M M 10.4 20 200 M M 4 27 190
7 81 63 72 1 0 7 0.00 M M 6.5 13 20 M M 6 19 290
8 72 61 67 -4 0 2 0.40 M M 8.7 20 290 M M 4 13 28 330
9 81 54 68 -3 0 3 0.00 M M 5.9 17 250 M M 3 24 320
10 76 57 67 -5 0 2 0.01 M M 4.6 13 200 M M 8 16 270
11 83 56 70 -2 0 5 T M M 5.2 14 210 M M 1 18 220
12 88 70 79 7 0 14 T M M 5.4 15 220 M M 5 20 220
13 96 71 84 12 0 19 0.00 M M 10.6 20 210 M M 2 1 28 210
14 97 78 88 15 0 23 0.00 M M 12.3 21 180 M M 0 29 210
15 97 74 86 13 0 21 0.00 M M 12.6 25 200 M M 0 8 36 210
16 97 80 89 16 0 24 0.00 M M 9.9 18 200 M M 2 27 210
17 90 67 79 6 0 14 0.03 M M 7.4 29 280 M M 2 3 42 270
18 85 56 71 -3 0 6 0.00 M M 10.3 16 20 M M 0 27 60
19 85 50 68 -6 0 3 0.00 M M 7.1 14 160 M M 0 22 170
20 91 55 73 -1 0 8 0.00 M M 8.7 16 180 M M 0 22 190
21 95 65 80 6 0 15 0.00 M M 9.9 17 210 M M 0 23 230
22 91 71 81 7 0 16 0.00 M M 10.3 18 320 M M 0 25 300
23 90 62 76 2 0 11 0.00 M M 4.9 13 10 M M 0 18 10
24 88 61 75 0 0 10 0.00 M M 4.6 12 150 M M 0 16 160
25 88 68 78 3 0 13 0.26 M M 9.2 30 350 M M 3 13 44 340
26 80 65 73 -2 0 8 0.00 M M 9.9 21 320 M M 3 3 31 320
27 79 60 70 -5 0 5 0.00 M M 7.6 18 340 M M 0 24 360
28 83 56 70 -5 0 5 0.00 M M 4.3 15 230 M M 0 20 230
29 88 63 76 1 0 11 0.00 M M 9.3 16 230 M M 0 22 210
30 90 61 76 1 0 11 0.00 M M 9.7 18 190 M M 0 24 210
================================================================================
SM 2575 1887 0 290 0.84 M 237.1 M 59
================================================================================
AV 85.8 62.9 7.9 FASTST M M 2 MAX(MPH)
MISC ----> 30 350 44 340
================================================================================
NOTES:
# LAST OF SEVERAL OCCURRENCES
COLUMN 17 PEAK WIND IN M.P.H.
PRELIMINARY LOCAL CLIMATOLOGICAL DATA (WS FORM: F-6) , PAGE 2
STATION: DECATUR IL AIRPORT
MONTH: JUNE
YEAR: 2022
LATITUDE: 39 49 N
LONGITUDE: 88 51 W
[TEMPERATURE DATA] [PRECIPITATION DATA] SYMBOLS USED IN COLUMN 16
AVERAGE MONTHLY: 74.4 TOTAL FOR MONTH: 0.84 1 = FOG OR MIST
DPTR FM NORMAL: 1.7 DPTR FM NORMAL: -3.54 2 = FOG REDUCING VISIBILITY
HIGHEST: 97 ON 16,15 GRTST 24HR 0.40 ON 8- 8 TO 1/4 MILE OR LESS
LOWEST: 50 ON 19 3 = THUNDER
SNOW, ICE PELLETS, HAIL 4 = ICE PELLETS
TOTAL MONTH: M 5 = HAIL
GRTST 24HR M ON M 6 = FREEZING RAIN OR DRIZZLE
GRTST DEPTH: M ON M 7 = DUSTSTORM OR SANDSTORM:
VSBY 1/2 MILE OR LESS
8 = SMOKE OR HAZE
[NO. OF DAYS WITH] [WEATHER - DAYS WITH] 9 = BLOWING SNOW
X = TORNADO
MAX 32 OR BELOW: 0 0.01 INCH OR MORE: 7
MAX 90 OR ABOVE: 10 0.10 INCH OR MORE: 2
MIN 32 OR BELOW: 0 0.50 INCH OR MORE: 0
MIN 0 OR BELOW: 0 1.00 INCH OR MORE: 0
[HDD (BASE 65) ]
TOTAL THIS MO. 0 CLEAR (SCALE 0-3) 20
DPTR FM NORMAL -11 PTCLDY (SCALE 4-7) 10
TOTAL FM JUL 1 5158 CLOUDY (SCALE 8-10) 0
DPTR FM NORMAL -232
[CDD (BASE 65) ]
TOTAL THIS MO. 290
DPTR FM NORMAL 48 [PRESSURE DATA]
TOTAL FM JAN 1 451 HIGHEST SLP 30.28 ON 28
DPTR FM NORMAL 99 LOWEST SLP 29.66 ON 6
[REMARKS]
#FINAL-06-22#