000
CXUS56 KOTX 280910
CF6DEW
PRELIMINARY LOCAL CLIMATOLOGICAL DATA (WS FORM: F-6)
STATION: DEER_PARK WA AIRPORT
MONTH: MARCH
YEAR: 2024
LATITUDE: 47 58 N
LONGITUDE: 117 25 W
TEMPERATURE IN F: :PCPN: SNOW: WIND :SUNSHINE: SKY :PK WND
================================================================================
1 2 3 4 5 6A 6B 7 8 9 10 11 12 13 14 15 16 17 18
12Z AVG MX 2MIN
DY MAX MIN AVG DEP HDD CDD WTR SNW DPTH SPD SPD DIR MIN PSBL S-S WX SPD DR
================================================================================
1 45 26 36 3 29 0 0.03 M M 7.3 20 200 M M 7 1 25 200
2 37 20 29 -5 36 0 0.20 M M 7.7 22 210 M M 6 1 30 210
3 39 12 26 -8 39 0 T M M 2.6 17 200 M M 4 128 20 200
4 35 18 27 -7 38 0 0.20 M M 6.7 18 210 M M 8 12 24 210
5 38 8 23 -11 42 0 0.01 M M 1.8 7 170 M M 1 12 9 160
6 40 9 25 -10 40 0 0.00 M M 1.4 8 190 M M 0 11 210
7 42 13 28 -7 37 0 0.00 M M 2.6 14 230 M M 0 17 230
8 47 18 33 -2 32 0 0.00 M M 4.3 13 30 M M 3 16 30
9 50 32 41 5 24 0 T M M 8.6 24 200 M M 4 34 230
10 49 30 40 4 25 0 0.06 M M 8.3 31 180 M M 8 49 200
11 45 31 38 2 27 0 0.13 M M 5.3 13 210 M M 7 1 18 210
12 50 31 41 4 24 0 0.13 M M 8.1 21 240 M M 8 30 240
13 48 25 37 0 28 0 0.00 M M 4.5 12 170 M M 5 1 15 160
14 54 22 38 1 27 0 0.00 M M 1.3 8 230 M M 0 11 230
15 61 26 44 6 21 0 0.00 M M 3.9 13 10 M M 0 16 10
16 71 38 55 17 10 0 0.00 M M 7.5 14 10 M M 0 19 30
17 71 36 54 16 11 0 0.00 M M 3.8 14 20 M M 0 19 30
18 70 29 50 12 15 0 0.00 M M 1.3 9 240 M M 0 18 12 210
19 70 30 50 11 15 0 0.00 M M 3.0 13 220 M M 0 18 20 210
20 66 34 50 11 15 0 0.00 M M 5.8 18 220 M M 0 26 220
21 57 36 47 8 18 0 0.00 M M 8.7 22 200 M M 8 30 200
22 58 30 44 5 21 0 T M M 4.8 15 30 M M 4 22 30
23 48 36 42 2 23 0 0.07 M M 5.6 15 40 M M 9 1 21 30
24 46 25 36 -4 29 0 0.03 M M 9.0 20 60 M M 7 1 26 70
25 45 21 33 -7 32 0 0.00 M M 1.6 8 150 M M 7 1 13 170
26 51 28 40 0 25 0 0.00 M M 3.9 21 320 M M 8 1 28 330
27 49 25 37 -3 28 0 0.45 M M 4.5 15 180 M M 7 1 19 180
================================================================================
SM 1382 689 711 0 1.31 M 133.9 M 111
================================================================================
AV 51.2 25.5 5.0 FASTST M M 4 MAX(MPH)
MISC ----> 31 180 49 200
================================================================================
NOTES:
# LAST OF SEVERAL OCCURRENCES
COLUMN 17 PEAK WIND IN M.P.H.
PRELIMINARY LOCAL CLIMATOLOGICAL DATA (WS FORM: F-6) , PAGE 2
STATION: DEER_PARK WA AIRPORT
MONTH: MARCH
YEAR: 2024
LATITUDE: 47 58 N
LONGITUDE: 117 25 W
[TEMPERATURE DATA] [PRECIPITATION DATA] SYMBOLS USED IN COLUMN 16
AVERAGE MONTHLY: 38.4 TOTAL FOR MONTH: 1.31 1 = FOG OR MIST
DPTR FM NORMAL: 1.3 DPTR FM NORMAL: -0.67 2 = FOG REDUCING VISIBILITY
HIGHEST: 71 ON 17,16 GRTST 24HR 0.45 ON 27-27 TO 1/4 MILE OR LESS
LOWEST: 8 ON 5 3 = THUNDER
SNOW, ICE PELLETS, HAIL 4 = ICE PELLETS
TOTAL MONTH: M 5 = HAIL
GRTST 24HR M ON M 6 = FREEZING RAIN OR DRIZZLE
GRTST DEPTH: M ON M 7 = DUSTSTORM OR SANDSTORM:
VSBY 1/2 MILE OR LESS
8 = SMOKE OR HAZE
[NO. OF DAYS WITH] [WEATHER - DAYS WITH] 9 = BLOWING SNOW
X = TORNADO
MAX 32 OR BELOW: 0 0.01 INCH OR MORE: 10
MAX 90 OR ABOVE: 0 0.10 INCH OR MORE: 5
MIN 32 OR BELOW: 22 0.50 INCH OR MORE: 0
MIN 0 OR BELOW: 0 1.00 INCH OR MORE: 0
[HDD (BASE 65) ]
TOTAL THIS MO. 711 CLEAR (SCALE 0-3) 10
DPTR FM NORMAL -44 PTCLDY (SCALE 4-7) 15
TOTAL FM JUL 1 5434 CLOUDY (SCALE 8-10) 2
DPTR FM NORMAL -568
[CDD (BASE 65) ]
TOTAL THIS MO. 0
DPTR FM NORMAL 0 [PRESSURE DATA]
TOTAL FM JAN 1 0 HIGHEST SLP M ON M
DPTR FM NORMAL 0 LOWEST SLP 29.26 ON 2
[REMARKS]