000
CXUS56 KOTX 011010
CF6DEW
PRELIMINARY LOCAL CLIMATOLOGICAL DATA (WS FORM: F-6)
STATION: DEER_PARK WA AIRPORT
MONTH: FEBRUARY
YEAR: 2022
LATITUDE: 47 58 N
LONGITUDE: 117 25 W
TEMPERATURE IN F: :PCPN: SNOW: WIND :SUNSHINE: SKY :PK WND
================================================================================
1 2 3 4 5 6A 6B 7 8 9 10 11 12 13 14 15 16 17 18
12Z AVG MX 2MIN
DY MAX MIN AVG DEP HDD CDD WTR SNW DPTH SPD SPD DIR MIN PSBL S-S WX SPD DR
================================================================================
1 30 8 19 -10 46 0 0.00 M M 4.2 22 310 M M 4 1 31 300
2 22 3 13 -16 52 0 0.04 M M 3.4 15 50 M M 4 1 17 50
3 27 18 23 -6 42 0 0.00 M M 4.8 9 60 M M 10 1 13 60
4 34 27 31 2 34 0 0.01 M M 3.5 13 220 M M 10 1 16 230
5 36 18 27 -2 38 0 0.00 M M 3.7 10 210 M M 7 128 12 190
6 42 15 29 0 36 0 0.00 M M 2.3 7 40 M M 3 128 7 10
7 41 16 29 0 36 0 0.00 M M 4.4 18 190 M M 2 128 21 210
8 41 16 29 0 36 0 0.00 M M 1.3 6 80 M M 5 128 7 220
9 46 22 34 5 31 0 0.00 M M 1.2 7 300 M M 4 12 8 300
10 41 22 32 3 33 0 0.00 M M 0.5 8 20 M M 5 12 11 150
11 49 16 33 4 32 0 0.00 M M 4.0 15 50 M M 3 128 18 50
12 44 12 28 -2 37 0 0.00 M M 0.8 6 350 M M 0 6 40
13 43 10 27 -3 38 0 0.00 M M 1.1 7 70 M M 0 8 70
14 38 26 32 2 33 0 0.06 M M 2.7 10 220 M M 7 1 12 210
15 37 24 31 1 34 0 0.00 M M 1.6 12 180 M M 8 12 12 170
16 45 18 32 2 33 0 0.00 M M 3.3 13 320 M M 2 12 16 310
17 39 18 29 -1 36 0 T M M 5.7 12 180 M M 6 14 220
18 45 21 33 3 32 0 0.00 M M 2.1 7 290 M M 4 12 8 290
19 42 22 32 1 33 0 0.00 M M 6.3 20 200 M M 4 1 M M
20 40 24 32 1 33 0 0.00 M M 4.7 14 200 M M 3 17 190
21 30 12 21 -10 44 0 T M M 16.1 29 50 M M 6 1 38 50
22 19 2 11 -20 54 0 0.00 M M 14.7 29 50 M M 0 35 50
23 20 -3 9 -23 56 0 T M M 5.0 12 200 M M 4 18 17 250
24 27 10 19 -13 46 0 T M M 4.4 9 160 M M 4 18 12 220
25 29 2 16 -16 49 0 0.00 M M 2.0 8 150 M M 3 1 18 40
26 37 9 23 -9 42 0 0.00 M M 4.1 13 40 M M 1 16 30
27 36 26 31 -2 34 0 0.38 M M 2.5 12 40 M M 10 16 16 210
28 45 34 40 7 25 0 1.21 M M 4.1 13 200 M M 10 12 19 180
================================================================================
SM 1025 448 1075 0 1.70 M 114.5 M 129
================================================================================
AV 36.6 16.0 4.1 FASTST M M 5 MAX(MPH)
MISC ----> # 29 50 38 50
================================================================================
NOTES:
# LAST OF SEVERAL OCCURRENCES
COLUMN 17 PEAK WIND IN M.P.H.
PRELIMINARY LOCAL CLIMATOLOGICAL DATA (WS FORM: F-6) , PAGE 2
STATION: DEER_PARK WA AIRPORT
MONTH: FEBRUARY
YEAR: 2022
LATITUDE: 47 58 N
LONGITUDE: 117 25 W
[TEMPERATURE DATA] [PRECIPITATION DATA] SYMBOLS USED IN COLUMN 16
AVERAGE MONTHLY: 26.3 TOTAL FOR MONTH: 1.70 1 = FOG OR MIST
DPTR FM NORMAL: -3.9 DPTR FM NORMAL: 0.07 2 = FOG REDUCING VISIBILITY
HIGHEST: 49 ON 11 GRTST 24HR 1.48 ON 27-28 TO 1/4 MILE OR LESS
LOWEST: -3 ON 23 3 = THUNDER
SNOW, ICE PELLETS, HAIL 4 = ICE PELLETS
TOTAL MONTH: M 5 = HAIL
GRTST 24HR M ON M 6 = FREEZING RAIN OR DRIZZLE
GRTST DEPTH: M ON M 7 = DUSTSTORM OR SANDSTORM:
VSBY 1/2 MILE OR LESS
8 = SMOKE OR HAZE
[NO. OF DAYS WITH] [WEATHER - DAYS WITH] 9 = BLOWING SNOW
X = TORNADO
MAX 32 OR BELOW: 8 0.01 INCH OR MORE: 5
MAX 90 OR ABOVE: 0 0.10 INCH OR MORE: 2
MIN 32 OR BELOW: 27 0.50 INCH OR MORE: 1
MIN 0 OR BELOW: 1 1.00 INCH OR MORE: 1
[HDD (BASE 65) ]
TOTAL THIS MO. 1075 CLEAR (SCALE 0-3) 8
DPTR FM NORMAL 101 PTCLDY (SCALE 4-7) 16
TOTAL FM JUL 1 5199 CLOUDY (SCALE 8-10) 4
DPTR FM NORMAL -47
[CDD (BASE 65) ]
TOTAL THIS MO. 0
DPTR FM NORMAL 0 [PRESSURE DATA]
TOTAL FM JAN 1 0 HIGHEST SLP M ON M
DPTR FM NORMAL 0 LOWEST SLP 29.74 ON 20
[REMARKS]
#FINAL-02-22#