000
CXUS53 KIWX 010910
CF6DFI
PRELIMINARY LOCAL CLIMATOLOGICAL DATA (WS FORM: F-6)
STATION: DEFIANCE MEMORIAL
MONTH: FEBRUARY
YEAR: 2022
LATITUDE: 41 20 N
LONGITUDE: 84 26 W
TEMPERATURE IN F: :PCPN: SNOW: WIND :SUNSHINE: SKY :PK WND
================================================================================
1 2 3 4 5 6A 6B 7 8 9 10 11 12 13 14 15 16 17 18
12Z AVG MX 2MIN
DY MAX MIN AVG DEP HDD CDD WTR SNW DPTH SPD SPD DIR MIN PSBL S-S WX SPD DR
================================================================================
1 50 21 36 11 29 0 T M M 7.2 18 200 M M 5 28 180
2 42 27 35 10 30 0 0.37 M M 8.5 20 20 M M 10 18 31 30
3 27 18 23 -2 42 0 T M M 16.0 22 30 M M 10 18 35 30
4 21 9 15 -11 50 0 T M M 6.7 17 20 M M 6 8 24 10
5 18 11 15 -11 50 0 T M M 5.4 10 200 M M 6 18 15 200
6 32 14 23 -3 42 0 0.00 M M 9.6 16 190 M M 0 24 200
7 29 20 25 -1 40 0 0.00 M M 8.0 13 250 M M 7 8 20 230
8 34 13 24 -2 41 0 0.00 M M 6.6 14 170 M M 5 18 19 180
9 43 34 39 13 26 0 T M M 10.6 16 240 M M 4 30 240
10 37 29 33 7 32 0 T M M 8.8 20 230 M M 9 18 26 220
11 40 29 35 8 30 0 0.13 M M 12.7 20 200 M M 8 1 31 200
12 37 21 29 2 36 0 T M M 9.6 22 320 M M 10 8 28 290
13 22 12 17 -10 48 0 T M M 4.6 13 300 M M 6 8 17 300
14 23 11 17 -10 48 0 0.00 M M 3.6 12 210 M M 4 16 210
15 32 11 22 -6 43 0 0.00 M M 5.0 16 120 M M 0 21 110
16 52 27 40 12 25 0 0.01 M M 15.0 26 210 M M 4 38 200
17 53 24 39 11 26 0 0.87 M M 12.9 24 20 M M 10 126 33 20
18 31 17 24 -4 41 0 T M M 12.5 25 220 M M 5 38 210
19 33 12 23 -6 42 0 T M M 13.7 29 300 M M 5 43 300
20 48 15 32 3 33 0 0.00 M M 11.5 22 200 M M 0 30 210
21 57 32 45 16 20 0 0.00 M M 6.2 12 170 M M 2 16 170
22 59 35 47 17 18 0 0.29 M M 10.8 21 170 M M 10 13 38 250
23 35 26 31 1 34 0 0.00 M M 11.8 21 300 M M 10 32 300
24 29 23 26 -4 39 0 0.06 M M 12.4 21 60 M M 10 16 32 80
25 27 20 24 -6 41 0 T M M 7.3 16 310 M M 9 18 21 310
26 31 12 22 -9 43 0 0.00 M M 7.9 16 230 M M 1 23 250
27 44 25 35 4 30 0 0.00 M M 8.4 15 290 M M 0 28 260
28 45 25 35 3 30 0 0.00 M M 7.9 14 170 M M 2 22 150
================================================================================
SM 1031 573 1009 0 1.73 M 261.2 M 158
================================================================================
AV 36.8 20.5 9.3 FASTST M M 6 MAX(MPH)
MISC ----> 29 300 43 300
================================================================================
NOTES:
# LAST OF SEVERAL OCCURRENCES
COLUMN 17 PEAK WIND IN M.P.H.
PRELIMINARY LOCAL CLIMATOLOGICAL DATA (WS FORM: F-6) , PAGE 2
STATION: DEFIANCE MEMORIAL
MONTH: FEBRUARY
YEAR: 2022
LATITUDE: 41 20 N
LONGITUDE: 84 26 W
[TEMPERATURE DATA] [PRECIPITATION DATA] SYMBOLS USED IN COLUMN 16
AVERAGE MONTHLY: 28.6 TOTAL FOR MONTH: 1.73 1 = FOG OR MIST
DPTR FM NORMAL: 0.8 DPTR FM NORMAL: 0.08 2 = FOG REDUCING VISIBILITY
HIGHEST: 59 ON 22 GRTST 24HR 0.87 ON 17-17 TO 1/4 MILE OR LESS
LOWEST: 9 ON 4 3 = THUNDER
SNOW, ICE PELLETS, HAIL 4 = ICE PELLETS
TOTAL MONTH: M 5 = HAIL
GRTST 24HR M ON M 6 = FREEZING RAIN OR DRIZZLE
GRTST DEPTH: M ON M 7 = DUSTSTORM OR SANDSTORM:
VSBY 1/2 MILE OR LESS
8 = SMOKE OR HAZE
[NO. OF DAYS WITH] [WEATHER - DAYS WITH] 9 = BLOWING SNOW
X = TORNADO
MAX 32 OR BELOW: 12 0.01 INCH OR MORE: 6
MAX 90 OR ABOVE: 0 0.10 INCH OR MORE: 4
MIN 32 OR BELOW: 26 0.50 INCH OR MORE: 1
MIN 0 OR BELOW: 0 1.00 INCH OR MORE: 0
[HDD (BASE 65) ]
TOTAL THIS MO. 1009 CLEAR (SCALE 0-3) 7
DPTR FM NORMAL -33 PTCLDY (SCALE 4-7) 11
TOTAL FM JUL 1 4099 CLOUDY (SCALE 8-10) 10
DPTR FM NORMAL -512
[CDD (BASE 65) ]
TOTAL THIS MO. 0
DPTR FM NORMAL 0 [PRESSURE DATA]
TOTAL FM JAN 1 0 HIGHEST SLP 30.58 ON 15
DPTR FM NORMAL 0 LOWEST SLP 29.60 ON 22
[REMARKS]
#FINAL-02-22#