000
CXUS54 KFWD 010733
CLMDFW
CLIMATE REPORT
NATIONAL WEATHER SERVICE FORT WORTH TX
233 AM CDT SAT JUL 01 2023
...................................
...THE DALLAS/FORT WORTH CLIMATE SUMMARY FOR THE MONTH OF JUNE 2023...
CLIMATE NORMAL PERIOD 1991 TO 2020
CLIMATE RECORD PERIOD 1898 TO 2023
WEATHER OBSERVED NORMAL DEPART LAST YEAR`S
VALUE DATE(S) VALUE FROM VALUE DATE(S)
NORMAL
................................................................
TEMPERATURE (F)
RECORD
HIGH 113 06/27/1980
06/26/1980
LOW 48 06/01/1903
HIGHEST 102 06/27 99 3 103 06/11
06/24
LOWEST 66 06/04 61 5 65 06/02
AVG. MAXIMUM 94.2 91.5 2.7 96.2
AVG. MINIMUM 73.9 72.2 1.7 76.0
MEAN 84.0 81.9 2.1 86.1
DAYS MAX >= 90 25 22.3 2.7 25
DAYS MAX <= 32 0 0.0 0.0 0
DAYS MAX >= 100 5 9
DAYS MIN <= 32 0 0.0 0.0 0
DAYS MIN <= 0 0 0.0 0.0 0
DAYS MIN >= 80 6 7
PRECIPITATION (INCHES)
RECORD
MAXIMUM 11.58 1928
MINIMUM T 1952
TOTALS 0.78 3.70 -2.92 2.64
DAILY AVG. 0.03 0.12 -0.09 0.09
DAYS >= .01 4 7.2 -3.2 3
DAYS >= .10 2 5.3 -3.3 3
DAYS >= .50 1 2.7 -1.7 1
DAYS >= 1.00 0 1.1 -1.1 1
GREATEST
24 HR. TOTAL 0.55 06/13 TO 06/13 2.53
DEGREE DAYS
HEATING TOTAL 0 0 0 0
SINCE 7/1 1839 2218 -379 MM
COOLING TOTAL 577 506 71 640
SINCE 1/1 1081 943 138 MM
................................................................
WIND (MPH)
AVERAGE WIND SPEED 9.3
HIGHEST WIND SPEED/DIRECTION 29/290 DATE 06/02
HIGHEST GUST SPEED/DIRECTION 40/290 DATE 06/02
SKY COVER
POSSIBLE SUNSHINE (PERCENT) MM
AVERAGE SKY COVER 0.49
NUMBER OF DAYS FAIR 8
NUMBER OF DAYS PC 18
NUMBER OF DAYS CLOUDY 4
AVERAGE RH (PERCENT) 66
WEATHER CONDITIONS. NUMBER OF DAYS WITH
THUNDERSTORM 12 MIXED PRECIP 0
HEAVY RAIN 2 RAIN 1
LIGHT RAIN 8 FREEZING RAIN 0
LT FREEZING RAIN 0 HAIL 0
HEAVY SNOW 0 SNOW 0
LIGHT SNOW 0 SLEET 0
FOG 4 FOG W/VIS <= 1/4 MILE 1
HAZE 4
- INDICATES NEGATIVE NUMBERS.
R INDICATES RECORD WAS SET OR TIED.
MM INDICATES DATA IS MISSING.
T INDICATES TRACE AMOUNT.
$$