000
CXUS54 KAMA 011653
CLMDHT
CLIMATE REPORT
NATIONAL WEATHER SERVICE AMARILLO
1053 AM CST THU FEB 01 2024
...................................
...THE DALHART CLIMATE SUMMARY FOR THE MONTH OF JANUARY 2024...
CLIMATE NORMAL PERIOD: 1991 TO 2020
CLIMATE RECORD PERIOD: 1948 TO 2024
WEATHER OBSERVED NORMAL DEPART LAST YEAR`S
VALUE DATE(S) VALUE FROM VALUE DATE(S)
NORMAL
................................................................
TEMPERATURE (F)
RECORD
HIGH 82 01/05/1956
LOW -21 01/04/1959
HIGHEST 68 01/31 72 01/10
01/14
LOWEST 2 01/13 7 01/30
01/14
01/16
AVG. MAXIMUM 45.8 51.3 -5.5 50.7
AVG. MINIMUM 18.9 21.4 -2.5 22.4
MEAN 32.4 36.3 -3.9 36.5
DAYS MAX >= 90 0 0.0 0.0 0
DAYS MAX <= 32 4 2.8 1.2 3
DAYS MIN <= 32 30 29.1 0.9 28
DAYS MIN <= 0 0 0.2 -0.2 0
PRECIPITATION (INCHES)
TOTALS 0.58 0.47 0.11 0.17
DAILY AVG. 0.02 0.02 0.00 0.01
DAYS >= .01 4 2.9 1.1 MM
DAYS >= .10 1 1.2 -0.2 MM
DAYS >= .50 0 0.2 -0.2 MM
DAYS >= 1.00 0 0.1 -0.1 MM
GREATEST
24 HR. TOTAL 0.57 01/04 TO 01/05
SNOWFALL (INCHES)
TOTALS MM 4.2 MM MM
SINCE 7/1 MM 12.4 MM MM
DAYS >= TRACE 0 1.8 -1.8
DAYS >= 1.0 0 1.2 -1.2 MM
GREATEST
SNOW DEPTH MM
24 HR TOTAL MM
DEGREE DAYS
HEATING TOTAL 1006 888 118 875
SINCE 7/1 2544 2688 -144 MM
COOLING TOTAL 0 0 0 0
SINCE 1/1 0 0 0 MM
................................................................
WIND (MPH)
AVERAGE WIND SPEED 10.4
HIGHEST WIND SPEED/DIRECTION 44/350 DATE 01/08
HIGHEST GUST SPEED/DIRECTION 66/360 DATE 01/08
SKY COVER
POSSIBLE SUNSHINE (PERCENT) MM
NUMBER OF DAYS FAIR 24
NUMBER OF DAYS PC 5
NUMBER OF DAYS CLOUDY 2
AVERAGE RH (PERCENT) 64
WEATHER CONDITIONS. NUMBER OF DAYS WITH
THUNDERSTORM 0 MIXED PRECIP 0
HEAVY RAIN 0 RAIN 0
LIGHT RAIN 1 FREEZING RAIN 0
LT FREEZING RAIN 0 HEAVY SNOW 1
SNOW 2 LIGHT SNOW 6
SLEET 0 FOG 9
FOG W/VIS <= 1/4 MILE 6 HAZE 6
- INDICATES NEGATIVE NUMBERS.
R INDICATES RECORD WAS SET OR TIED.
MM INDICATES DATA IS MISSING.
T INDICATES TRACE AMOUNT.
$$