000
CXUS53 KDLH 020002
CF6DLH
PRELIMINARY LOCAL CLIMATOLOGICAL DATA (WS FORM: F-6)
STATION: DULUTH
MONTH: MARCH
YEAR: 2022
LATITUDE: 46 49 N
LONGITUDE: 92 11 W
TEMPERATURE IN F: :PCPN: SNOW: WIND :SUNSHINE: SKY :PK WND
================================================================================
1 2 3 4 5 6A 6B 7 8 9 10 11 12 13 14 15 16 17 18
12Z AVG MX 2MIN
DY MAX MIN AVG DEP HDD CDD WTR SNW DPTH SPD SPD DIR MIN PSBL S-S WX SPD DR
================================================================================
1 33 12 23 2 42 0 0.00 0.0 18 6.8 14 280 M M 1 21 350
2 25 7 16 -5 49 0 T T 18 9.2 17 330 M M 4 8 25 330
3 21 -2 10 -12 55 0 0.00 0.0 18 8.7 15 280 M M 0 20 290
4 25 6 16 -6 49 0 0.00 0.0 18 10.3 22 90 M M 7 8 29 90
5 28 25 27 4 38 0 T T 17 11.0 24 80 M M 10 16 29 80
6 30 23 27 4 38 0 0.03 0.2 17 12.0 18 330 M M 10 16 28 320
7 31 14 23 0 42 0 T T 17 10.7 20 270 M M 3 26 270
8 34 15 25 1 40 0 T T 17 15.3 29 260 M M 5 38 240
9 21 -3 9 -15 56 0 T T 17 15.7 24 270 M M 4 33 300
10 17 -9 4 -21 61 0 0.00 0.0 17 12.7 29 260 M M 2 36 260
11 17 -6 6 -19 59 0 T T 17 19.6 30 290 M M 5 89 41 290
12 15 -13 1 -25 64 0 0.06 0.6 17 9.9 20 200 M M 3 18 24 210
13 33 15 24 -2 41 0 0.01 T 18 12.0 25 310 M M 6 89 37 290
14 37 19 28 2 37 0 0.00 0.0 18 3.5 9 20 M M 4 13 10
15 46 15 31 4 34 0 0.00 0.0 17 12.8 25 240 M M 3 34 220
16 49 38 44 17 21 0 0.03 0.0 15 8.5 16 240 M M 7 21 300
17 43 31 37 9 28 0 0.00 0.0 13 10.4 21 310 M M 7 1 34 320
18 34 26 30 2 35 0 0.00 0.0 9 7.8 14 120 M M 8 12 19 110
19 47 24 36 8 29 0 T T 9 4.7 12 280 M M 5 128 16 250
20 55 24 40 11 25 0 0.00 0.0 7 4.5 12 80 M M 1 14 80
21 41 31 36 7 29 0 0.02 T 6 20.9 32 80 M M 7 6 48 80
22 32 30 31 2 34 0 0.45 1.5 8 17.2 26 90 M M 10 146 36 90
23 34 29 32 2 33 0 0.07 1.2 8 13.2 23 50 M M 10 16 34 60
24 47 30 39 9 26 0 T T 8 6.4 14 40 M M 4 1 19 40
25 37 16 27 -4 38 0 0.01 0.1 7 18.1 30 320 M M 9 19 46 320
26 25 11 18 -13 47 0 T T 7 15.3 29 340 M M 4 42 340
27 23 3 13 -18 52 0 0.00 0.0 7 8.5 20 290 M M 0 26 280
28 29 3 16 -16 49 0 0.00 0.0 7 6.3 14 110 M M 1 18 140
29 36 24 30 -2 35 0 0.05 T 6 12.9 20 110 M M 10 16 27 120
30 34 29 32 0 33 0 0.42 3.3 9 10.7 21 20 M M 10 1246 31 360
31 33 16 25 -8 40 0 T T 9 11.6 25 360 M M 7 39 360
================================================================================
SM 1012 483 1259 0 1.15 6.9 347.2 M 167
================================================================================
AV 32.6 15.6 11.2 FASTST M M 5 MAX(MPH)
MISC ----> 32 80 48 80
================================================================================
NOTES:
# LAST OF SEVERAL OCCURRENCES
COLUMN 17 PEAK WIND IN M.P.H.
PRELIMINARY LOCAL CLIMATOLOGICAL DATA (WS FORM: F-6) , PAGE 2
STATION: DULUTH
MONTH: MARCH
YEAR: 2022
LATITUDE: 46 49 N
LONGITUDE: 92 11 W
[TEMPERATURE DATA] [PRECIPITATION DATA] SYMBOLS USED IN COLUMN 16
AVERAGE MONTHLY: 24.1 TOTAL FOR MONTH: 1.15 1 = FOG OR MIST
DPTR FM NORMAL: -2.9 DPTR FM NORMAL: -0.31 2 = FOG REDUCING VISIBILITY
HIGHEST: 55 ON 20 GRTST 24HR 0.47 ON 29-30 TO 1/4 MILE OR LESS
LOWEST: -13 ON 12 3 = THUNDER
SNOW, ICE PELLETS, HAIL 4 = ICE PELLETS
TOTAL MONTH: 6.9 INCHES 5 = HAIL
GRTST 24HR 3.3 ON 30-30 6 = FREEZING RAIN OR DRIZZLE
GRTST DEPTH: 18 ON 4, 3 7 = DUSTSTORM OR SANDSTORM:
VSBY 1/2 MILE OR LESS
8 = SMOKE OR HAZE
[NO. OF DAYS WITH] [WEATHER - DAYS WITH] 9 = BLOWING SNOW
X = TORNADO
MAX 32 OR BELOW: 14 0.01 INCH OR MORE: 10
MAX 90 OR ABOVE: 0 0.10 INCH OR MORE: 2
MIN 32 OR BELOW: 30 0.50 INCH OR MORE: 0
MIN 0 OR BELOW: 5 1.00 INCH OR MORE: 0
[HDD (BASE 65) ]
TOTAL THIS MO. 1259 CLEAR (SCALE 0-3) 7
DPTR FM NORMAL 81 PTCLDY (SCALE 4-7) 17
TOTAL FM JUL 1 7847 CLOUDY (SCALE 8-10) 7
DPTR FM NORMAL 57
[CDD (BASE 65) ]
TOTAL THIS MO. 0
DPTR FM NORMAL 0 [PRESSURE DATA]
TOTAL FM JAN 1 0 HIGHEST SLP 30.54 ON 3
DPTR FM NORMAL 0 LOWEST SLP 29.51 ON 30
[REMARKS]
#FINAL-03-22#