000
CXUS53 KDLH 290625
CF6DLH
PRELIMINARY LOCAL CLIMATOLOGICAL DATA (WS FORM: F-6)
STATION: DULUTH
MONTH: MARCH
YEAR: 2024
LATITUDE: 46 49 N
LONGITUDE: 92 11 W
TEMPERATURE IN F: :PCPN: SNOW: WIND :SUNSHINE: SKY :PK WND
================================================================================
1 2 3 4 5 6A 6B 7 8 9 10 11 12 13 14 15 16 17 18
12Z AVG MX 2MIN
DY MAX MIN AVG DEP HDD CDD WTR SNW DPTH SPD SPD DIR MIN PSBL S-S WX SPD DR
================================================================================
1 54 25 40 19 25 0 0.00 0.0 0 11.4 24 220 M M 0 32 230
2 49 26 38 17 27 0 0.00 0.0 0 10.6 25 80 M M 2 35 90
3 42 35 39 17 26 0 0.04 0.0 0 16.6 25 260 M M 7 138 34 90
4 41 25 33 11 32 0 0.00 0.0 0 13.3 23 250 M M 1 35 250
5 44 18 31 8 34 0 0.00 0.0 0 5.9 12 130 M M 2 17 340
6 37 26 32 9 33 0 0.00 0.0 0 13.8 24 80 M M 5 34 100
7 42 24 33 10 32 0 0.00 0.0 0 10.6 18 220 M M 7 25 130
8 35 17 26 2 39 0 0.00 0.0 0 8.5 16 340 M M 2 27 330
9 38 17 28 4 37 0 0.00 0.0 0 11.4 20 320 M M 1 29 340
10 46 13 30 5 35 0 0.00 0.0 0 6.2 14 210 M M 0 18 210
11 63 30 47 22 18 0 0.00 0.0 0 5.8 13 300 M M 0 18 300
12 64 34 49 23 16 0 0.00 0.0 0 9.2 18 300 M M 1 27 310
13 57 30 44 18 21 0 0.00 0.0 0 4.8 12 330 M M 4 16 330
14 48 27 38 12 27 0 0.00 0.0 0 8.8 18 110 M M 1 25 90
15 49 24 37 10 28 0 T 0.0 0 11.6 25 240 M M 5 33 230
16 46 22 34 7 31 0 0.02 0.2 T 17.3 28 310 M M 9 18 41 310
17 26 15 21 -7 44 0 T 0.1 T 17.5 26 350 M M 9 40 350
18 35 13 24 -4 41 0 T T 0 13.2 22 240 M M 6 33 260
19 41 18 30 2 35 0 0.00 0.0 0 17.1 29 320 M M 4 42 320
20 25 9 17 -12 48 0 0.00 0.0 0 11.8 20 310 M M 2 30 310
21 31 10 21 -8 44 0 0.00 0.0 0 4.5 10 270 M M 4 15 280
22 33 16 25 -4 40 0 0.02 0.7 0 7.5 18 280 M M 5 1 26 300
23 32 7 20 -10 45 0 0.00 0.0 0 5.6 16 280 M M 3 23 300
24 30 22 26 -4 39 0 0.49 5.1 5 12.7 20 100 M M 10 169 31 100
25 32 29 31 0 34 0 0.59 6.4 10 18.6 31 70 M M 10 159 41 60
26 30 17 24 -7 41 0 0.59 5.4 13 15.2 23 340 M M 10 169 34 350
27 24 14 19 -12 46 0 0.05 0.8 13 16.7 25 270 M M 9 189 34 260
28 35 14 25 -7 40 0 0.00 T 11 13.5 25 270 M M 2 34 290
================================================================================
SM 1129 577 958 0 1.80 18.7 319.7 M 121
================================================================================
AV 40.3 20.6 11.4 FASTST M M 4 MAX(MPH)
MISC ----> 31 70 42 320
================================================================================
NOTES:
# LAST OF SEVERAL OCCURRENCES
COLUMN 17 PEAK WIND IN M.P.H.
PRELIMINARY LOCAL CLIMATOLOGICAL DATA (WS FORM: F-6) , PAGE 2
STATION: DULUTH
MONTH: MARCH
YEAR: 2024
LATITUDE: 46 49 N
LONGITUDE: 92 11 W
[TEMPERATURE DATA] [PRECIPITATION DATA] SYMBOLS USED IN COLUMN 16
AVERAGE MONTHLY: 30.5 TOTAL FOR MONTH: 1.80 1 = FOG OR MIST
DPTR FM NORMAL: 4.0 DPTR FM NORMAL: 0.51 2 = FOG REDUCING VISIBILITY
HIGHEST: 64 ON 12 GRTST 24HR 0.76 ON 24-25 TO 1/4 MILE OR LESS
LOWEST: 7 ON 23 3 = THUNDER
SNOW, ICE PELLETS, HAIL 4 = ICE PELLETS
TOTAL MONTH: 18.7 INCHES 5 = HAIL
GRTST 24HR 6.4 ON 25-25 6 = FREEZING RAIN OR DRIZZLE
GRTST DEPTH: 13 ON 27,26 7 = DUSTSTORM OR SANDSTORM:
VSBY 1/2 MILE OR LESS
8 = SMOKE OR HAZE
[NO. OF DAYS WITH] [WEATHER - DAYS WITH] 9 = BLOWING SNOW
X = TORNADO
MAX 32 OR BELOW: 8 0.01 INCH OR MORE: 7
MAX 90 OR ABOVE: 0 0.10 INCH OR MORE: 3
MIN 32 OR BELOW: 26 0.50 INCH OR MORE: 2
MIN 0 OR BELOW: 0 1.00 INCH OR MORE: 0
[HDD (BASE 65) ]
TOTAL THIS MO. 958 CLEAR (SCALE 0-3) 13
DPTR FM NORMAL -123 PTCLDY (SCALE 4-7) 9
TOTAL FM JUL 1 6459 CLOUDY (SCALE 8-10) 6
DPTR FM NORMAL -1234
[CDD (BASE 65) ]
TOTAL THIS MO. 0
DPTR FM NORMAL 0 [PRESSURE DATA]
TOTAL FM JAN 1 0 HIGHEST SLP M ON M
DPTR FM NORMAL 0 LOWEST SLP 29.37 ON 3
[REMARKS]