000
CXUS53 KDLH 042359
CLSDLH
CLIMATE REPORT
NATIONAL WEATHER SERVICE DULUTH MN
659 PM CDT SAT JUN 04 2022
...................................
...THE DULUTH CLIMATE SUMMARY FOR THE SEASON, FROM
3/1/2022 TO 5/31/2022...
CLIMATE NORMAL PERIOD: 1991 TO 2020
CLIMATE RECORD PERIOD: 1870 TO 2022
WEATHER OBSERVED NORMAL DEPART LAST YEAR`S
VALUE DATE(S) VALUE FROM VALUE DATE(S)
NORMAL
................................................................
TEMPERATURE (F)
RECORD
HIGH 95 05/30/1939
LOW -29 03/02/1989
HIGHEST 79 05/10 MM MM 83
LOWEST -13 03/12 MM MM 0
MEAN 36.8 39.5 -2.7 42.6
PRECIPITATION (INCHES)
RECORD
MAXIMUM 15.77 1894
MINIMUM 1.95 1900
TOTALS 9.96 7.36 2.60 7.43
SNOWFALL (INCHES)
RECORDS
TOTAL 76.6 2013
SNOW DEPTH 34 04/04/2014
TOTALS 26.1 22.7 3.4 11.0
SINCE 7/1 94.2 90.2 4.0 MM
SNOWDEPTH AVG. 6 2
DAYS >= 1.0 12 6.0 6.0 4
DAYS >= 1.0 12 4
GREATEST
SNOW DEPTH 18 03/02 12 03/01
03/03
03/04
03/02
DEGREE DAYS
HEATING TOTAL 2566 2351 215 2064
COOLING TOTAL 1 7 -6 20
................................................................
WIND (MPH)
AVERAGE WIND SPEED 11.4
HIGHEST WIND SPEED/DIRECTION 45/090
HIGHEST GUST SPEED/DIRECTION 58/090
SKY COVER
POSSIBLE SUNSHINE (PERCENT) MM
- INDICATES NEGATIVE NUMBERS.
R INDICATES RECORD WAS SET OR TIED.
MM INDICATES DATA IS MISSING.
T INDICATES TRACE AMOUNT.
$$