000
CXUS53 KEAX 010736
CF6DMO
PRELIMINARY LOCAL CLIMATOLOGICAL DATA (WS FORM: F-6)
STATION: SEDALIA MO
MONTH: SEPTEMBER
YEAR: 2021
LATITUDE: 38 42 N
LONGITUDE: 93 6 W
TEMPERATURE IN F: :PCPN: SNOW: WIND :SUNSHINE: SKY :PK WND
================================================================================
1 2 3 4 5 6A 6B 7 8 9 10 11 12 13 14 15 16 17 18
12Z AVG MX 2MIN
DY MAX MIN AVG DEP HDD CDD WTR SNW DPTH SPD SPD DIR MIN PSBL S-S WX SPD DR
================================================================================
1 85 66 76 3 0 11 0.00 M M 7.8 16 100 M M 4 21 110
2 86 63 75 3 0 10 0.00 M M 8.6 16 100 M M 0 23 90
3 86 69 78 6 0 13 0.02 M M 8.5 17 210 M M 5 24 220
4 77 65 71 -1 0 6 0.70 M M 5.9 14 280 M M 6 13 22 270
5 82 59 71 -1 0 6 0.00 M M M M M M M 1 12 M M
6 86 63 75 4 0 10 0.00 M M M M M M M 0 M M
7 89 68 79 8 0 14 0.00 M M 12.1 21 220 M M 1 31 220
8 83 59 71 1 0 6 0.00 M M 8.9 22 360 M M 0 32 330
9 83 56 70 0 0 5 0.00 M M 3.7 8 180 M M 0 11 250
10 89 60 75 5 0 10 0.00 M M 9.3 18 220 M M 1 26 210
11 88 72 80 10 0 15 0.00 M M 14.1 23 220 M M 0 33 210
12 88 72 80 11 0 15 0.00 M M 13.3 22 220 M M 0 33 220
13 89 61 75 6 0 10 0.00 M M 10.3 22 190 M M 0 36 180
14 89 70 80 12 0 15 T M M 10.5 20 230 M M 3 29 230
15 84 63 74 6 0 9 0.01 M M 6.2 13 130 M M 1 1 20 60
16 89 58 74 6 0 9 0.00 M M 8.1 14 170 M M 0 19 160
17 92 63 78 11 0 13 0.00 M M 5.1 13 320 M M 0 17 120
18 91 63 77 10 0 12 0.00 M M 4.9 12 70 M M 0 18 130
19 88 64 76 9 0 11 0.00 M M 7.8 17 150 M M 1 1 24 160
20 91 64 78 12 0 13 0.91 M M 12.7 33 330 M M 2 13 50 310
21 73 56 65 -1 0 0 T M M 10.6 23 350 M M 3 31 340
22 73 50 62 -4 3 0 0.00 M M 6.2 16 360 M M 0 8 25 320
23 76 46 61 -4 4 0 0.00 M M 4.4 9 190 M M 0 8 15 300
24 81 55 68 3 0 3 T M M 11.4 26 220 M M 2 36 210
25 77 50 64 0 1 0 0.00 M M 5.1 10 290 M M 0 1 16 280
26 89 52 71 7 0 6 0.00 M M 13.9 28 220 M M 0 39 220
27 90 69 80 16 0 15 0.00 M M 14.1 25 220 M M 0 35 240
28 90 65 78 15 0 13 0.00 M M 8.3 13 200 M M 0 20 140
29 88 62 75 12 0 10 0.00 M M 7.5 17 170 M M 1 24 170
30 88 67 78 16 0 13 T M M 8.3 26 150 M M 3 3 34 140
================================================================================
SM 2560 1850 8 273 1.64 M 247.6 M 34
================================================================================
AV 85.3 61.7 8.8 FASTST M M 1 MAX(MPH)
MISC ----> 33 330 50 310
================================================================================
NOTES:
# LAST OF SEVERAL OCCURRENCES
COLUMN 17 PEAK WIND IN M.P.H.
PRELIMINARY LOCAL CLIMATOLOGICAL DATA (WS FORM: F-6) , PAGE 2
STATION: SEDALIA MO
MONTH: SEPTEMBER
YEAR: 2021
LATITUDE: 38 42 N
LONGITUDE: 93 6 W
[TEMPERATURE DATA] [PRECIPITATION DATA] SYMBOLS USED IN COLUMN 16
AVERAGE MONTHLY: 73.5 TOTAL FOR MONTH: 1.64 1 = FOG OR MIST
DPTR FM NORMAL: 5.7 DPTR FM NORMAL: -1.37 2 = FOG REDUCING VISIBILITY
HIGHEST: 92 ON 17 GRTST 24HR 0.91 ON 20-20 TO 1/4 MILE OR LESS
LOWEST: 46 ON 23 3 = THUNDER
SNOW, ICE PELLETS, HAIL 4 = ICE PELLETS
TOTAL MONTH: M 5 = HAIL
GRTST 24HR M ON M 6 = FREEZING RAIN OR DRIZZLE
GRTST DEPTH: M ON M 7 = DUSTSTORM OR SANDSTORM:
VSBY 1/2 MILE OR LESS
8 = SMOKE OR HAZE
[NO. OF DAYS WITH] [WEATHER - DAYS WITH] 9 = BLOWING SNOW
X = TORNADO
MAX 32 OR BELOW: 0 0.01 INCH OR MORE: 4
MAX 90 OR ABOVE: 5 0.10 INCH OR MORE: 2
MIN 32 OR BELOW: 0 0.50 INCH OR MORE: 2
MIN 0 OR BELOW: 0 1.00 INCH OR MORE: 0
[HDD (BASE 65) ]
TOTAL THIS MO. 8 CLEAR (SCALE 0-3) 27
DPTR FM NORMAL -48 PTCLDY (SCALE 4-7) 3
TOTAL FM JUL 1 8 CLOUDY (SCALE 8-10) 0
DPTR FM NORMAL -51
[CDD (BASE 65) ]
TOTAL THIS MO. 273
DPTR FM NORMAL 133 [PRESSURE DATA]
TOTAL FM JAN 1 1581 HIGHEST SLP M ON M
DPTR FM NORMAL 345 LOWEST SLP 29.74 ON 20
[REMARKS]
#FINAL-09-21#