000
CXUS52 KCAE 011500
CF6DNL
PRELIMINARY LOCAL CLIMATOLOGICAL DATA (WS FORM: F-6)
STATION: AUGUSTA DANIEL FIELD GA
MONTH: DECEMBER
YEAR: 2022
LATITUDE: 33 28 N
LONGITUDE: 82 2 W
TEMPERATURE IN F: :PCPN: SNOW: WIND :SUNSHINE: SKY :PK WND
================================================================================
1 2 3 4 5 6A 6B 7 8 9 10 11 12 13 14 15 16 17 18
12Z AVG MX 2MIN
DY MAX MIN AVG DEP HDD CDD WTR SNW DPTH SPD SPD DIR MIN PSBL S-S WX SPD DR
================================================================================
1 60 36 48 -6 17 0 0.00 M M 6.2 12 60 M M 0 15 60
2 65 40 53 -1 12 0 0.00 M M 5.2 9 110 M M 3 14 110
3 71 51 61 8 4 0 0.04 M M 2.7 16 210 M M 6 1 21 100
4 66 53 60 7 5 0 0.00 M M 3.9 12 310 M M 5 128 16 340
5 55 50 53 0 12 0 0.80 M M 5.3 10 120 M M 10 1 14 30
6 60 51 56 3 9 0 0.22 M M 3.0 9 130 M M 10 12 11 140
7 77 57 67 14 0 2 0.00 M M 1.6 10 220 M M 7 12 14 250
8 77 63 70 18 0 5 0.00 M M 4.3 10 10 M M 4 1 24 20
9 66 52 59 7 6 0 0.35 M M 6.8 12 60 M M 8 1 15 50
10 53 50 52 0 13 0 0.00 M M 5.5 12 50 M M 10 1 14 50
11 55 51 53 1 12 0 0.10 M M 2.6 8 10 M M 10 1 11 360
12 57 50 54 2 11 0 0.00 M M 4.6 12 10 M M 10 1 23 30
13 55 43 49 -3 16 0 T M M 7.7 15 80 M M 6 20 70
14 51 45 48 -3 17 0 0.07 M M 6.2 10 80 M M 10 12 13 80
15 65 49 57 6 8 0 0.84 M M 6.9 17 310 M M 6 12 24 310
16 57 41 49 -2 16 0 0.00 M M 6.7 15 300 M M 0 23 240
17 53 43 48 -3 17 0 0.00 M M 4.6 12 230 M M 7 26 130
18 53 35 44 -7 21 0 0.00 M M 6.3 15 310 M M 0 20 270
19 53 32 43 -7 22 0 0.00 M M 6.5 12 80 M M 1 15 80
20 46 37 42 -8 23 0 0.30 M M 7.1 15 50 M M 10 18 21 70
21 46 37 42 -8 23 0 0.19 M M 8.8 15 50 M M 10 1 20 20
22 46 40 43 -7 22 0 0.34 M M 6.9 16 350 M M 10 1 23 340
23 53 17 35 -15 30 0 T M M 14.1 24 300 M M 2 1 41 310
24 29 11 20 -30 45 0 0.00 M M 6.9 13 280 M M 0 21 280
25 41 21 31 -19 34 0 0.00 M M 6.6 13 300 M M 0 17 320
26 46 21 34 -16 31 0 0.00 M M 2.1 9 210 M M 0 14 300
27 53 28 41 -9 24 0 0.00 M M 3.2 9 310 M M 2 14 320
28 58 31 45 -4 20 0 0.00 M M 2.2 10 100 M M 0 18 12 100
29 67 36 52 3 13 0 0.00 M M 4.2 13 350 M M 1 15 350
30 68 52 60 11 5 0 0.00 M M 4.6 10 90 M M 8 15 130
31 66 58 62 13 3 0 0.21 M M 4.5 12 220 M M 8 12 20 220
================================================================================
SM 1768 1281 491 7 3.46 M 167.8 M 164
================================================================================
AV 57.0 41.3 5.4 FASTST M M 5 MAX(MPH)
MISC ----> 24 300 41 310
================================================================================
NOTES:
# LAST OF SEVERAL OCCURRENCES
COLUMN 17 PEAK WIND IN M.P.H.
PRELIMINARY LOCAL CLIMATOLOGICAL DATA (WS FORM: F-6) , PAGE 2
STATION: AUGUSTA DANIEL FIELD GA
MONTH: DECEMBER
YEAR: 2022
LATITUDE: 33 28 N
LONGITUDE: 82 2 W
[TEMPERATURE DATA] [PRECIPITATION DATA] SYMBOLS USED IN COLUMN 16
AVERAGE MONTHLY: 49.2 TOTAL FOR MONTH: 3.46 1 = FOG OR MIST
DPTR FM NORMAL: -1.9 DPTR FM NORMAL: -0.36 2 = FOG REDUCING VISIBILITY
HIGHEST: 77 ON 8, 7 GRTST 24HR 1.01 ON 5- 6 TO 1/4 MILE OR LESS
LOWEST: 11 ON 24 3 = THUNDER
SNOW, ICE PELLETS, HAIL 4 = ICE PELLETS
TOTAL MONTH: M 5 = HAIL
GRTST 24HR M ON M 6 = FREEZING RAIN OR DRIZZLE
GRTST DEPTH: M ON M 7 = DUSTSTORM OR SANDSTORM:
VSBY 1/2 MILE OR LESS
8 = SMOKE OR HAZE
[NO. OF DAYS WITH] [WEATHER - DAYS WITH] 9 = BLOWING SNOW
X = TORNADO
MAX 32 OR BELOW: 1 0.01 INCH OR MORE: 11
MAX 90 OR ABOVE: 0 0.10 INCH OR MORE: 9
MIN 32 OR BELOW: 7 0.50 INCH OR MORE: 2
MIN 0 OR BELOW: 0 1.00 INCH OR MORE: 0
[HDD (BASE 65) ]
TOTAL THIS MO. 491 CLEAR (SCALE 0-3) 12
DPTR FM NORMAL 54 PTCLDY (SCALE 4-7) 9
TOTAL FM JUL 1 782 CLOUDY (SCALE 8-10) 10
DPTR FM NORMAL 48
[CDD (BASE 65) ]
TOTAL THIS MO. 7
DPTR FM NORMAL -1 [PRESSURE DATA]
TOTAL FM JAN 1 2709 HIGHEST SLP 30.52 ON 2
DPTR FM NORMAL 46 LOWEST SLP 29.70 ON 23
[REMARKS]
#FINAL-12-22#