000
CXUS53 KDTX 021213
CF6DTW
PRELIMINARY LOCAL CLIMATOLOGICAL DATA (WS FORM: F-6)
STATION: DETROIT MI
MONTH: NOVEMBER
YEAR: 2020
LATITUDE: 42 13 N
LONGITUDE: 83 20 W
TEMPERATURE IN F: :PCPN: SNOW: WIND :SUNSHINE: SKY :PK WND
================================================================================
1 2 3 4 5 6A 6B 7 8 9 10 11 12 13 14 15 16 17 18
12Z AVG MX 2MIN
DY MAX MIN AVG DEP HDD CDD WTR SNW DPTH SPD SPD DIR MIN PSBL S-S WX SPD DR
================================================================================
1 50 33 42 -5 23 0 0.04 T 0 20.3 32 280 M M 7 18 45 280
2 48 28 38 -9 27 0 0.00 0.0 0 15.9 26 240 M M 7 35 310
3 59 33 46 0 19 0 0.00 0.0 0 9.2 16 220 M M 2 21 270
4 72 42 57 11 8 0 0.00 0.0 0 12.1 23 210 M M 1 30 200
5 66 52 59 13 6 0 0.00 0.0 0 12.3 18 220 M M 7 23 220
6 71 46 59 14 6 0 0.00 0.0 0 9.3 18 230 M M 4 8 22 230
7 71 46 59 14 6 0 0.00 0.0 0 7.1 20 210 M M 4 18 24 240
8 73 43 58 13 7 0 0.00 0.0 0 2.6 10 140 M M 1 18 14 170
9 77 47 62 18 3 0 0.00 0.0 0 5.1 14 200 M M 4 18 20 180
10 77 57 67 23 0 2 0.21 0.0 0 12.7 29 220 M M 7 1 36 190
11 65 35 50 6 15 0 0.03 0.0 0 11.7 24 230 M M 5 1 31 240
12 50 30 40 -3 25 0 0.00 0.0 0 1.9 9 180 M M 2 18 12 120
13 48 31 40 -3 25 0 T 0.0 0 8.5 22 270 M M 9 18 29 290
14 47 25 36 -6 29 0 0.08 0.0 0 6.9 17 170 M M 5 18 26 160
15 54 39 47 5 18 0 0.75 T 0 22.3 45 240 M M 10 138 61 230
16 46 37 42 0 23 0 T T 0 14.5 26 270 M M 8 8 36 270
17 38 29 34 -7 31 0 0.03 0.2 T 13.0 26 330 M M 9 1 39 320
18 43 24 34 -7 31 0 0.00 0.0 0 9.2 17 180 M M 5 25 180
19 63 37 50 10 15 0 0.00 0.0 0 18.6 35 230 M M 8 46 240
20 67 45 56 16 9 0 0.00 0.0 0 15.4 24 220 M M 7 8 34 230
21 47 36 42 3 23 0 0.00 0.0 0 5.1 12 330 M M 7 17 330
22 40 33 37 -2 28 0 0.59 1.9 T 8.2 14 280 M M 10 1 19 310
23 47 31 39 1 26 0 0.01 T 1 8.8 18 280 M M 8 18 28 290
24 41 27 34 -4 31 0 0.11 T 0 4.7 13 150 M M 8 18 19 130
25 50 40 45 7 20 0 0.43 0.0 0 5.7 12 150 M M 10 1 18 170
26 51 45 48 11 17 0 0.08 0.0 0 9.5 15 270 M M 10 1 22 270
27 46 36 41 4 24 0 T 0.0 0 10.2 21 310 M M 10 8 30 310
28 46 29 38 2 27 0 0.00 0.0 0 9.7 17 230 M M 1 18 23 230
29 50 32 41 5 24 0 0.00 0.0 0 9.4 16 210 M M 5 21 220
30 42 29 36 0 29 0 0.27 1.4 0 13.8 22 330 M M 10 18 31 360
================================================================================
SM 1645 1097 575 2 2.63 3.5 313.7 M 191
================================================================================
AV 54.8 36.6 10.5 FASTST M M 6 MAX(MPH)
MISC ----> 45 240 61 230
================================================================================
NOTES:
# LAST OF SEVERAL OCCURRENCES
COLUMN 17 PEAK WIND IN M.P.H.
PRELIMINARY LOCAL CLIMATOLOGICAL DATA (WS FORM: F-6) , PAGE 2
STATION: DETROIT MI
MONTH: NOVEMBER
YEAR: 2020
LATITUDE: 42 13 N
LONGITUDE: 83 20 W
[TEMPERATURE DATA] [PRECIPITATION DATA] SYMBOLS USED IN COLUMN 16
AVERAGE MONTHLY: 45.7 TOTAL FOR MONTH: 2.63 1 = FOG OR MIST
DPTR FM NORMAL: 4.2 DPTR FM NORMAL: -0.16 2 = FOG REDUCING VISIBILITY
HIGHEST: 77 ON 10, 9 GRTST 24HR 0.83 ON 14-15 TO 1/4 MILE OR LESS
LOWEST: 24 ON 18 3 = THUNDER
SNOW, ICE PELLETS, HAIL 4 = ICE PELLETS
TOTAL MONTH: 3.5 INCHES 5 = HAIL
GRTST 24HR 1.9 ON 22-22 6 = FREEZING RAIN OR DRIZZLE
GRTST DEPTH: 1 ON 23 7 = DUSTSTORM OR SANDSTORM:
VSBY 1/2 MILE OR LESS
8 = SMOKE OR HAZE
[NO. OF DAYS WITH] [WEATHER - DAYS WITH] 9 = BLOWING SNOW
X = TORNADO
MAX 32 OR BELOW: 0 0.01 INCH OR MORE: 12
MAX 90 OR ABOVE: 0 0.10 INCH OR MORE: 6
MIN 32 OR BELOW: 11 0.50 INCH OR MORE: 2
MIN 0 OR BELOW: 0 1.00 INCH OR MORE: 0
[HDD (BASE 65) ]
TOTAL THIS MO. 575 CLEAR (SCALE 0-3) 5
DPTR FM NORMAL -129 PTCLDY (SCALE 4-7) 16
TOTAL FM JUL 1 1099 CLOUDY (SCALE 8-10) 9
DPTR FM NORMAL -116
[CDD (BASE 65) ]
TOTAL THIS MO. 2
DPTR FM NORMAL 2 [PRESSURE DATA]
TOTAL FM JAN 1 988 HIGHEST SLP 30.61 ON 18
DPTR FM NORMAL 185 LOWEST SLP 29.31 ON 15
[REMARKS]
#FINAL-11-20#