000
CXUS51 KPBZ 141248
CF6DUJ
PRELIMINARY LOCAL CLIMATOLOGICAL DATA (WS FORM: F-6)
STATION: DUBOIS PA
MONTH: FEBRUARY
YEAR: 2022
LATITUDE: 41 10 N
LONGITUDE: 78 54 W
TEMPERATURE IN F: :PCPN: SNOW: WIND :SUNSHINE: SKY :PK WND
================================================================================
1 2 3 4 5 6A 6B 7 8 9 10 11 12 13 14 15 16 17 18
12Z AVG MX 2MIN
DY MAX MIN AVG DEP HDD CDD WTR SNW DPTH SPD SPD DIR MIN PSBL S-S WX SPD DR
================================================================================
1 36 19 28 4 37 0 0.00 M M 11.9 20 140 M M 0 27 130
2 43 27 35 11 30 0 0.11 M M 10.4 16 130 M M 4 1 23 130
3 40 28 34 10 31 0 1.08 M M 9.2 23 30 M M 10 126 28 30
4 28 18 23 -2 42 0 0.24 M M 8.2 17 50 M M 10 168 25 40
5 19 7 13 -12 52 0 T M M 7.8 16 300 M M 6 18 21 310
6 31 6 19 -6 46 0 0.00 M M 6.5 12 140 M M 0 19 170
7 41 19 30 5 35 0 0.00 M M 6.4 14 220 M M 0 20 230
8 30 19 25 0 40 0 T M M 8.9 17 240 M M 8 18 23 250
9 49 20 35 10 30 0 0.00 M M 8.4 24 240 M M 3 33 240
10 40 28 34 8 31 0 T M M 15.0 26 240 M M 7 36 220
11 53 25 39 13 26 0 0.02 M M 10.0 31 260 M M 4 42 260
12 41 21 31 5 34 0 0.08 M M 11.8 24 270 M M 10 1 32 260
13 22 14 18 -8 47 0 T M M 6.5 12 350 M M 10 8 14 350
14 19 7 13 -13 52 0 T M M 8.3 18 260 M M 6 18 24 280
15 29 3 16 -11 49 0 0.00 M M 4.0 14 130 M M 0 18 130
16 50 25 38 11 27 0 0.00 M M 10.6 17 120 M M 1 24 150
17 60 46 53 26 12 0 1.11 M M 8.7 29 220 M M 9 18 43 210
18 60 17 39 12 26 0 0.19 M M 13.8 26 220 M M 8 1 43 210
19 26 12 19 -9 46 0 0.01 M M 16.7 32 280 M M 6 128 43 300
20 43 7 25 -3 40 0 0.00 M M 6.2 18 220 M M 0 25 220
21 59 37 48 20 17 0 0.00 M M 8.1 17 230 M M 1 22 240
22 58 42 50 22 15 0 0.68 M M 11.2 24 230 M M 8 18 36 220
23 56 23 40 11 25 0 0.04 M M 13.5 23 270 M M 10 18 32 280
24 33 22 28 -1 37 0 0.11 M M 8.1 18 100 M M 9 16 24 110
25 35 19 27 -2 38 0 0.87 M M 13.3 23 270 M M 9 168 32 270
26 24 18 21 -9 44 0 T M M 7.5 20 260 M M 8 18 24 260
27 38 20 29 -1 36 0 T M M 15.4 28 270 M M 4 8 38 270
28 34 18 26 -4 39 0 T M M 6.0 14 350 M M 5 19 350
================================================================================
SM 1097 567 984 0 4.54 M 272.4 M 156
================================================================================
AV 39.2 20.3 9.7 FASTST M M 6 MAX(MPH)
MISC ----> 32 280 # 43 300
================================================================================
NOTES:
# LAST OF SEVERAL OCCURRENCES
COLUMN 17 PEAK WIND IN M.P.H.
PRELIMINARY LOCAL CLIMATOLOGICAL DATA (WS FORM: F-6) , PAGE 2
STATION: DUBOIS PA
MONTH: FEBRUARY
YEAR: 2022
LATITUDE: 41 10 N
LONGITUDE: 78 54 W
[TEMPERATURE DATA] [PRECIPITATION DATA] SYMBOLS USED IN COLUMN 16
AVERAGE MONTHLY: 29.7 TOTAL FOR MONTH: 4.54 1 = FOG OR MIST
DPTR FM NORMAL: 2.9 DPTR FM NORMAL: 2.16 2 = FOG REDUCING VISIBILITY
HIGHEST: 60 ON 18,17 GRTST 24HR 1.30 ON 17-18 TO 1/4 MILE OR LESS
LOWEST: 3 ON 15 3 = THUNDER
SNOW, ICE PELLETS, HAIL 4 = ICE PELLETS
TOTAL MONTH: M 5 = HAIL
GRTST 24HR M ON M 6 = FREEZING RAIN OR DRIZZLE
GRTST DEPTH: M ON M 7 = DUSTSTORM OR SANDSTORM:
VSBY 1/2 MILE OR LESS
8 = SMOKE OR HAZE
[NO. OF DAYS WITH] [WEATHER - DAYS WITH] 9 = BLOWING SNOW
X = TORNADO
MAX 32 OR BELOW: 9 0.01 INCH OR MORE: 12
MAX 90 OR ABOVE: 0 0.10 INCH OR MORE: 8
MIN 32 OR BELOW: 25 0.50 INCH OR MORE: 4
MIN 0 OR BELOW: 0 1.00 INCH OR MORE: 2
[HDD (BASE 65) ]
TOTAL THIS MO. 984 CLEAR (SCALE 0-3) 8
DPTR FM NORMAL -87 PTCLDY (SCALE 4-7) 12
TOTAL FM JUL 1 4288 CLOUDY (SCALE 8-10) 8
DPTR FM NORMAL -585
[CDD (BASE 65) ]
TOTAL THIS MO. 0
DPTR FM NORMAL 0 [PRESSURE DATA]
TOTAL FM JAN 1 0 HIGHEST SLP 30.61 ON 15
DPTR FM NORMAL 0 LOWEST SLP 29.25 ON 18
[REMARKS]
#FINAL-02-22#