000
CXUS51 KPBZ 141250
CF6DUJ
PRELIMINARY LOCAL CLIMATOLOGICAL DATA (WS FORM: F-6)
STATION: DUBOIS PA
MONTH: DECEMBER
YEAR: 2021
LATITUDE: 41 10 N
LONGITUDE: 78 54 W
TEMPERATURE IN F: :PCPN: SNOW: WIND :SUNSHINE: SKY :PK WND
================================================================================
1 2 3 4 5 6A 6B 7 8 9 10 11 12 13 14 15 16 17 18
12Z AVG MX 2MIN
DY MAX MIN AVG DEP HDD CDD WTR SNW DPTH SPD SPD DIR MIN PSBL S-S WX SPD DR
================================================================================
1 41 28 35 1 30 0 0.26 M M 6.5 14 250 M M 6 1 17 260
2 52 39 46 12 19 0 0.00 M M 15.5 28 230 M M 9 1 38 230
3 39 31 35 2 30 0 0.00 M M 7.3 16 300 M M 9 23 290
4 47 28 38 5 27 0 0.00 M M 7.8 22 270 M M 3 29 280
5 45 28 37 4 28 0 0.00 M M 9.8 21 130 M M 5 32 120
6 53 28 41 9 24 0 0.68 M M 14.4 30 250 M M 10 1 44 280
7 29 22 26 -6 39 0 0.00 M M 7.8 17 260 M M 4 8 22 250
8 31 25 28 -4 37 0 T M M 8.2 16 260 M M 10 18 20 270
9 34 21 28 -3 37 0 0.00 M M 6.5 18 120 M M 7 18 29 120
10 55 34 45 14 20 0 T M M 5.8 16 110 M M 8 21 110
11 60 35 48 17 17 0 0.82 M M 16.3 36 250 M M 10 138 52 270
12 43 30 37 6 28 0 0.00 M M 13.0 21 250 M M 4 29 270
13 47 29 38 8 27 0 0.00 M M 9.6 18 240 M M 0 25 230
14 52 30 41 11 24 0 0.00 M M 4.8 13 110 M M 0 20 100
15 48 38 43 13 22 0 0.00 M M 10.9 18 130 M M 7 28 120
16 61 47 54 24 11 0 0.06 M M 13.4 25 260 M M 7 1 36 260
17 49 31 40 11 25 0 0.00 M M 8.3 21 270 M M 1 26 290
18 48 34 41 12 24 0 0.69 M M 8.5 16 280 M M 10 12 24 280
19 34 19 27 -2 38 0 T M M 8.0 16 330 M M 8 18 23 330
20 38 17 28 -1 37 0 0.00 M M 5.0 13 230 M M 3 17 250
21 42 25 34 6 31 0 0.00 M M 5.5 12 130 M M 3 16 150
22 34 22 28 0 37 0 T M M 13.8 24 290 M M 9 33 280
23 33 22 28 0 37 0 0.02 M M 7.2 12 120 M M 10 1 19 170
24 53 31 42 14 23 0 0.00 M M 5.1 12 240 M M 8 16 110
25 55 42 49 21 16 0 0.50 M M 11.2 21 320 M M 10 18 28 320
26 42 27 35 8 30 0 0.00 M M 7.8 15 270 M M 7 21 270
27 42 27 35 8 30 0 0.38 M M 9.0 21 130 M M 8 126 27 130
28 43 34 39 12 26 0 0.34 M M 9.3 18 120 M M 6 12 27 120
29 43 35 39 12 26 0 0.00 M M 6.7 15 260 M M 10 12 20 250
30 50 39 45 18 20 0 0.01 M M 4.9 14 250 M M 10 12 18 240
31 50 44 47 21 18 0 0.00 M M 6.5 16 240 M M 9 1 22 230
================================================================================
SM 1393 942 838 0 3.76 M 274.4 M 211
================================================================================
AV 44.9 30.4 8.9 FASTST M M 7 MAX(MPH)
MISC ----> 36 250 52 270
================================================================================
NOTES:
# LAST OF SEVERAL OCCURRENCES
COLUMN 17 PEAK WIND IN M.P.H.
PRELIMINARY LOCAL CLIMATOLOGICAL DATA (WS FORM: F-6) , PAGE 2
STATION: DUBOIS PA
MONTH: DECEMBER
YEAR: 2021
LATITUDE: 41 10 N
LONGITUDE: 78 54 W
[TEMPERATURE DATA] [PRECIPITATION DATA] SYMBOLS USED IN COLUMN 16
AVERAGE MONTHLY: 37.7 TOTAL FOR MONTH: 3.76 1 = FOG OR MIST
DPTR FM NORMAL: 7.9 DPTR FM NORMAL: 0.80 2 = FOG REDUCING VISIBILITY
HIGHEST: 61 ON 16 GRTST 24HR 0.82 ON 11-11 TO 1/4 MILE OR LESS
LOWEST: 17 ON 20 3 = THUNDER
SNOW, ICE PELLETS, HAIL 4 = ICE PELLETS
TOTAL MONTH: M 5 = HAIL
GRTST 24HR M ON M 6 = FREEZING RAIN OR DRIZZLE
GRTST DEPTH: M ON M 7 = DUSTSTORM OR SANDSTORM:
VSBY 1/2 MILE OR LESS
8 = SMOKE OR HAZE
[NO. OF DAYS WITH] [WEATHER - DAYS WITH] 9 = BLOWING SNOW
X = TORNADO
MAX 32 OR BELOW: 2 0.01 INCH OR MORE: 10
MAX 90 OR ABOVE: 0 0.10 INCH OR MORE: 7
MIN 32 OR BELOW: 20 0.50 INCH OR MORE: 4
MIN 0 OR BELOW: 0 1.00 INCH OR MORE: 0
[HDD (BASE 65) ]
TOTAL THIS MO. 838 CLEAR (SCALE 0-3) 6
DPTR FM NORMAL -253 PTCLDY (SCALE 4-7) 13
TOTAL FM JUL 1 1974 CLOUDY (SCALE 8-10) 12
DPTR FM NORMAL -570
[CDD (BASE 65) ]
TOTAL THIS MO. 0
DPTR FM NORMAL 0 [PRESSURE DATA]
TOTAL FM JAN 1 674 HIGHEST SLP 30.55 ON 14
DPTR FM NORMAL 260 LOWEST SLP 29.40 ON 11
[REMARKS]
#FINAL-12-21#