000
CXUS54 KEWX 011110
CF6DZB
PRELIMINARY LOCAL CLIMATOLOGICAL DATA (WS FORM: F-6)
STATION: HORSESHOE BAY
MONTH: FEBRUARY
YEAR: 2022
LATITUDE: 30 31 N
LONGITUDE: 98 22 W
TEMPERATURE IN F: :PCPN: SNOW: WIND :SUNSHINE: SKY :PK WND
================================================================================
1 2 3 4 5 6A 6B 7 8 9 10 11 12 13 14 15 16 17 18
12Z AVG MX 2MIN
DY MAX MIN AVG DEP HDD CDD WTR SNW DPTH SPD SPD DIR MIN PSBL S-S WX SPD DR
================================================================================
1 69 51 60 M 5 0 0.00 M M 2.8 6 150 M M 5 1 M M
2 58 36 47 M 18 0 0.07 M M 5.6 18 350 M M 7 1 27 350
3 36 21 29 M 36 0 0.03 M M 15.9 20 330 M M 9 29 330
4 39 21 30 M 35 0 0.00 M M 11.4 16 330 M M 6 26 340
5 54 17 36 M 29 0 0.00 M M 2.7 8 180 M M 0 M M
6 62 25 44 M 21 0 0.00 M M 2.5 6 60 M M 0 M M
7 60 31 46 M 19 0 0.00 M M 4.8 13 340 M M 0 17 350
8 68 24 46 M 19 0 0.00 M M 3.1 8 210 M M 0 M M
9 72 30 51 M 14 0 0.00 M M 2.3 9 280 M M 0 20 280
10 73 32 53 M 12 0 0.00 M M 2.3 7 190 M M 0 M M
11 78 52 65 M 0 0 0.00 M M 9.9 15 230 M M 0 23 230
12 60 27 44 M 21 0 0.00 M M 8.8 18 20 M M 5 28 20
13 65 22 44 M 21 0 0.00 M M 2.9 8 260 M M 0 17 330
14 71 29 50 M 15 0 0.00 M M 4.8 13 210 M M 0 23 210
15 73 37 55 M 10 0 0.00 M M 7.7 17 180 M M 1 31 180
16 77 60 69 M 0 4 0.00 M M 12.1 20 160 M M 8 36 180
17 67 34 51 M 14 0 0.00 M M 14.0 24 330 M M 3 33 180
18 58 29 44 M 21 0 0.00 M M 4.0 12 340 M M 0 18 360
19 66 25 46 M 19 0 0.00 M M 3.2 9 140 M M 0 M M
20 72 34 53 M 12 0 0.00 M M 5.9 14 200 M M 1 22 200
21 85 60 73 M 0 8 0.00 M M 11.7 21 170 M M 4 32 170
22 84 45 65 M 0 0 0.00 M M 8.1 21 180 M M 2 32 180
23 45 27 36 M 29 0 0.00 M M 8.4 15 360 M M 10 23 360
24 34 27 31 M 34 0 0.00 M M 6.5 10 350 M M 10 17 360
25 38 29 34 M 31 0 0.00 M M 7.2 12 360 M M 10 17 360
26 38 33 36 M 29 0 0.00 M M 4.7 8 340 M M 10 M M
27 60 29 45 M 20 0 0.00 M M 6.7 10 330 M M 3 18 320
28 69 22 46 M 19 0 0.00 M M 2.6 9 50 M M 0 20 50
================================================================================
SM 1731 909 503 12 0.10 M 182.5 M 94
================================================================================
AV 61.8 32.5 6.5 FASTST M M 3 MAX(MPH)
MISC ----> 24 330 36 180
================================================================================
NOTES:
# LAST OF SEVERAL OCCURRENCES
COLUMN 17 PEAK WIND IN M.P.H.
PRELIMINARY LOCAL CLIMATOLOGICAL DATA (WS FORM: F-6) , PAGE 2
STATION: HORSESHOE BAY
MONTH: FEBRUARY
YEAR: 2022
LATITUDE: 30 31 N
LONGITUDE: 98 22 W
[TEMPERATURE DATA] [PRECIPITATION DATA] SYMBOLS USED IN COLUMN 16
AVERAGE MONTHLY: 47.1 TOTAL FOR MONTH: 0.10 1 = FOG OR MIST
DPTR FM NORMAL: 0.0 DPTR FM NORMAL: 0.10 2 = FOG REDUCING VISIBILITY
HIGHEST: 85 ON 21 GRTST 24HR 0.07 ON 2- 2 TO 1/4 MILE OR LESS
LOWEST: 17 ON 5 3 = THUNDER
SNOW, ICE PELLETS, HAIL 4 = ICE PELLETS
TOTAL MONTH: M 5 = HAIL
GRTST 24HR M ON M 6 = FREEZING RAIN OR DRIZZLE
GRTST DEPTH: M ON M 7 = DUSTSTORM OR SANDSTORM:
VSBY 1/2 MILE OR LESS
8 = SMOKE OR HAZE
[NO. OF DAYS WITH] [WEATHER - DAYS WITH] 9 = BLOWING SNOW
X = TORNADO
MAX 32 OR BELOW: 0 0.01 INCH OR MORE: 2
MAX 90 OR ABOVE: 0 0.10 INCH OR MORE: 0
MIN 32 OR BELOW: 18 0.50 INCH OR MORE: 0
MIN 0 OR BELOW: 0 1.00 INCH OR MORE: 0
[HDD (BASE 65) ]
TOTAL THIS MO. 503 CLEAR (SCALE 0-3) 16
DPTR FM NORMAL M PTCLDY (SCALE 4-7) 7
TOTAL FM JUL 1 1343 CLOUDY (SCALE 8-10) 5
DPTR FM NORMAL M
[CDD (BASE 65) ]
TOTAL THIS MO. 12
DPTR FM NORMAL M [PRESSURE DATA]
TOTAL FM JAN 1 12 HIGHEST SLP M ON M
DPTR FM NORMAL M LOWEST SLP M ON M
[REMARKS]
#FINAL-02-22#