000
CXUS54 KMAF 011210
CF6E38
PRELIMINARY LOCAL CLIMATOLOGICAL DATA (WS FORM: F-6)
STATION: ALPINE-CASPARIS MUNICIPAL
MONTH: JANUARY
YEAR: 2023
LATITUDE: 30 23 N
LONGITUDE: 103 41 W
TEMPERATURE IN F: :PCPN: SNOW: WIND :SUNSHINE: SKY :PK WND
================================================================================
1 2 3 4 5 6A 6B 7 8 9 10 11 12 13 14 15 16 17 18
12Z AVG MX 2MIN
DY MAX MIN AVG DEP HDD CDD WTR SNW DPTH SPD SPD DIR MIN PSBL S-S WX SPD DR
================================================================================
1 73 46 60 M 5 0 M M M 10.0 18 250 M M 0 26 200
2 69 38 54 M 11 0 M M M 19.1 37 220 M M 0 47 220
3 58 32 45 M 20 0 M M M 13.7 23 250 M M 0 35 250
4 63 38 51 M 14 0 M M M 11.5 18 250 M M 0 25 250
5 70 33 52 M 13 0 M M M 9.3 14 210 M M 0 21 230
6 80 43 62 M 3 0 M M M 10.7 21 240 M M 0 26 220
7 62 35 49 M 16 0 M M M 4.9 13 170 M M 0 M M
8 69 33 51 M 14 0 M M M 5.8 12 50 M M 0 18 50
9 72 42 57 M 8 0 M M M 8.4 14 260 M M 0 20 250
10 76 44 60 M 5 0 M M M 9.6 17 240 M M 0 25 240
11 73 44 59 M 6 0 M M M 13.1 36 260 M M 0 41 260
12 55 26 41 M 24 0 M M M 7.6 14 40 M M 0 20 40
13 64 26 45 M 20 0 M M M 7.1 13 240 M M 0 17 240
14 74 42 58 M 7 0 M M M 11.4 22 220 M M 0 28 220
15 71 45 58 M 7 0 M M M 14.2 28 230 M M 0 38 220
16 67 38 53 M 12 0 M M M 8.6 15 280 M M 0 21 240
17 68 37 53 M 12 0 M M M 12.9 28 270 M M 0 35 270
18 55 39 47 M 18 0 M M M 18.2 30 260 M M 0 37 280
19 59 26 43 M 22 0 M M M 5.6 10 300 M M 0 18 210
20 68 38 53 M 12 0 M M M 10.0 18 230 M M 0 26 240
21 57 28 43 M 22 0 M M M 9.0 25 270 M M 0 32 280
22 58 27 43 M 22 0 M M M 8.6 18 240 M M 0 23 240
23 59 30 45 M 20 0 M M M 11.6 21 160 M M 1 31 170
24 47 32 40 M 25 0 M M M 12.9 31 290 M M 2 43 290
25 53 28 41 M 24 0 M M M 6.9 13 260 M M 0 22 260
26 47 19 33 M 32 0 M M M 4.1 13 80 M M 0 18 50
27 56 23 40 M 25 0 M M M 10.7 22 230 M M 0 26 230
28 65 37 51 M 14 0 M M M 7.7 20 230 M M 0 25 230
29 71 47 59 M 6 0 M M M 8.4 17 220 M M 0 25 200
30 53 29 41 M 24 0 M M M 4.4 8 80 M M 5 M M
31 30 24 27 M 38 0 M M M 4.1 7 70 M M 10 M M
================================================================================
SM 1942 1069 501 0 M M 299.8 M 18
================================================================================
AV 62.6 34.5 9.7 FASTST M M 1 MAX(MPH)
MISC ----> 37 220 47 220
================================================================================
NOTES:
# LAST OF SEVERAL OCCURRENCES
COLUMN 17 PEAK WIND IN M.P.H.
PRELIMINARY LOCAL CLIMATOLOGICAL DATA (WS FORM: F-6) , PAGE 2
STATION: ALPINE-CASPARIS MUNICIPAL
MONTH: JANUARY
YEAR: 2023
LATITUDE: 30 23 N
LONGITUDE: 103 41 W
[TEMPERATURE DATA] [PRECIPITATION DATA] SYMBOLS USED IN COLUMN 16
AVERAGE MONTHLY: 48.6 TOTAL FOR MONTH: M 1 = FOG OR MIST
DPTR FM NORMAL: 0.0 DPTR FM NORMAL: M 2 = FOG REDUCING VISIBILITY
HIGHEST: 80 ON 6 GRTST 24HR 0.11 ON 23-24 TO 1/4 MILE OR LESS
LOWEST: 19 ON 26 3 = THUNDER
SNOW, ICE PELLETS, HAIL 4 = ICE PELLETS
TOTAL MONTH: M 5 = HAIL
GRTST 24HR M ON M 6 = FREEZING RAIN OR DRIZZLE
GRTST DEPTH: M ON M 7 = DUSTSTORM OR SANDSTORM:
VSBY 1/2 MILE OR LESS
8 = SMOKE OR HAZE
[NO. OF DAYS WITH] [WEATHER - DAYS WITH] 9 = BLOWING SNOW
X = TORNADO
MAX 32 OR BELOW: 1 0.01 INCH OR MORE: 0
MAX 90 OR ABOVE: 0 0.10 INCH OR MORE: 0
MIN 32 OR BELOW: 13 0.50 INCH OR MORE: 0
MIN 0 OR BELOW: 0 1.00 INCH OR MORE: 0
[HDD (BASE 65) ]
TOTAL THIS MO. 501 CLEAR (SCALE 0-3) 29
DPTR FM NORMAL M PTCLDY (SCALE 4-7) 1
TOTAL FM JUL 1 1590 CLOUDY (SCALE 8-10) 1
DPTR FM NORMAL M
[CDD (BASE 65) ]
TOTAL THIS MO. 0
DPTR FM NORMAL M [PRESSURE DATA]
TOTAL FM JAN 1 0 HIGHEST SLP M ON M
DPTR FM NORMAL M LOWEST SLP M ON M
[REMARKS]
#FINAL-01-23#