000
CXUS53 KGID 011506
CF6EAR
PRELIMINARY LOCAL CLIMATOLOGICAL DATA (WS FORM: F-6)
STATION: KEARNEY NE
MONTH: MAY
YEAR: 2022
LATITUDE: 40 43 N
LONGITUDE: 99 0 W
TEMPERATURE IN F: :PCPN: SNOW: WIND :SUNSHINE: SKY :PK WND
================================================================================
1 2 3 4 5 6A 6B 7 8 9 10 11 12 13 14 15 16 17 18
12Z AVG MX 2MIN
DY MAX MIN AVG DEP HDD CDD WTR SNW DPTH SPD SPD DIR MIN PSBL S-S WX SPD DR
================================================================================
1 64 38 51 -2 14 0 T M M 9.7 17 310 M M 0 23 320
2 49 32 41 -13 24 0 1.11 M M 17.6 29 60 M M 10 1 37 50
3 49 34 42 -12 23 0 0.00 M M 9.4 14 360 M M 8 M M
4 49 43 46 -9 19 0 T M M 9.1 15 90 M M 10 1 M M
5 52 45 49 -6 16 0 0.02 M M 9.5 14 30 M M 10 1 M M
6 71 47 59 4 6 0 0.00 M M 10.3 16 200 M M 6 1 21 170
7 78 52 65 9 0 0 T M M 21.3 32 160 M M 3 44 170
8 77 55 66 10 0 1 0.29 M M 12.6 27 360 M M 4 13 35 10
9 81 60 71 14 0 6 0.00 M M 13.6 27 170 M M 4 1 33 140
10 77 58 68 11 0 3 0.00 M M 15.7 25 30 M M 4 31 30
11 91 59 75 18 0 10 0.00 M M 16.0 27 170 M M 2 8 38 160
12 90 56 73 15 0 8 0.03 M M 18.5 38 230 M M 1 38 52 220
13 77 49 63 5 2 0 0.00 M M 6.2 12 250 M M 0 21 250
14 80 52 66 7 0 1 0.00 M M 9.8 18 360 M M 1 28 360
15 72 54 63 4 2 0 0.22 M M 9.8 22 100 M M 5 13 27 360
16 82 51 67 8 0 2 0.00 M M 12.1 20 190 M M 0 28 200
17 87 61 74 14 0 9 0.02 M M 13.8 25 180 M M 2 3 36 180
18 84 58 71 11 0 6 0.00 M M 8.3 17 200 M M 0 M M
19 93 52 73 12 0 8 0.00 M M 17.2 32 350 M M 0 45 360
20 65 49 57 -4 8 0 0.00 M M 16.9 25 10 M M 10 36 360
21 58 42 50 -12 15 0 T M M 11.8 17 350 M M 7 21 330
22 67 33 50 -12 15 0 0.00 M M 6.5 12 150 M M 2 16 99
23 57 48 53 -9 12 0 0.14 M M 8.0 22 170 M M 9 32 170
24 53 44 49 -14 16 0 0.50 M M 13.2 28 30 M M 9 1 32 30
25 57 47 52 -11 13 0 0.01 M M 20.1 28 360 M M 8 1 35 360
26 75 44 60 -4 5 0 0.00 M M 11.7 18 350 M M 2 M M
27 89 55 72 8 0 7 0.00 M M 12.8 22 170 M M 0 30 160
28 86 61 74 9 0 9 0.00 M M 14.9 24 150 M M 0 32 150
29 84 65 75 10 0 10 0.00 M M 9.8 28 160 M M 1 45 170
30 80 60 70 5 0 5 0.00 M M 17.5 30 280 M M 4 47 230
31 74 51 63 -3 2 0 0.00 M M 11.4 18 300 M M 3 23 300
================================================================================
SM 2248 1555 192 85 2.34 M 395.1 M 125
================================================================================
AV 72.5 50.2 12.7 FASTST M M 4 MAX(MPH)
MISC ----> 38 230 M M
================================================================================
NOTES:
# LAST OF SEVERAL OCCURRENCES
COLUMN 17 PEAK WIND IN M.P.H.
PRELIMINARY LOCAL CLIMATOLOGICAL DATA (WS FORM: F-6) , PAGE 2
STATION: KEARNEY NE
MONTH: MAY
YEAR: 2022
LATITUDE: 40 43 N
LONGITUDE: 99 0 W
[TEMPERATURE DATA] [PRECIPITATION DATA] SYMBOLS USED IN COLUMN 16
AVERAGE MONTHLY: 61.3 TOTAL FOR MONTH: 2.34 1 = FOG OR MIST
DPTR FM NORMAL: 1.8 DPTR FM NORMAL: -2.06 2 = FOG REDUCING VISIBILITY
HIGHEST: 93 ON 19 GRTST 24HR 1.11 ON 2- 2 TO 1/4 MILE OR LESS
LOWEST: 32 ON 2 3 = THUNDER
SNOW, ICE PELLETS, HAIL 4 = ICE PELLETS
TOTAL MONTH: M 5 = HAIL
GRTST 24HR M ON M 6 = FREEZING RAIN OR DRIZZLE
GRTST DEPTH: M ON M 7 = DUSTSTORM OR SANDSTORM:
VSBY 1/2 MILE OR LESS
8 = SMOKE OR HAZE
[NO. OF DAYS WITH] [WEATHER - DAYS WITH] 9 = BLOWING SNOW
X = TORNADO
MAX 32 OR BELOW: 0 0.01 INCH OR MORE: 9
MAX 90 OR ABOVE: 3 0.10 INCH OR MORE: 5
MIN 32 OR BELOW: 1 0.50 INCH OR MORE: 1
MIN 0 OR BELOW: 0 1.00 INCH OR MORE: 1
[HDD (BASE 65) ]
TOTAL THIS MO. 192 CLEAR (SCALE 0-3) 16
DPTR FM NORMAL -18 PTCLDY (SCALE 4-7) 8
TOTAL FM JUL 1 5550 CLOUDY (SCALE 8-10) 7
DPTR FM NORMAL -922
[CDD (BASE 65) ]
TOTAL THIS MO. 85
DPTR FM NORMAL 41 [PRESSURE DATA]
TOTAL FM JAN 1 94 HIGHEST SLP 30.44 ON 22
DPTR FM NORMAL 47 LOWEST SLP 29.16 ON 9
[REMARKS]
#FINAL-05-22#