000
CXUS53 KGID 011122 CCA
CF6EAR
PRELIMINARY LOCAL CLIMATOLOGICAL DATA (WS FORM: F-6)
STATION: KEARNEY NE
MONTH: MARCH
YEAR: 2022
LATITUDE: 40 43 N
LONGITUDE: 99 0 W
TEMPERATURE IN F: :PCPN: SNOW: WIND :SUNSHINE: SKY :PK WND
================================================================================
1 2 3 4 5 6A 6B 7 8 9 10 11 12 13 14 15 16 17 18
12Z AVG MX 2MIN
DY MAX MIN AVG DEP HDD CDD WTR SNW DPTH SPD SPD DIR MIN PSBL S-S WX SPD DR
================================================================================
1 74 39 57 25 8 0 0.00 M M 8.8 14 310 M M 0 16 340
2 76 37 57 24 8 0 0.00 M M 8.5 24 70 M M 0 28 70
3 51 29 40 7 25 0 0.00 M M 14.3 20 70 M M 5 1 22 90
4 67 29 48 15 17 0 0.00 M M 11.7 22 200 M M 0 18 31 200
5 45 21 33 -1 32 0 0.02 M M 19.3 27 340 M M 7 1 35 10
6 31 15 23 -11 42 0 0.02 M M 15.0 24 360 M M 5 1 28 350
7 35 11 23 -12 42 0 T M M 10.3 17 350 M M 2 1 17 330
8 47 13 30 -5 35 0 0.00 M M 11.4 27 360 M M 0 37 360
9 22 13 18 -18 47 0 M M M 12.3 21 30 M M 8 1 23 20
10 22 14 18 -18 47 0 M M M 6.6 10 20 M M 6 1 M M
11 29 7 18 -18 47 0 T M M 10.4 16 350 M M 1 20 350
12 55 7 31 -6 34 0 0.00 M M 12.5 23 200 M M 1 29 200
13 70 29 50 13 15 0 0.00 M M 8.1 15 180 M M 0 22 190
14 51 28 40 2 25 0 0.00 M M 17.1 33 360 M M 1 41 360
15 65 20 43 5 22 0 0.00 M M 11.3 21 200 M M 0 27 200
16 70 30 50 12 15 0 0.00 M M 12.3 22 20 M M 0 27 30
17 50 35 43 4 22 0 0.10 M M 19.7 35 360 M M 8 1 44 10
18 56 31 44 5 21 0 0.00 M M 10.1 16 360 M M 2 28 350
19 67 24 46 6 19 0 0.00 M M 5.5 14 260 M M 0 17 10
20 79 35 57 17 8 0 0.00 M M 17.1 28 200 M M 0 43 190
21 60 35 48 8 17 0 0.05 M M 20.3 35 10 M M 4 44 10
22 51 32 42 1 23 0 M M M 30.0 43 360 M M 4 1 55 360
23 48 30 39 -2 26 0 T M M 21.3 33 340 M M 4 44 340
24 62 25 44 2 21 0 0.00 M M 9.9 15 360 M M 2 21 310
25 57 32 45 3 20 0 0.00 M M 14.3 22 340 M M 3 39 350
26 53 24 39 -3 26 0 0.00 M M 9.7 15 90 M M 0 20 80
27 50 25 38 -5 27 0 0.00 M M 12.3 16 100 M M 1 22 120
28 59 25 42 -1 23 0 0.00 M M 14.2 23 150 M M 0 31 150
29 79 34 57 14 8 0 T M M 18.9 35 280 M M 2 8 45 340
30 39 27 33 -11 32 0 M M M 24.2 32 330 M M 10 1 45 330
31 52 26 39 -5 26 0 T M M 11.0 21 340 M M 4 30 340
================================================================================
SM 1672 782 780 0 M M 428.4 M 80
================================================================================
AV 53.9 25.2 13.8 FASTST M M 3 MAX(MPH)
MISC ----> 43 360 M M
================================================================================
NOTES:
# LAST OF SEVERAL OCCURRENCES
COLUMN 17 PEAK WIND IN M.P.H.
PRELIMINARY LOCAL CLIMATOLOGICAL DATA (WS FORM: F-6) , PAGE 2
STATION: KEARNEY NE
MONTH: MARCH
YEAR: 2022
LATITUDE: 40 43 N
LONGITUDE: 99 0 W
[TEMPERATURE DATA] [PRECIPITATION DATA] SYMBOLS USED IN COLUMN 16
AVERAGE MONTHLY: 39.6 TOTAL FOR MONTH: M 1 = FOG OR MIST
DPTR FM NORMAL: 1.3 DPTR FM NORMAL: M 2 = FOG REDUCING VISIBILITY
HIGHEST: 79 ON 29,20 GRTST 24HR M ON M TO 1/4 MILE OR LESS
LOWEST: 7 ON 11,12 3 = THUNDER
SNOW, ICE PELLETS, HAIL 4 = ICE PELLETS
TOTAL MONTH: M 5 = HAIL
GRTST 24HR M ON M 6 = FREEZING RAIN OR DRIZZLE
GRTST DEPTH: M ON M 7 = DUSTSTORM OR SANDSTORM:
VSBY 1/2 MILE OR LESS
8 = SMOKE OR HAZE
[NO. OF DAYS WITH] [WEATHER - DAYS WITH] 9 = BLOWING SNOW
X = TORNADO
MAX 32 OR BELOW: 4 0.01 INCH OR MORE: M
MAX 90 OR ABOVE: 0 0.10 INCH OR MORE: M
MIN 32 OR BELOW: 25 0.50 INCH OR MORE: M
MIN 0 OR BELOW: 0 1.00 INCH OR MORE: M
[HDD (BASE 65) ]
TOTAL THIS MO. 780 CLEAR (SCALE 0-3) 19
DPTR FM NORMAL -66 PTCLDY (SCALE 4-7) 10
TOTAL FM JUL 1 4901 CLOUDY (SCALE 8-10) 2
DPTR FM NORMAL -864
[CDD (BASE 65) ]
TOTAL THIS MO. 0
DPTR FM NORMAL 0 [PRESSURE DATA]
TOTAL FM JAN 1 0 HIGHEST SLP 30.45 ON 11
DPTR FM NORMAL 0 LOWEST SLP 29.10 ON 29
[REMARKS]
#FINAL-03-22#