000
CXUS53 KGID 011438
CF6EAR
PRELIMINARY LOCAL CLIMATOLOGICAL DATA (WS FORM: F-6)
STATION: KEARNEY
MONTH: FEBRUARY
YEAR: 2021
LATITUDE: 40 43 N
LONGITUDE: 99 0 W
TEMPERATURE IN F: :PCPN: SNOW: WIND :SUNSHINE: SKY :PK WND
================================================================================
1 2 3 4 5 6A 6B 7 8 9 10 11 12 13 14 15 16 17 18
12Z AVG MX 2MIN
DY MAX MIN AVG DEP HDD CDD WTR SNW DPTH SPD SPD DIR MIN PSBL S-S WX SPD DR
================================================================================
1 35 10 23 -2 42 0 T M M 5.3 10 100 M M 3 128 M M
2 31 20 26 0 39 0 T M M 6.9 12 180 M M 10 12 M M
3 42 15 29 3 36 0 T M M 7.5 25 360 M M 3 12 38 360
4 35 20 28 2 37 0 M M M 16.3 29 350 M M 3 1 40 340
5 30 16 23 -3 42 0 0.00 M M 7.0 12 70 M M 3 M M
6 21 2 12 -14 53 0 M M M 11.5 28 20 M M 9 1 30 30
7 5 0 3 -23 62 0 M M M 12.9 22 120 M M 10 1 23 110
8 5 -15 -5 -31 70 0 M M M 6.3 13 30 M M 4 1 M M
9 6 -17 -5 -32 70 0 T M M 4.1 7 70 M M 4 M M
10 12 -4 4 -23 61 0 T M M 7.0 13 30 M M 2 8 M M
11 5 -8 -1 -28 66 0 T M M 7.2 13 50 M M 2 M M
12 1 -4 -1 -28 66 0 M M M 9.8 15 40 M M 10 1 M M
13 1 -9 -4 -32 69 0 M M M 7.1 14 10 M M 6 1 M M
14 -2 -14 -8 -36 73 0 M M M 13.0 21 10 M M 8 1 M M
15 -9 -26 -17 -45 82 0 0.00 M M 3.4 9 340 M M 0 M M
16 3 -26 -11 -39 76 0 T M M 9.2 16 150 M M 6 8 M M
17 15 3 9 -19 56 0 M M M 8.0 13 150 M M 9 M M
18 25 8 17 -12 48 0 T M M 6.7 12 350 M M 4 M M
19 24 0 12 -17 53 0 0.00 M M 4.7 10 210 M M 1 1 M M
20 36 3 20 -9 45 0 0.00 M M 6.6 14 110 M M 2 12 M M
21 39 26 33 3 32 0 M M M 12.3 22 340 M M 4 1 30 340
22 46 27 37 7 28 0 0.00 M M 15.5 22 280 M M 0 33 280
23 59 28 44 14 21 0 0.00 M M 10.5 18 220 M M 0 23 220
24 42 28 35 4 30 0 0.00 M M 10.0 20 330 M M 0 M M
25 41 25 33 2 32 0 0.00 M M 8.1 17 190 M M 1 M M
26 49 25 37 6 28 0 0.00 M M 12.8 20 210 M M 1 M M
27 50 24 37 5 28 0 0.00 M M 8.1 25 100 M M 2 1 36 170
28 38 26 32 0 33 0 0.00 M M 11.7 23 350 M M 5 1 31 330
================================================================================
SM 685 183 1378 0 M M 249.5 M 112
================================================================================
AV 24.5 6.5 8.9 FASTST M M 4 MAX(MPH)
MISC ----> 29 350 M M
================================================================================
NOTES:
# LAST OF SEVERAL OCCURRENCES
COLUMN 17 PEAK WIND IN M.P.H.
PRELIMINARY LOCAL CLIMATOLOGICAL DATA (WS FORM: F-6) , PAGE 2
STATION: KEARNEY
MONTH: FEBRUARY
YEAR: 2021
LATITUDE: 40 43 N
LONGITUDE: 99 0 W
[TEMPERATURE DATA] [PRECIPITATION DATA] SYMBOLS USED IN COLUMN 16
AVERAGE MONTHLY: 15.5 TOTAL FOR MONTH: M 1 = FOG OR MIST
DPTR FM NORMAL: -12.6 DPTR FM NORMAL: M 2 = FOG REDUCING VISIBILITY
HIGHEST: 59 ON 23 GRTST 24HR M ON M TO 1/4 MILE OR LESS
LOWEST: -26 ON 16,15 3 = THUNDER
SNOW, ICE PELLETS, HAIL 4 = ICE PELLETS
TOTAL MONTH: M 5 = HAIL
GRTST 24HR M ON M 6 = FREEZING RAIN OR DRIZZLE
GRTST DEPTH: M ON M 7 = DUSTSTORM OR SANDSTORM:
VSBY 1/2 MILE OR LESS
8 = SMOKE OR HAZE
[NO. OF DAYS WITH] [WEATHER - DAYS WITH] 9 = BLOWING SNOW
X = TORNADO
MAX 32 OR BELOW: 16 0.01 INCH OR MORE: M
MAX 90 OR ABOVE: 0 0.10 INCH OR MORE: M
MIN 32 OR BELOW: 28 0.50 INCH OR MORE: M
MIN 0 OR BELOW: 11 1.00 INCH OR MORE: M
[HDD (BASE 65) ]
TOTAL THIS MO. 1378 CLEAR (SCALE 0-3) 15
DPTR FM NORMAL 346 PTCLDY (SCALE 4-7) 7
TOTAL FM JUL 1 4713 CLOUDY (SCALE 8-10) 6
DPTR FM NORMAL -213
[CDD (BASE 65) ]
TOTAL THIS MO. 0
DPTR FM NORMAL 0 [PRESSURE DATA]
TOTAL FM JAN 1 0 HIGHEST SLP 30.75 ON 14
DPTR FM NORMAL 0 LOWEST SLP 29.59 ON 3
[REMARKS]
#FINAL-02-21#