815
CXUS53 KGID 012009 CCA
CF6EAR
PRELIMINARY LOCAL CLIMATOLOGICAL DATA (WS FORM: F-6)
STATION: KEARNEY
MONTH: DECEMBER
YEAR: 2020
LATITUDE: 40 43 N
LONGITUDE: 99 0 W
TEMPERATURE IN F: :PCPN: SNOW: WIND :SUNSHINE: SKY :PK WND
================================================================================
1 2 3 4 5 6A 6B 7 8 9 10 11 12 13 14 15 16 17 18
12Z AVG MX 2MIN
DY MAX MIN AVG DEP HDD CDD WTR SNW DPTH SPD SPD DIR MIN PSBL S-S WX SPD DR
================================================================================
1 49 13 31 1 34 0 0.00 M M 8.5 16 350 M M 0 22 330
2 42 26 34 5 31 0 0.00 M M 17.6 25 10 M M 2 36 10
3 47 19 33 4 32 0 0.00 M M 8.8 14 330 M M 1 M M
4 60 25 43 15 22 0 0.00 M M 9.0 13 320 M M 0 M M
5 56 27 42 14 23 0 0.00 M M 10.4 17 360 M M 0 M M
6 52 24 38 10 27 0 0.00 M M 6.9 10 320 M M 0 M M
7 62 27 45 18 20 0 0.00 M M 10.2 17 320 M M 0 25 320
8 65 26 46 19 19 0 0.00 M M 7.1 12 290 M M 0 M M
9 68 36 52 25 13 0 0.00 M M 6.6 9 200 M M 0 M M
10 46 28 37 10 28 0 0.00 M M 16.6 27 20 M M 1 35 360
11 34 29 32 6 33 0 M M M 18.4 27 360 M M 10 1 31 360
12 30 15 23 -3 42 0 M M M 11.0 22 350 M M 9 1 31 350
13 35 8 22 -4 43 0 0.00 M M 5.9 18 350 M M 4 12 M M
14 22 2 12 -14 53 0 0.00 M M 10.4 17 90 M M 4 1 M M
15 25 12 19 -7 46 0 M M M 7.6 16 110 M M 10 12 M M
16 33 5 19 -6 46 0 M M M 6.4 10 300 M M 4 12 M M
17 37 16 27 2 38 0 0.00 M M 9.8 23 180 M M 0 M M
18 42 24 33 8 32 0 0.00 M M 11.6 21 160 M M 1 M M
19 40 13 27 2 38 0 0.00 M M 9.4 15 210 M M 0 M M
20 44 28 36 11 29 0 0.00 M M 11.1 16 250 M M 1 22 250
21 52 30 41 16 24 0 0.00 M M 8.1 12 300 M M 0 M M
22 56 30 43 18 22 0 0.00 M M 12.6 25 180 M M 0 31 170
23 42 16 29 4 36 0 M M M 23.0 43 330 M M 6 12 53 310
24 33 16 25 0 40 0 0.00 M M 7.2 18 290 M M 7 21 290
25 50 20 35 11 30 0 0.00 M M 5.8 10 280 M M 0 M M
26 48 21 35 11 30 0 0.00 M M 4.4 9 220 M M 0 M M
27 44 25 35 11 30 0 M M M 11.9 28 340 M M 3 35 340
28 34 19 27 3 38 0 M M M 6.6 16 120 M M 8 1 M M
29 31 23 27 3 38 0 M M M 12.9 27 130 M M 10 1 31 120
30 32 12 22 -2 43 0 0.00 M M 9.8 22 330 M M 0 28 330
31 35 8 22 -2 43 0 0.00 M M 7.2 14 200 M M 0 1 M M
================================================================================
SM 1346 623 1023 0 M M 312.8 M 81
================================================================================
AV 43.4 20.1 10.1 FASTST M M 3 MAX(MPH)
MISC ----> 43 330 M M
================================================================================
NOTES:
# LAST OF SEVERAL OCCURRENCES
COLUMN 17 PEAK WIND IN M.P.H.
PRELIMINARY LOCAL CLIMATOLOGICAL DATA (WS FORM: F-6) , PAGE 2
STATION: KEARNEY
MONTH: DECEMBER
YEAR: 2020
LATITUDE: 40 43 N
LONGITUDE: 99 0 W
[TEMPERATURE DATA] [PRECIPITATION DATA] SYMBOLS USED IN COLUMN 16
AVERAGE MONTHLY: 31.8 TOTAL FOR MONTH: M 1 = FOG OR MIST
DPTR FM NORMAL: 5.9 DPTR FM NORMAL: M 2 = FOG REDUCING VISIBILITY
HIGHEST: 68 ON 9 GRTST 24HR M ON M TO 1/4 MILE OR LESS
LOWEST: 2 ON 14 3 = THUNDER
SNOW, ICE PELLETS, HAIL 4 = ICE PELLETS
TOTAL MONTH: M 5 = HAIL
GRTST 24HR M ON M 6 = FREEZING RAIN OR DRIZZLE
GRTST DEPTH: M ON M 7 = DUSTSTORM OR SANDSTORM:
VSBY 1/2 MILE OR LESS
8 = SMOKE OR HAZE
[NO. OF DAYS WITH] [WEATHER - DAYS WITH] 9 = BLOWING SNOW
X = TORNADO
MAX 32 OR BELOW: 5 0.01 INCH OR MORE: M
MAX 90 OR ABOVE: 0 0.10 INCH OR MORE: M
MIN 32 OR BELOW: 30 0.50 INCH OR MORE: M
MIN 0 OR BELOW: 0 1.00 INCH OR MORE: M
[HDD (BASE 65) ]
TOTAL THIS MO. 1023 CLEAR (SCALE 0-3) 21
DPTR FM NORMAL -187 PTCLDY (SCALE 4-7) 5
TOTAL FM JUL 1 2261 CLOUDY (SCALE 8-10) 5
DPTR FM NORMAL -382
[CDD (BASE 65) ]
TOTAL THIS MO. 0
DPTR FM NORMAL 0 [PRESSURE DATA]
TOTAL FM JAN 1 1125 HIGHEST SLP 30.47 ON 28
DPTR FM NORMAL 254 LOWEST SLP 29.34 ON 22
[REMARKS]
#FINAL-12-20#