000
CXUS53 KGID 011244 AAA
CF6EAR
PRELIMINARY LOCAL CLIMATOLOGICAL DATA (WS FORM: F-6)
STATION: KEARNEY NE
MONTH: SEPTEMBER
YEAR: 2023
LATITUDE: 40 43 N
LONGITUDE: 99 0 W
TEMPERATURE IN F: :PCPN: SNOW: WIND :SUNSHINE: SKY :PK WND
================================================================================
1 2 3 4 5 6A 6B 7 8 9 10 11 12 13 14 15 16 17 18
12Z AVG MX 2MIN
DY MAX MIN AVG DEP HDD CDD WTR SNW DPTH SPD SPD DIR MIN PSBL S-S WX SPD DR
================================================================================
1 94 63 79 10 0 14 0.00 M M 13.1 23 170 M M 0 28 170
2 99 67 83 14 0 18 0.00 M M 13.3 17 200 M M 0 M M
3 95 63 79 10 0 14 0.00 M M 12.4 18 190 M M 0 M M
4 96 58 77 8 0 12 T M M 12.1 23 150 M M 0 3 31 150
5 80 56 68 0 0 3 T M M 16.0 25 320 M M 2 38 37 310
6 79 50 65 -3 0 0 0.00 M M 6.6 14 360 M M 0 18 M M
7 84 51 68 0 0 3 0.00 M M 8.9 15 160 M M 2 18 20 140
8 85 55 70 3 0 5 0.00 M M 5.6 12 90 M M 0 8 16 110
9 86 55 71 4 0 6 T M M 9.0 22 140 M M 1 36 200
10 65 57 61 -6 4 0 0.68 M M 7.8 16 10 M M 7 13 M M
11 73 53 63 -3 2 0 0.00 M M 8.1 16 70 M M 6 1 20 40
12 75 46 61 -5 4 0 0.00 M M 4.6 9 180 M M 1 M M
13 77 45 61 -5 4 0 0.00 M M 7.9 16 180 M M 2 24 190
14 78 52 65 0 0 0 0.00 M M 8.3 16 170 M M 3 1 21 180
15 72 56 64 -1 1 0 0.01 M M 4.4 9 210 M M 6 1 M M
16 81 50 66 1 0 1 0.00 M M 6.7 14 20 M M 1 1 21 350
17 81 47 64 0 1 0 0.00 M M 5.6 10 150 M M 0 8 M M
18 93 51 72 8 0 7 0.01 M M 11.7 21 200 M M 0 3 31 220
19 92 54 73 10 0 8 0.00 M M 6.0 12 190 M M 0 M M
20 90 53 72 9 0 7 0.00 M M 8.3 14 160 M M 0 M M
21 78 60 69 6 0 4 3.27 M M 13.1 25 20 M M 6 138 30 80
22 73 56 65 3 0 0 0.42 M M 8.1 24 40 M M 7 1 37 50
23 77 56 67 5 0 2 0.03 M M 9.4 18 300 M M 5 1 24 300
24 80 50 65 4 0 0 0.00 M M 8.7 20 310 M M 1 24 280
25 82 50 66 5 0 1 0.00 M M 5.2 10 40 M M 0 M M
26 77 51 64 3 1 0 0.00 M M 7.9 13 60 M M 0 M M
27 79 48 64 4 1 0 0.00 M M 5.8 12 100 M M 0 16 100
28 94 55 75 15 0 10 0.00 M M 12.3 25 170 M M 0 32 170
29 91 66 79 20 0 14 T M M 15.2 23 170 M M 0 33 170
30 93 63 78 19 0 13 0.00 M M 16.3 27 180 M M 0 36 170
================================================================================
SM 2499 1637 18 142 4.42 M 278.4 M 50
================================================================================
AV 83.3 54.6 9.3 FASTST M M 2 MAX(MPH)
MISC ----> 27 180 # M M
================================================================================
NOTES:
# LAST OF SEVERAL OCCURRENCES
COLUMN 17 PEAK WIND IN M.P.H.
PRELIMINARY LOCAL CLIMATOLOGICAL DATA (WS FORM: F-6) , PAGE 2
STATION: KEARNEY NE
MONTH: SEPTEMBER
YEAR: 2023
LATITUDE: 40 43 N
LONGITUDE: 99 0 W
[TEMPERATURE DATA] [PRECIPITATION DATA] SYMBOLS USED IN COLUMN 16
AVERAGE MONTHLY: 68.9 TOTAL FOR MONTH: 4.42 1 = FOG OR MIST
DPTR FM NORMAL: 4.4 DPTR FM NORMAL: 2.58 2 = FOG REDUCING VISIBILITY
HIGHEST: 99 ON 2 GRTST 24HR 3.69 ON 21-22 TO 1/4 MILE OR LESS
LOWEST: 45 ON 13 3 = THUNDER
SNOW, ICE PELLETS, HAIL 4 = ICE PELLETS
TOTAL MONTH: M 5 = HAIL
GRTST 24HR M ON M 6 = FREEZING RAIN OR DRIZZLE
GRTST DEPTH: M ON M 7 = DUSTSTORM OR SANDSTORM:
VSBY 1/2 MILE OR LESS
8 = SMOKE OR HAZE
[NO. OF DAYS WITH] [WEATHER - DAYS WITH] 9 = BLOWING SNOW
X = TORNADO
MAX 32 OR BELOW: 0 0.01 INCH OR MORE: 6
MAX 90 OR ABOVE: 10 0.10 INCH OR MORE: 3
MIN 32 OR BELOW: 0 0.50 INCH OR MORE: 2
MIN 0 OR BELOW: 0 1.00 INCH OR MORE: 1
[HDD (BASE 65) ]
TOTAL THIS MO. 18 CLEAR (SCALE 0-3) 24
DPTR FM NORMAL -114 PTCLDY (SCALE 4-7) 6
TOTAL FM JUL 1 22 CLOUDY (SCALE 8-10) 0
DPTR FM NORMAL -118
[CDD (BASE 65) ]
TOTAL THIS MO. 142
DPTR FM NORMAL 57 [PRESSURE DATA]
TOTAL FM JAN 1 998 HIGHEST SLP 30.16 ON 25
DPTR FM NORMAL 134 LOWEST SLP 29.67 ON 19
[REMARKS]
#FINAL-09-23#