000
CXUS53 KMPX 012023
CF6EAU
PRELIMINARY LOCAL CLIMATOLOGICAL DATA (WS FORM: F-6)
STATION: EAU CLAIRE WI
MONTH: JANUARY
YEAR: 2023
LATITUDE: 44 52 N
LONGITUDE: 91 29 W
TEMPERATURE IN F: :PCPN: SNOW: WIND :SUNSHINE: SKY :PK WND
================================================================================
1 2 3 4 5 6A 6B 7 8 9 10 11 12 13 14 15 16 17 18
12Z AVG MX 2MIN
DY MAX MIN AVG DEP HDD CDD WTR SNW DPTH SPD SPD DIR MIN PSBL S-S WX SPD DR
================================================================================
1 34 22 28 12 37 0 0.00 0.0 8 6.7 12 240 M M 9 18 17 250
2 29 24 27 11 38 0 0.02 0.2 8 2.6 8 250 M M 10 18 11 280
3 35 28 32 16 33 0 0.41 1.2 8 9.5 21 60 M M 10 12 27 60
4 35 33 34 18 31 0 0.19 0.7 9 6.9 10 20 M M 10 1 17 50
5 33 17 25 9 40 0 0.05 0.9 9 8.2 14 330 M M 10 18 19 330
6 18 2 10 -5 55 0 T T 10 2.6 10 270 M M 5 18 13 250
7 21 -2 10 -5 55 0 0.00 0.0 10 0.6 5 250 M M 0 18 6 290
8 23 -1 11 -4 54 0 0.00 0.0 10 4.0 12 200 M M 0 18 14 210
9 32 4 18 3 47 0 T T 10 4.8 12 100 M M 7 128 16 100
10 32 27 30 15 35 0 0.00 0.0 9 3.7 10 100 M M 10 128 13 100
11 34 27 31 16 34 0 0.05 T 9 2.1 9 360 M M 10 168 13 10
12 33 25 29 15 36 0 0.01 0.1 9 9.4 15 340 M M 10 18 23 330
13 26 19 23 9 42 0 T T 9 5.9 13 330 M M 10 19 330
14 30 18 24 10 41 0 0.00 0.0 9 10.7 17 160 M M 5 1 21 150
15 39 27 33 19 32 0 0.00 0.0 9 9.9 18 160 M M 2 23 160
16 37 34 36 22 29 0 0.32 0.0 9 7.8 13 100 M M 10 1 18 90
17 37 33 35 21 30 0 0.07 0.1 9 7.5 13 320 M M 10 1 18 340
18 34 31 33 19 32 0 0.00 0.0 8 9.5 24 70 M M 10 33 60
19 33 26 30 16 35 0 0.35 5.0 11 9.5 17 340 M M 10 128 24 330
20 27 21 24 10 41 0 T T 12 8.0 14 330 M M 10 M M
21 21 17 19 5 46 0 T T 11 6.9 14 210 M M 10 1 18 210
22 23 17 20 6 45 0 T 0.1 11 3.0 8 250 M M 10 1 12 260
23 30 15 23 9 42 0 T T 11 8.3 14 270 M M 10 18 19 280
24 30 21 26 12 39 0 T T 10 5.7 12 180 M M 9 18 17 250
25 31 23 27 13 38 0 0.09 1.3 10 5.5 15 330 M M 10 18 23 330
26 23 6 15 1 50 0 0.02 0.4 11 9.0 17 310 M M 6 1 20 310
27 30 8 19 5 46 0 0.07 1.1 11 11.6 23 290 M M 7 18 36 280
28 9 2 6 -8 59 0 0.00 0.0 11 6.0 12 340 M M 1 16 340
29 6 -4 1 -13 64 0 0.00 0.0 10 6.7 13 270 M M 4 17 280
30 2 -10 -4 -18 69 0 0.00 0.0 10 7.8 16 280 M M 1 23 260
31 11 -19 -4 -19 69 0 0.00 0.0 10 6.5 16 220 M M 2 20 210
================================================================================
SM 838 491 1344 0 1.65 11.1 206.9 M 228
================================================================================
AV 27.0 15.8 6.7 FASTST M M 7 MAX(MPH)
MISC ----> 24 70 36 280
================================================================================
NOTES:
# LAST OF SEVERAL OCCURRENCES
COLUMN 17 PEAK WIND IN M.P.H.
PRELIMINARY LOCAL CLIMATOLOGICAL DATA (WS FORM: F-6) , PAGE 2
STATION: EAU CLAIRE WI
MONTH: JANUARY
YEAR: 2023
LATITUDE: 44 52 N
LONGITUDE: 91 29 W
[TEMPERATURE DATA] [PRECIPITATION DATA] SYMBOLS USED IN COLUMN 16
AVERAGE MONTHLY: 21.4 TOTAL FOR MONTH: 1.65 1 = FOG OR MIST
DPTR FM NORMAL: 6.8 DPTR FM NORMAL: 0.62 2 = FOG REDUCING VISIBILITY
HIGHEST: 39 ON 15 GRTST 24HR 0.42 ON 3- 4 TO 1/4 MILE OR LESS
LOWEST: -19 ON 31 3 = THUNDER
SNOW, ICE PELLETS, HAIL 4 = ICE PELLETS
TOTAL MONTH: 11.1 INCHES 5 = HAIL
GRTST 24HR 5.0 ON 19-19 6 = FREEZING RAIN OR DRIZZLE
GRTST DEPTH: 12 ON 20 7 = DUSTSTORM OR SANDSTORM:
VSBY 1/2 MILE OR LESS
8 = SMOKE OR HAZE
[NO. OF DAYS WITH] [WEATHER - DAYS WITH] 9 = BLOWING SNOW
X = TORNADO
MAX 32 OR BELOW: 20 0.01 INCH OR MORE: 12
MAX 90 OR ABOVE: 0 0.10 INCH OR MORE: 4
MIN 32 OR BELOW: 28 0.50 INCH OR MORE: 0
MIN 0 OR BELOW: 5 1.00 INCH OR MORE: 0
[HDD (BASE 65) ]
TOTAL THIS MO. 1344 CLEAR (SCALE 0-3) 6
DPTR FM NORMAL -218 PTCLDY (SCALE 4-7) 6
TOTAL FM JUL 1 4386 CLOUDY (SCALE 8-10) 19
DPTR FM NORMAL -268
[CDD (BASE 65) ]
TOTAL THIS MO. 0
DPTR FM NORMAL 0 [PRESSURE DATA]
TOTAL FM JAN 1 0 HIGHEST SLP 30.52 ON 30
DPTR FM NORMAL 0 LOWEST SLP 29.42 ON 16
[REMARKS]
#FINAL-01-23#
THE PRECIPITATION VALUES ON JANUARY 1ST....3RD...5TH...
7TH...10TH...12TH...14TH...17TH...19TH...21ST...25TH THROUGH
27TH AND 30TH ARE FROM THE 8 INCH DIAMETER RAIN GAUGE
FROM THE SNOW OBSERVING SITE.