000
CXUS53 KMPX 020143
CF6EAU
PRELIMINARY LOCAL CLIMATOLOGICAL DATA (WS FORM: F-6)
STATION: EAU CLAIRE WI
MONTH: FEBRUARY
YEAR: 2021
LATITUDE: 44 52 N
LONGITUDE: 91 29 W
TEMPERATURE IN F: :PCPN: SNOW: WIND :SUNSHINE: SKY :PK WND
================================================================================
1 2 3 4 5 6A 6B 7 8 9 10 11 12 13 14 15 16 17 18
12Z AVG MX 2MIN
DY MAX MIN AVG DEP HDD CDD WTR SNW DPTH SPD SPD DIR MIN PSBL S-S WX SPD DR
================================================================================
1 31 24 28 13 37 0 0.00 0.0 5 6.3 13 310 M M 10 16 300
2 31 7 19 3 46 0 0.00 0.0 5 3.2 9 60 M M 6 13 80
3 36 6 21 5 44 0 T T 5 8.6 21 160 M M 1 18 28 150
4 32 11 22 6 43 0 0.33 4.1 4 11.6 24 290 M M 10 1268 36 290
5 11 3 7 -9 58 0 T T 8 14.9 25 280 M M 6 8 37 270
6 3 -11 -4 -21 69 0 0.00 0.0 8 11.7 21 270 M M 1 28 260
7 -3 -19 -11 -28 76 0 T T 8 7.6 13 280 M M 3 M M
8 1 -15 -7 -24 72 0 0.01 0.2 8 4.3 13 260 M M 4 8 16 260
9 9 -14 -2 -19 67 0 T 0.1 7 7.8 18 250 M M 3 8 27 250
10 7 -8 0 -18 65 0 0.00 0.0 7 5.4 15 260 M M 5 20 260
11 0 -21 -10 -28 75 0 T 0.1 7 4.4 10 340 M M 5 8 14 350
12 -1 -11 -6 -24 71 0 0.01 0.2 7 7.0 14 310 M M 3 8 20 330
13 -2 -16 -9 -28 74 0 0.01 0.2 7 6.7 15 300 M M 4 8 19 300
14 -4 -22 -13 -32 78 0 0.00 0.0 8 6.3 15 330 M M 0 23 320
15 0 -25 -12 -31 77 0 0.00 0.0 8 1.9 10 330 M M 0 14 330
16 12 -26 -7 -27 72 0 0.00 0.0 8 1.9 6 270 M M 0 10 290
17 15 -16 0 -20 65 0 T 0.1 7 2.9 14 200 M M 6 18 18 180
18 17 -1 8 -12 57 0 T 0.2 7 2.4 9 260 M M 10 18 12 270
19 17 -1 8 -13 57 0 T T 7 4.7 12 270 M M 6 18 15 260
20 22 -12 5 -16 60 0 0.00 0.0 7 4.8 13 190 M M 1 18 16 170
21 27 15 21 -1 44 0 0.09 1.4 7 4.9 12 90 M M 8 128 15 90
22 39 17 28 6 37 0 0.02 T 9 10.4 20 220 M M 7 18 26 220
23 41 30 36 14 29 0 0.03 0.0 7 7.5 14 230 M M 7 21 280
24 38 23 31 8 34 0 0.06 0.2 6 7.1 18 330 M M 5 1 25 330
25 37 24 31 8 34 0 0.00 0.0 5 8.1 15 260 M M 2 1 21 270
26 41 21 31 7 34 0 0.00 0.0 4 11.5 28 200 M M 1 1 37 210
27 47 23 35 11 30 0 0.00 0.0 3 4.6 13 240 M M 2 1 17 250
28 37 21 29 5 36 0 0.13 T 2 9.8 22 330 M M 7 18 34 330
================================================================================
SM 541 7 1541 0 0.69 6.8 188.3 M 123
================================================================================
AV 19.3 0.3 6.7 FASTST M M 4 MAX(MPH)
MISC ----> 28 200 # 37 270
================================================================================
NOTES:
# LAST OF SEVERAL OCCURRENCES
COLUMN 17 PEAK WIND IN M.P.H.
PRELIMINARY LOCAL CLIMATOLOGICAL DATA (WS FORM: F-6) , PAGE 2
STATION: EAU CLAIRE WI
MONTH: FEBRUARY
YEAR: 2021
LATITUDE: 44 52 N
LONGITUDE: 91 29 W
[TEMPERATURE DATA] [PRECIPITATION DATA] SYMBOLS USED IN COLUMN 16
AVERAGE MONTHLY: 9.8 TOTAL FOR MONTH: 0.69 1 = FOG OR MIST
DPTR FM NORMAL: -9.6 DPTR FM NORMAL: -0.12 2 = FOG REDUCING VISIBILITY
HIGHEST: 47 ON 27 GRTST 24HR 0.33 ON 4- 4 TO 1/4 MILE OR LESS
LOWEST: -26 ON 16 3 = THUNDER
SNOW, ICE PELLETS, HAIL 4 = ICE PELLETS
TOTAL MONTH: 8.4 INCHES 5 = HAIL
GRTST 24HR 4.1 ON 4- 4 6 = FREEZING RAIN OR DRIZZLE
GRTST DEPTH: 9 ON 22 7 = DUSTSTORM OR SANDSTORM:
VSBY 1/2 MILE OR LESS
8 = SMOKE OR HAZE
[NO. OF DAYS WITH] [WEATHER - DAYS WITH] 9 = BLOWING SNOW
X = TORNADO
MAX 32 OR BELOW: 20 0.01 INCH OR MORE: 9
MAX 90 OR ABOVE: 0 0.10 INCH OR MORE: 2
MIN 32 OR BELOW: 28 0.50 INCH OR MORE: 0
MIN 0 OR BELOW: 15 1.00 INCH OR MORE: 0
[HDD (BASE 65) ]
TOTAL THIS MO. 1541 CLEAR (SCALE 0-3) 12
DPTR FM NORMAL 265 PTCLDY (SCALE 4-7) 13
TOTAL FM JUL 1 5917 CLOUDY (SCALE 8-10) 3
DPTR FM NORMAL -103
[CDD (BASE 65) ]
TOTAL THIS MO. 0
DPTR FM NORMAL 0 [PRESSURE DATA]
TOTAL FM JAN 1 0 HIGHEST SLP 30.73 ON 14
DPTR FM NORMAL 0 LOWEST SLP 29.43 ON 4
[REMARKS]
#FINAL-02-21#
THE PRECIPITATION ON THE 2ND, 4TH, 6TH, 8TH, 12TH, 13TH, 15TH,
21ST, AND 22ND ARE FROM THE 8 DIAMETER RAIN GAUGE AT THE
SNOW OBSERVING SITE.