000
CXUS53 KMPX 011906
CF6EAU
PRELIMINARY LOCAL CLIMATOLOGICAL DATA (WS FORM: F-6)
STATION: EAU CLAIRE WI
MONTH: NOVEMBER
YEAR: 2023
LATITUDE: 44 52 N
LONGITUDE: 91 29 W
TEMPERATURE IN F: :PCPN: SNOW: WIND :SUNSHINE: SKY :PK WND
================================================================================
1 2 3 4 5 6A 6B 7 8 9 10 11 12 13 14 15 16 17 18
12Z AVG MX 2MIN
DY MAX MIN AVG DEP HDD CDD WTR SNW DPTH SPD SPD DIR MIN PSBL S-S WX SPD DR
================================================================================
1 34 17 26 -14 39 0 0.00 0.0 T 6.4 15 200 M M 4 20 210
2 43 20 32 -8 33 0 0.00 0.0 T 2.3 10 200 M M 1 18 14 220
3 53 27 40 1 25 0 0.00 0.0 0 3.9 9 10 M M 4 1 15 340
4 48 21 35 -4 30 0 T 0.0 0 2.3 12 210 M M 4 128 15 250
5 57 31 44 6 21 0 0.00 0.0 0 7.2 18 160 M M 4 26 160
6 59 41 50 12 15 0 0.01 0.0 0 13.2 24 270 M M 9 36 260
7 47 39 43 5 22 0 T 0.0 0 8.4 21 120 M M 7 29 120
8 47 38 43 6 22 0 T 0.0 0 6.4 25 280 M M 9 43 270
9 50 34 42 6 23 0 0.00 0.0 0 12.0 26 280 M M 2 42 260
10 41 35 38 2 27 0 0.00 0.0 0 7.0 13 270 M M 10 18 300
11 42 37 40 4 25 0 T T 0 6.9 17 140 M M 10 23 160
12 58 33 46 11 19 0 0.01 0.0 0 9.2 20 200 M M 2 26 240
13 56 27 42 7 23 0 0.00 0.0 0 5.5 16 270 M M 0 21 310
14 64 27 46 12 19 0 0.00 0.0 0 11.9 30 200 M M 2 40 210
15 61 31 46 12 19 0 0.00 0.0 0 2.1 12 220 M M 0 17 220
16 70 32 51 18 14 0 0.00 0.0 0 15.8 32 220 M M 1 49 240
17 44 24 34 1 31 0 0.00 0.0 0 4.7 15 340 M M 0 22 320
18 53 26 40 8 25 0 0.00 0.0 0 4.9 13 270 M M 0 18 18 260
19 53 20 37 5 28 0 0.00 0.0 0 4.2 10 100 M M 0 128 16 100
20 46 34 40 9 25 0 0.00 0.0 0 6.6 13 120 M M 5 16 120
21 41 26 34 3 31 0 0.00 0.0 0 6.7 17 330 M M 9 8 24 300
22 43 21 32 2 33 0 0.00 0.0 0 5.3 15 190 M M 0 20 200
23 36 19 28 -2 37 0 0.00 0.0 0 9.4 16 330 M M 0 25 320
24 31 11 21 -8 44 0 0.00 0.0 0 4.7 12 310 M M 0 16 330
25 32 18 25 -4 40 0 0.01 0.3 0 5.8 13 220 M M 7 1 17 250
26 29 18 24 -4 41 0 0.02 0.6 1 10.4 25 300 M M 8 128 40 290
27 18 10 14 -14 51 0 T 0.1 1 10.8 20 290 M M 8 26 280
28 23 2 13 -14 52 0 0.00 0.0 1 7.4 16 200 M M 1 24 190
29 44 17 31 4 34 0 0.00 0.0 1 5.8 15 240 M M 0 1 20 250
30 44 17 31 5 34 0 0.00 0.0 T 3.6 15 330 M M 0 18 21 10
================================================================================
SM 1367 753 882 0 0.05 1.0 210.8 M 107
================================================================================
AV 45.6 25.1 7.0 FASTST M M 4 MAX(MPH)
MISC ----> 32 220 49 240
================================================================================
NOTES:
# LAST OF SEVERAL OCCURRENCES
COLUMN 17 PEAK WIND IN M.P.H.
PRELIMINARY LOCAL CLIMATOLOGICAL DATA (WS FORM: F-6) , PAGE 2
STATION: EAU CLAIRE WI
MONTH: NOVEMBER
YEAR: 2023
LATITUDE: 44 52 N
LONGITUDE: 91 29 W
[TEMPERATURE DATA] [PRECIPITATION DATA] SYMBOLS USED IN COLUMN 16
AVERAGE MONTHLY: 35.3 TOTAL FOR MONTH: 0.05 1 = FOG OR MIST
DPTR FM NORMAL: 1.9 DPTR FM NORMAL: -1.74 2 = FOG REDUCING VISIBILITY
HIGHEST: 70 ON 16 GRTST 24HR 0.02 ON 25-26 TO 1/4 MILE OR LESS
LOWEST: 2 ON 28 3 = THUNDER
SNOW, ICE PELLETS, HAIL 4 = ICE PELLETS
TOTAL MONTH: 1.0 INCHES 5 = HAIL
GRTST 24HR 0.6 ON 26-26 6 = FREEZING RAIN OR DRIZZLE
GRTST DEPTH: 1 ON 29,28 7 = DUSTSTORM OR SANDSTORM:
VSBY 1/2 MILE OR LESS
8 = SMOKE OR HAZE
[NO. OF DAYS WITH] [WEATHER - DAYS WITH] 9 = BLOWING SNOW
X = TORNADO
MAX 32 OR BELOW: 5 0.01 INCH OR MORE: 4
MAX 90 OR ABOVE: 0 0.10 INCH OR MORE: 0
MIN 32 OR BELOW: 22 0.50 INCH OR MORE: 0
MIN 0 OR BELOW: 0 1.00 INCH OR MORE: 0
[HDD (BASE 65) ]
TOTAL THIS MO. 882 CLEAR (SCALE 0-3) 16
DPTR FM NORMAL -68 PTCLDY (SCALE 4-7) 7
TOTAL FM JUL 1 1457 CLOUDY (SCALE 8-10) 7
DPTR FM NORMAL -258
[CDD (BASE 65) ]
TOTAL THIS MO. 0
DPTR FM NORMAL 0 [PRESSURE DATA]
TOTAL FM JAN 1 731 HIGHEST SLP 30.66 ON 24
DPTR FM NORMAL 164 LOWEST SLP 29.47 ON 6
[REMARKS]
#FINAL-11-23#
THE PRECIPITATION VALUE ON THE 26TH IS FROM THE 8 INCH
DIAMETER RAIN GAUGE AT THE SNOW OBSERVING SITE.