000
CXUS53 KMPX 010910
CF6EAU
PRELIMINARY LOCAL CLIMATOLOGICAL DATA (WS FORM: F-6)
STATION: EAU CLAIRE WI
MONTH: SEPTEMBER
YEAR: 2023
LATITUDE: 44 52 N
LONGITUDE: 91 29 W
TEMPERATURE IN F: :PCPN: SNOW: WIND :SUNSHINE: SKY :PK WND
================================================================================
1 2 3 4 5 6A 6B 7 8 9 10 11 12 13 14 15 16 17 18
12Z AVG MX 2MIN
DY MAX MIN AVG DEP HDD CDD WTR SNW DPTH SPD SPD DIR MIN PSBL S-S WX SPD DR
================================================================================
1 87 51 69 3 0 4 0.00 0.0 0 10.5 22 200 M M 0 31 180
2 93 68 81 15 0 16 0.00 0.0 0 8.6 17 200 M M 1 3 23 200
3 100 70 85 19 0 20 0.00 0.0 0 8.6 20 200 M M 0 27 220
4 97 71 84 19 0 19 0.00 0.0 0 9.6 23 210 M M 0 31 200
5 91 72 82 17 0 17 0.03 0.0 0 11.3 21 160 M M 2 3 29 180
6 74 58 66 1 0 1 T 0.0 0 10.0 18 330 M M 9 1 25 330
7 66 54 60 -4 5 0 T 0.0 0 5.8 14 360 M M 10 18 19 10
8 75 51 63 -1 2 0 0.00 0.0 0 3.7 8 340 M M 5 13 10
9 80 48 64 0 1 0 0.01 0.0 0 4.2 13 40 M M 5 12 18 160
10 73 54 64 1 1 0 T 0.0 0 6.6 15 40 M M 6 20 40
11 74 48 61 -2 4 0 0.00 0.0 0 5.1 15 10 M M 2 1 22 40
12 69 49 59 -3 6 0 T 0.0 0 7.7 17 360 M M 7 25 360
13 65 42 54 -8 11 0 0.00 0.0 0 3.9 10 70 M M 3 15 60
14 79 37 58 -4 7 0 0.00 0.0 0 8.1 16 180 M M 0 1 23 140
15 67 54 61 0 4 0 0.04 0.0 0 6.0 15 250 M M 7 12 21 250
16 75 52 64 3 1 0 0.00 0.0 0 2.8 15 320 M M 6 12 18 320
17 74 44 59 -1 6 0 0.00 0.0 0 3.8 13 360 M M 2 128 19 300
18 76 44 60 0 5 0 0.00 0.0 0 6.2 15 150 M M 5 1 20 160
19 80 55 68 8 0 3 0.00 0.0 0 7.9 16 170 M M 0 24 140
20 85 54 70 11 0 5 0.00 0.0 0 6.9 17 190 M M 0 1 21 160
21 86 55 71 12 0 6 0.00 0.0 0 3.5 12 160 M M 1 123 16 80
22 73 57 65 7 0 0 0.13 0.0 0 7.9 17 100 M M 9 1 28 100
23 66 63 65 7 0 0 1.14 0.0 0 11.9 23 110 M M 10 13 37 120
24 67 58 63 6 2 0 0.34 0.0 0 11.5 24 120 M M 8 13 34 120
25 65 57 61 4 4 0 1.16 0.0 0 8.7 20 120 M M 8 13 29 130
26 63 59 61 5 4 0 0.10 0.0 0 9.3 16 70 M M 10 18 20 80
27 70 59 65 9 0 0 0.05 0.0 0 8.4 17 100 M M 10 1 21 110
28 68 58 63 7 2 0 0.00 0.0 0 7.6 14 130 M M 9 20 120
29 74 56 65 10 0 0 0.11 0.0 0 7.8 18 160 M M 3 13 28 170
30 79 63 71 16 0 6 0.33 0.0 0 7.5 16 180 M M 3 13 22 140
================================================================================
SM 2291 1661 65 97 3.44 0.0 221.4 M 141
================================================================================
AV 76.4 55.4 7.4 FASTST M M 5 MAX(MPH)
MISC ----> 24 120 37 120
================================================================================
NOTES:
# LAST OF SEVERAL OCCURRENCES
COLUMN 17 PEAK WIND IN M.P.H.
PRELIMINARY LOCAL CLIMATOLOGICAL DATA (WS FORM: F-6) , PAGE 2
STATION: EAU CLAIRE WI
MONTH: SEPTEMBER
YEAR: 2023
LATITUDE: 44 52 N
LONGITUDE: 91 29 W
[TEMPERATURE DATA] [PRECIPITATION DATA] SYMBOLS USED IN COLUMN 16
AVERAGE MONTHLY: 65.9 TOTAL FOR MONTH: 3.44 1 = FOG OR MIST
DPTR FM NORMAL: 5.1 DPTR FM NORMAL: -0.21 2 = FOG REDUCING VISIBILITY
HIGHEST: 100 ON 3 GRTST 24HR 1.26 ON 25-26 TO 1/4 MILE OR LESS
LOWEST: 37 ON 14 3 = THUNDER
SNOW, ICE PELLETS, HAIL 4 = ICE PELLETS
TOTAL MONTH: 0.0 INCH 5 = HAIL
GRTST 24HR 0.0 6 = FREEZING RAIN OR DRIZZLE
GRTST DEPTH: 0 7 = DUSTSTORM OR SANDSTORM:
VSBY 1/2 MILE OR LESS
8 = SMOKE OR HAZE
[NO. OF DAYS WITH] [WEATHER - DAYS WITH] 9 = BLOWING SNOW
X = TORNADO
MAX 32 OR BELOW: 0 0.01 INCH OR MORE: 11
MAX 90 OR ABOVE: 4 0.10 INCH OR MORE: 7
MIN 32 OR BELOW: 0 0.50 INCH OR MORE: 2
MIN 0 OR BELOW: 0 1.00 INCH OR MORE: 2
[HDD (BASE 65) ]
TOTAL THIS MO. 65 CLEAR (SCALE 0-3) 12
DPTR FM NORMAL -114 PTCLDY (SCALE 4-7) 11
TOTAL FM JUL 1 90 CLOUDY (SCALE 8-10) 7
DPTR FM NORMAL -127
[CDD (BASE 65) ]
TOTAL THIS MO. 97
DPTR FM NORMAL 44 [PRESSURE DATA]
TOTAL FM JAN 1 704 HIGHEST SLP 30.21 ON 13
DPTR FM NORMAL 141 LOWEST SLP 29.61 ON 5
[REMARKS]
#FINAL-09-23#