000
CXUS51 KAKQ 022221
CF6ECG
PRELIMINARY LOCAL CLIMATOLOGICAL DATA (WS FORM: F-6)
STATION: ELIZABETH CITY NC
MONTH: MARCH
YEAR: 2023
LATITUDE: 36 16 N
LONGITUDE: 76 11 W
TEMPERATURE IN F: :PCPN: SNOW: WIND :SUNSHINE: SKY :PK WND
================================================================================
1 2 3 4 5 6A 6B 7 8 9 10 11 12 13 14 15 16 17 18
12Z AVG MX 2MIN
DY MAX MIN AVG DEP HDD CDD WTR SNW DPTH SPD SPD DIR MIN PSBL S-S WX SPD DR
================================================================================
1 65 46 56 9 9 0 0.00 0.0 0 7.4 17 60 M M 3 22 40
2 67 57 62 15 3 0 0.34 0.0 0 8.5 12 200 M M 6 1 18 210
3 71 54 63 15 2 0 0.03 0.0 0 11.4 23 180 M M 8 1 32 180
4 74 50 62 14 3 0 0.11 0.0 0 16.1 29 270 M M 2 1 40 210
5 64 40 52 4 13 0 0.00 0.0 0 7.4 20 350 M M 0 23 360
6 63 39 51 3 14 0 0.00 0.0 0 6.5 15 210 M M 0 19 210
7 64 48 56 8 9 0 0.00 0.0 0 16.6 26 340 M M 0 33 340
8 54 37 46 -3 19 0 0.00 0.0 0 14.6 26 340 M M 0 35 10
9 60 32 46 -3 19 0 0.00 0.0 0 7.4 29 210 M M 0 40 210
10 54 36 45 -4 20 0 T 0.0 0 6.2 16 290 M M 7 18 23 280
11 55 39 47 -2 18 0 0.00 0.0 0 14.6 29 310 M M 2 42 310
12 48 32 40 -10 25 0 0.15 0.0 0 6.0 14 330 M M 5 1 19 90
13 50 40 45 -5 20 0 0.40 0.0 0 12.6 22 340 M M 9 1 32 20
14 52 33 43 -7 22 0 0.00 0.0 0 15.8 26 270 M M 2 36 320
15 54 29 42 -8 23 0 0.00 0.0 0 12.9 24 320 M M 0 30 310
16 60 30 45 -6 20 0 0.00 0.0 0 7.3 14 200 M M 0 23 180
17 75 47 61 10 4 0 T 0.0 0 15.8 30 230 M M 3 37 210
18 62 44 53 2 12 0 0.19 0.0 0 9.8 24 350 M M 6 1 32 210
19 50 32 41 -11 24 0 0.00 0.0 0 9.3 18 50 M M 2 22 50
20 48 28 38 -14 27 0 0.00 0.0 0 8.1 20 30 M M 1 25 40
21 59 24 42 -10 23 0 0.00 0.0 0 5.6 13 130 M M 0 16 120
22 67 42 55 3 10 0 T 0.0 0 6.4 16 280 M M 7 20 280
23 81 52 67 14 0 2 0.00 0.0 0 13.7 25 230 M M 3 33 230
24 86 50 68 15 0 3 0.00 0.0 0 14.7 24 30 M M 1 29 40
25 83 52 68 15 0 3 T 0.0 0 M 23 230 M M 10 1 M M
26 73 52 63 9 2 0 0.22 0.0 0 5.2 26 270 M M 2 1 35 260
27 75 55 65 11 0 0 0.23 0.0 0 7.5 21 360 M M 6 1 27 250
28 63 49 56 2 9 0 0.09 0.0 0 9.2 15 30 M M 5 1 19 30
29 60 45 53 -2 12 0 0.27 0.0 0 9.4 17 30 M M 5 1 22 30
30 57 41 49 -6 16 0 0.00 0.0 0 9.6 20 50 M M 0 24 40
31 75 45 60 5 5 0 0.07 0.0 0 12.5 25 210 M M 3 32 200
================================================================================
SM 1969 1300 383 8 2.10 0.0 308.1 M 98
================================================================================
AV 63.5 41.9 10.3 FASTST M M 3 MAX(MPH)
MISC ----> 30 230 42 310
================================================================================
NOTES:
# LAST OF SEVERAL OCCURRENCES
COLUMN 17 PEAK WIND IN M.P.H.
PRELIMINARY LOCAL CLIMATOLOGICAL DATA (WS FORM: F-6) , PAGE 2
STATION: ELIZABETH CITY NC
MONTH: MARCH
YEAR: 2023
LATITUDE: 36 16 N
LONGITUDE: 76 11 W
[TEMPERATURE DATA] [PRECIPITATION DATA] SYMBOLS USED IN COLUMN 16
AVERAGE MONTHLY: 52.7 TOTAL FOR MONTH: 2.10 1 = FOG OR MIST
DPTR FM NORMAL: 1.8 DPTR FM NORMAL: -1.49 2 = FOG REDUCING VISIBILITY
HIGHEST: 86 ON 24 GRTST 24HR 0.55 ON 12-13 TO 1/4 MILE OR LESS
LOWEST: 24 ON 21 3 = THUNDER
SNOW, ICE PELLETS, HAIL 4 = ICE PELLETS
TOTAL MONTH: 0.0 INCH 5 = HAIL
GRTST 24HR 0.0 6 = FREEZING RAIN OR DRIZZLE
GRTST DEPTH: 0 7 = DUSTSTORM OR SANDSTORM:
VSBY 1/2 MILE OR LESS
8 = SMOKE OR HAZE
[NO. OF DAYS WITH] [WEATHER - DAYS WITH] 9 = BLOWING SNOW
X = TORNADO
MAX 32 OR BELOW: 0 0.01 INCH OR MORE: 11
MAX 90 OR ABOVE: 0 0.10 INCH OR MORE: 8
MIN 32 OR BELOW: 7 0.50 INCH OR MORE: 0
MIN 0 OR BELOW: 0 1.00 INCH OR MORE: 0
[HDD (BASE 65) ]
TOTAL THIS MO. 383 CLEAR (SCALE 0-3) 18
DPTR FM NORMAL -63 PTCLDY (SCALE 4-7) 11
TOTAL FM JUL 1 2346 CLOUDY (SCALE 8-10) 2
DPTR FM NORMAL -459
[CDD (BASE 65) ]
TOTAL THIS MO. 8
DPTR FM NORMAL -1 [PRESSURE DATA]
TOTAL FM JAN 1 26 HIGHEST SLP 30.49 ON 21
DPTR FM NORMAL 14 LOWEST SLP 29.41 ON 4
[REMARKS]
#FINAL-03-23#