000
CXUS54 KEWX 011110
CF6ECU
PRELIMINARY LOCAL CLIMATOLOGICAL DATA (WS FORM: F-6)
STATION: EDWARDS COUNTY AIRPORT
MONTH: NOVEMBER
YEAR: 2021
LATITUDE: 29 57 N
LONGITUDE: 100 10 W
TEMPERATURE IN F: :PCPN: SNOW: WIND :SUNSHINE: SKY :PK WND
================================================================================
1 2 3 4 5 6A 6B 7 8 9 10 11 12 13 14 15 16 17 18
12Z AVG MX 2MIN
DY MAX MIN AVG DEP HDD CDD WTR SNW DPTH SPD SPD DIR MIN PSBL S-S WX SPD DR
================================================================================
1 77 63 70 M 0 5 0.00 M M 11.6 15 150 M M 8 22 140
2 73 63 68 M 0 3 0.00 M M 10.1 14 140 M M 9 25 140
3 66 46 56 M 9 0 0.19 M M 11.2 16 30 M M 10 1 24 40
4 54 45 50 M 15 0 0.00 M M 7.0 12 20 M M 10 1 21 30
5 64 45 55 M 10 0 0.00 M M 5.5 9 150 M M 5 13 140
6 70 43 57 M 8 0 0.00 M M 7.0 12 160 M M 0 1 18 160
7 72 46 59 M 6 0 0.00 M M 10.3 15 180 M M 0 20 160
8 72 54 63 M 2 0 0.00 M M 12.0 18 170 M M 4 1 25 170
9 72 59 66 M 0 1 0.00 M M 11.9 17 180 M M 8 25 180
10 77 59 68 M 0 3 0.00 M M 12.1 20 170 M M 5 29 170
11 73 52 63 M 2 0 0.00 M M 7.2 13 50 M M 2 22 50
12 77 46 62 M 3 0 0.00 M M 8.3 13 20 M M 2 23 220
13 70 43 57 M 8 0 0.00 M M 7.9 14 170 M M 3 22 190
14 79 50 65 M 0 0 0.00 M M 7.3 12 170 M M 0 18 180
15 79 54 67 M 0 2 0.00 M M 9.3 15 200 M M 1 12 20 200
16 79 59 69 M 0 4 0.00 M M 13.4 18 160 M M 2 24 160
17 81 55 68 M 0 3 0.00 M M 11.0 16 30 M M 2 22 150
18 55 41 48 M 17 0 0.05 M M 12.4 20 30 M M 10 29 20
19 66 48 57 M 8 0 0.00 M M 7.2 12 170 M M 5 16 160
20 72 48 60 M 5 0 0.00 M M 12.0 21 170 M M 1 23 170
21 73 54 64 M 1 0 0.00 M M 11.8 15 10 M M 8 24 360
22 66 45 56 M 9 0 0.00 M M 7.8 16 10 M M 1 27 10
23 68 45 57 M 8 0 0.00 M M 11.3 17 160 M M 1 25 160
24 70 55 63 M 2 0 0.00 M M 12.9 22 170 M M 6 28 170
25 63 46 55 M 10 0 0.02 M M 12.0 21 30 M M 3 12 31 30
26 57 41 49 M 16 0 0.00 M M 4.8 9 40 M M 6 14 20
27 52 39 46 M 19 0 0.19 M M 6.0 12 180 M M 8 1 M M
28 66 43 55 M 10 0 0.00 M M 7.4 12 10 M M 1 17 10
29 72 48 60 M 5 0 0.00 M M 7.0 12 190 M M 0 18 210
30 70 46 58 M 7 0 0.00 M M 9.0 14 170 M M 0 21 170
================================================================================
SM 2085 1481 180 21 0.45 M 284.6 M 121
================================================================================
AV 69.5 49.4 9.5 FASTST M M 4 MAX(MPH)
MISC ----> 22 170 31 30
================================================================================
NOTES:
# LAST OF SEVERAL OCCURRENCES
COLUMN 17 PEAK WIND IN M.P.H.
PRELIMINARY LOCAL CLIMATOLOGICAL DATA (WS FORM: F-6) , PAGE 2
STATION: EDWARDS COUNTY AIRPORT
MONTH: NOVEMBER
YEAR: 2021
LATITUDE: 29 57 N
LONGITUDE: 100 10 W
[TEMPERATURE DATA] [PRECIPITATION DATA] SYMBOLS USED IN COLUMN 16
AVERAGE MONTHLY: 59.4 TOTAL FOR MONTH: 0.45 1 = FOG OR MIST
DPTR FM NORMAL: 0.0 DPTR FM NORMAL: M 2 = FOG REDUCING VISIBILITY
HIGHEST: 81 ON 17 GRTST 24HR 0.19 ON 3- 3 TO 1/4 MILE OR LESS
LOWEST: 39 ON 27 3 = THUNDER
SNOW, ICE PELLETS, HAIL 4 = ICE PELLETS
TOTAL MONTH: M 5 = HAIL
GRTST 24HR M ON M 6 = FREEZING RAIN OR DRIZZLE
GRTST DEPTH: M ON M 7 = DUSTSTORM OR SANDSTORM:
VSBY 1/2 MILE OR LESS
8 = SMOKE OR HAZE
[NO. OF DAYS WITH] [WEATHER - DAYS WITH] 9 = BLOWING SNOW
X = TORNADO
MAX 32 OR BELOW: 0 0.01 INCH OR MORE: 4
MAX 90 OR ABOVE: 0 0.10 INCH OR MORE: 2
MIN 32 OR BELOW: 0 0.50 INCH OR MORE: 0
MIN 0 OR BELOW: 0 1.00 INCH OR MORE: 0
[HDD (BASE 65) ]
TOTAL THIS MO. 180 CLEAR (SCALE 0-3) 15
DPTR FM NORMAL M PTCLDY (SCALE 4-7) 10
TOTAL FM JUL 1 203 CLOUDY (SCALE 8-10) 5
DPTR FM NORMAL M
[CDD (BASE 65) ]
TOTAL THIS MO. 21
DPTR FM NORMAL M [PRESSURE DATA]
TOTAL FM JAN 1 2294 HIGHEST SLP M ON M
DPTR FM NORMAL M LOWEST SLP M ON M
[REMARKS]
#FINAL-11-21#