000
CXUS55 KVEF 280910
CF6EED
PRELIMINARY LOCAL CLIMATOLOGICAL DATA (WS FORM: F-6)
STATION: NEEDLES CA
MONTH: MARCH
YEAR: 2024
LATITUDE: 34 46 N
LONGITUDE: 114 37 W
TEMPERATURE IN F: :PCPN: SNOW: WIND :SUNSHINE: SKY :PK WND
================================================================================
1 2 3 4 5 6A 6B 7 8 9 10 11 12 13 14 15 16 17 18
12Z AVG MX 2MIN
DY MAX MIN AVG DEP HDD CDD WTR SNW DPTH SPD SPD DIR MIN PSBL S-S WX SPD DR
================================================================================
1 78 56 67 4 0 2 0.00 M M 11.0 21 180 M M 0 29 180
2 75 54 65 2 0 0 0.00 M M 13.8 31 180 M M 1 41 210
3 72 52 62 -1 3 0 0.00 M M 12.2 24 180 M M 0 39 200
4 71 47 59 -5 6 0 0.00 M M 5.8 15 120 M M 0 23 80
5 76 53 65 1 0 0 0.00 M M 6.5 20 240 M M 0 25 240
6 76 52 64 0 1 0 0.00 M M 8.9 30 220 M M 0 39 220
7 65 51 58 -6 7 0 0.10 M M 4.7 16 100 M M 6 1 21 90
8 71 49 60 -5 5 0 0.00 M M 11.7 25 20 M M 0 33 30
9 72 50 61 -4 4 0 0.00 M M 8.9 23 360 M M 0 29 350
10 77 46 62 -3 3 0 0.00 M M 4.9 14 210 M M 0 25 180
11 78 54 66 1 0 1 0.00 M M 7.2 15 170 M M 0 24 140
12 76 51 64 -2 1 0 0.00 M M 5.9 15 240 M M 0 20 250
13 77 54 66 0 0 1 0.00 M M 10.0 25 350 M M 1 32 10
14 66 51 59 -7 6 0 0.00 0.0 M 16.3 35 360 M M 4 44 360
15 60 50 55 -11 10 0 0.14 M M 7.8 21 200 M M 9 1 27 200
16 61 50 56 -11 9 0 0.03 M M 4.0 17 90 M M 7 23 90
17 74 44 59 -8 6 0 0.00 M M 6.9 17 10 M M 1 21 10
18 78 57 68 1 0 3 0.00 M M 9.7 26 350 M M 1 33 350
19 78 55 67 0 0 2 0.00 M M 5.0 14 230 M M 0 17 240
20 83 54 69 1 0 4 0.00 M M 5.3 16 230 M M 0 19 240
21 86 57 72 4 0 7 0.00 M M 6.2 20 220 M M 0 26 240
22 86 59 73 5 0 8 0.00 M M 8.4 22 190 M M 0 32 200
23 81 60 71 3 0 6 0.00 M M 11.8 28 260 M M 2 37 290
24 71 51 61 -7 4 0 0.01 M M 8.8 21 60 M M 2 3 27 270
25 76 46 61 -8 4 0 0.00 M M 7.2 25 270 M M 0 33 270
26 76 53 65 -4 0 0 0.00 M M 8.3 18 250 M M 1 26 250
27 79 50 65 -4 0 0 0.00 M M 6.8 18 170 M M 0 24 170
================================================================================
SM 2019 1406 69 34 0.28 0.0 224.0 M 35
================================================================================
AV 74.8 52.1 8.3 FASTST M M 1 MAX(MPH)
MISC ----> 35 360 44 360
================================================================================
NOTES:
# LAST OF SEVERAL OCCURRENCES
COLUMN 17 PEAK WIND IN M.P.H.
PRELIMINARY LOCAL CLIMATOLOGICAL DATA (WS FORM: F-6) , PAGE 2
STATION: NEEDLES CA
MONTH: MARCH
YEAR: 2024
LATITUDE: 34 46 N
LONGITUDE: 114 37 W
[TEMPERATURE DATA] [PRECIPITATION DATA] SYMBOLS USED IN COLUMN 16
AVERAGE MONTHLY: 63.4 TOTAL FOR MONTH: 0.28 1 = FOG OR MIST
DPTR FM NORMAL: -2.6 DPTR FM NORMAL: -0.18 2 = FOG REDUCING VISIBILITY
HIGHEST: 86 ON 22,21 GRTST 24HR 0.14 ON 15-15 TO 1/4 MILE OR LESS
LOWEST: 44 ON 17 3 = THUNDER
SNOW, ICE PELLETS, HAIL 4 = ICE PELLETS
TOTAL MONTH: 0.0 INCH 5 = HAIL
GRTST 24HR 0.0 6 = FREEZING RAIN OR DRIZZLE
GRTST DEPTH: M ON M 7 = DUSTSTORM OR SANDSTORM:
VSBY 1/2 MILE OR LESS
8 = SMOKE OR HAZE
[NO. OF DAYS WITH] [WEATHER - DAYS WITH] 9 = BLOWING SNOW
X = TORNADO
MAX 32 OR BELOW: 0 0.01 INCH OR MORE: 4
MAX 90 OR ABOVE: 0 0.10 INCH OR MORE: 2
MIN 32 OR BELOW: 0 0.50 INCH OR MORE: 0
MIN 0 OR BELOW: 0 1.00 INCH OR MORE: 0
[HDD (BASE 65) ]
TOTAL THIS MO. 69 CLEAR (SCALE 0-3) 23
DPTR FM NORMAL 11 PTCLDY (SCALE 4-7) 3
TOTAL FM JUL 1 899 CLOUDY (SCALE 8-10) 1
DPTR FM NORMAL -24
[CDD (BASE 65) ]
TOTAL THIS MO. 34
DPTR FM NORMAL -55 [PRESSURE DATA]
TOTAL FM JAN 1 40 HIGHEST SLP M ON M
DPTR FM NORMAL -69 LOWEST SLP 29.49 ON 24
[REMARKS]