000
CXUS55 KGJT 250910
CF6EEO
PRELIMINARY LOCAL CLIMATOLOGICAL DATA (WS FORM: F-6)
STATION: MEEKER CO
MONTH: APRIL
YEAR: 2024
LATITUDE: 40 2 N
LONGITUDE: 107 53 W
TEMPERATURE IN F: :PCPN: SNOW: WIND :SUNSHINE: SKY :PK WND
================================================================================
1 2 3 4 5 6A 6B 7 8 9 10 11 12 13 14 15 16 17 18
12Z AVG MX 2MIN
DY MAX MIN AVG DEP HDD CDD WTR SNW DPTH SPD SPD DIR MIN PSBL S-S WX SPD DR
================================================================================
1 48 20 34 -7 31 0 0.04 M M 5.8 25 320 M M 6 18 34 330
2 53 21 37 -4 28 0 0.00 M M 3.6 16 230 M M 0 21 230
3 62 23 43 2 22 0 0.00 M M 2.6 9 270 M M 0 13 200
4 67 26 47 6 18 0 0.00 M M 8.5 23 200 M M 0 36 190
5 64 32 48 6 17 0 0.04 M M 13.1 37 200 M M 3 1 63 190
6 37 19 28 -14 37 0 0.23 M M 7.7 29 240 M M 8 128 45 260
7 43 12 28 -14 37 0 0.00 M M 5.4 22 240 M M 4 29 240
8 47 17 32 -10 33 0 0.00 M M 3.5 12 350 M M 1 16 20
9 54 17 36 -6 29 0 0.00 M M 5.0 18 230 M M 1 26 230
10 58 24 41 -2 24 0 0.00 M M 4.6 18 240 M M 4 24 290
11 62 22 42 -1 23 0 0.00 M M 5.1 17 260 M M 0 8 25 260
12 72 24 48 5 17 0 0.00 M M 6.3 23 190 M M 1 30 190
13 69 35 52 9 13 0 0.00 M M 6.2 17 230 M M 2 25 230
14 70 29 50 7 15 0 0.00 M M 8.6 24 220 M M 0 34 190
15 58 30 44 0 21 0 0.02 M M 9.0 30 210 M M 5 40 220
16 60 34 47 3 18 0 0.12 M M 4.4 18 250 M M 7 1 25 230
17 65 32 49 5 16 0 T M M 8.5 25 260 M M 7 33 260
18 57 31 44 0 21 0 0.00 M M 6.1 18 300 M M 1 25 290
19 60 29 45 1 20 0 T M M 4.8 23 40 M M 6 31 40
20 61 28 45 0 20 0 0.00 M M 4.9 18 30 M M 5 25 30
21 67 25 46 1 19 0 0.00 M M 5.0 16 270 M M 1 24 300
22 72 32 52 7 13 0 0.00 M M 6.9 26 270 M M 1 40 280
23 71 42 57 12 8 0 T M M 5.9 22 10 M M 4 29 320
24 74 37 56 10 9 0 0.00 M M 7.3 23 220 M M 2 31 220
================================================================================
SM 1451 641 509 0 0.45 M 148.8 M 69
================================================================================
AV 60.5 26.7 6.2 FASTST M M 3 MAX(MPH)
MISC ----> 37 200 63 190
================================================================================
NOTES:
# LAST OF SEVERAL OCCURRENCES
COLUMN 17 PEAK WIND IN M.P.H.
PRELIMINARY LOCAL CLIMATOLOGICAL DATA (WS FORM: F-6) , PAGE 2
STATION: MEEKER CO
MONTH: APRIL
YEAR: 2024
LATITUDE: 40 2 N
LONGITUDE: 107 53 W
[TEMPERATURE DATA] [PRECIPITATION DATA] SYMBOLS USED IN COLUMN 16
AVERAGE MONTHLY: 43.6 TOTAL FOR MONTH: 0.45 1 = FOG OR MIST
DPTR FM NORMAL: 0.5 DPTR FM NORMAL: -0.99 2 = FOG REDUCING VISIBILITY
HIGHEST: 74 ON 24 GRTST 24HR 0.27 ON 5- 6 TO 1/4 MILE OR LESS
LOWEST: 12 ON 7 3 = THUNDER
SNOW, ICE PELLETS, HAIL 4 = ICE PELLETS
TOTAL MONTH: M 5 = HAIL
GRTST 24HR M ON M 6 = FREEZING RAIN OR DRIZZLE
GRTST DEPTH: M ON M 7 = DUSTSTORM OR SANDSTORM:
VSBY 1/2 MILE OR LESS
8 = SMOKE OR HAZE
[NO. OF DAYS WITH] [WEATHER - DAYS WITH] 9 = BLOWING SNOW
X = TORNADO
MAX 32 OR BELOW: 0 0.01 INCH OR MORE: 5
MAX 90 OR ABOVE: 0 0.10 INCH OR MORE: 2
MIN 32 OR BELOW: 20 0.50 INCH OR MORE: 0
MIN 0 OR BELOW: 0 1.00 INCH OR MORE: 0
[HDD (BASE 65) ]
TOTAL THIS MO. 509 CLEAR (SCALE 0-3) 13
DPTR FM NORMAL -17 PTCLDY (SCALE 4-7) 11
TOTAL FM JUL 1 7012 CLOUDY (SCALE 8-10) 0
DPTR FM NORMAL 51
[CDD (BASE 65) ]
TOTAL THIS MO. 0
DPTR FM NORMAL 0 [PRESSURE DATA]
TOTAL FM JAN 1 0 HIGHEST SLP M ON M
DPTR FM NORMAL 0 LOWEST SLP 29.40 ON 5
[REMARKS]