819
CXUS55 KLKN 052131
CLAEKO
CLIMATE REPORT
NATIONAL WEATHER SERVICE ELKO NV
115 PM PST SUN JAN 5 2020
...................................
...THE ELKO AIRPORT NV CLIMATE SUMMARY FOR THE YEAR OF 2019...
CLIMATE NORMAL PERIOD 1981 TO 2010
CLIMATE RECORD PERIOD 1888 TO 2020
WEATHER OBSERVED NORMAL DEPART LAST YEAR`S
VALUE DATE(S) VALUE FROM VALUE
NORMAL
.............................................................
TEMPERATURE (F)
RECORD
HIGH 107 07/04/1981
08/04/1978
07/24/1890
LOW -43 01/21/1937
HIGHEST 99 08/04 100 -1 103
LOWEST -7 02/22 -12 5 1
AVG. MAXIMUM 62.2 62.2 0.0 64.9
AVG. MINIMUM 33.0 31.2 1.8 32.8
MEAN 47.6 46.7 0.9 48.8
DAYS MAX >= 90 51 38.2 12.8 57
DAYS MAX <= 32 26 24.8 1.2 22
DAYS MIN <= 32 172 185.7 -13.7 184
DAYS MIN <= 0 3 8.9 -5.9 0
PRECIPITATION (INCHES)
RECORD
MAXIMUM 18.34 1983
MINIMUM 4.35 1919
TOTALS 14.77 9.91 4.86 9.23
DAILY AVG. 0.04 0.03 0.01 0.03
DAYS >= .01 105 81.2 23.8 69
DAYS >= .10 41 32.1 8.9 29
DAYS >= .50 6 2.9 3.1 2
DAYS >= 1.00 1 0.0 1.0 0
GREATEST
24 HR. TOTAL 1.02 MM
SNOWFALL (INCHES)
RECORDS
TOTAL 100.8 1996
24 HR TOTAL 18.4 01/24/1996 TO 01/24/1996
SNOW DEPTH 24 01/01/1948
02/05/1932
TOTALS 48.4 41.3 7.1 38.7
SINCE 7/1 9.9 15.6 -5.7 16.0
SNOWDEPTH AVG. 1 MM MM 0
DAYS >= TRACE 82 33.8 48.2 52
DAYS >= 1.0 16 14.7 1.3 16
GREATEST
SNOW DEPTH 8 02/14 6
24 HR TOTAL 7.9 MM
DEGREE_DAYS
HEATING TOTAL 6725 7065 -340 6435
COOLING TOTAL 503 383 120 678
..............................................................
WIND (MPH)
AVERAGE WIND SPEED 5.9
HIGHEST WIND SPEED/DIRECTION 38/170 DATE 11/26
HIGHEST GUST SPEED/DIRECTION 55/170 DATE 11/26
AVERAGE RH (PERCENT) 55
WEATHER CONDITIONS. NUMBER OF DAYS WITH
THUNDERSTORM 31 MIXED PRECIP 0
HEAVY RAIN 11 RAIN 23
LIGHT RAIN 78 FREEZING RAIN 0
LT FREEZING RAIN 0 HAIL 0
HEAVY SNOW 4 SNOW 14
LIGHT SNOW 71 SLEET 0
FOG 89 FOG W/VIS <= 1/4 MILE 12
HAZE 31
- INDICATES NEGATIVE NUMBERS.
R INDICATES RECORD WAS SET OR TIED.
MM INDICATES DATA IS MISSING.
T INDICATES TRACE AMOUNT.
=====================================================================
...2019 IN ELKO WAS THE 9TH WETTEST ON RECORD...
...SEPTEMBER 2019 WAS THE 3RD WETTEST ON RECORD...
...OCTOBER 2019 WAS THE 4TH COLDEST ON RECORD...
$$
WFO ELKO CLIMATE TEAM