000
CXUS56 KLKN 132000
CF6ELY
PRELIMINARY LOCAL CLIMATOLOGICAL DATA (WS FORM: F-6)
STATION: ELY AIRPORT NV
MONTH: JANUARY
YEAR: 2023
LATITUDE: 39 16 N
LONGITUDE: 114 51 W
TEMPERATURE IN F: :PCPN: SNOW: WIND :SUNSHINE: SKY :PK WND
================================================================================
1 2 3 4 5 6A 6B 7 8 9 10 11 12 13 14 15 16 17 18
12Z AVG MX 2MIN
DY MAX MIN AVG DEP HDD CDD WTR SNW DPTH SPD SPD DIR MIN PSBL S-S WX SPD DR
================================================================================
1 29 21 25 -1 40 0 0.86 6.9 10 19.1 29 20 M M 10 12 38 10
2 28 12 20 -6 45 0 0.02 0.2 12 6.5 15 360 M M 8 1 19 190
3 32 7 20 -6 45 0 0.01 0.2 12 5.1 14 180 M M 5 1 17 170
4 36 11 24 -2 41 0 0.00 0.0 12 13.1 31 170 M M 7 41 160
5 38 26 32 6 33 0 0.16 0.9 11 16.7 38 150 M M 8 1 53 150
6 38 10 24 -2 41 0 0.07 0.8 12 6.5 14 170 M M 6 1 18 180
7 37 8 23 -3 42 0 0.00 0.0 11 12.0 21 210 M M 2 26 190
8 39 26 33 7 32 0 0.00 0.0 11 14.4 24 170 M M 1 38 200
9 39 28 34 8 31 0 0.22 1.0 11 18.1 31 160 M M 10 1 47 160
10 38 24 31 5 34 0 0.50 2.5 12 14.2 36 150 M M 9 12 51 150
11 30 13 22 -4 43 0 T T 13 6.2 12 180 M M 4 15 170
12 43 15 29 3 36 0 0.00 0.0 13 6.0 14 190 M M 1 18 190
13 41 22 32 5 33 0 0.00 0.0 12 11.6 24 200 M M 1 34 150
14 39 30 35 8 30 0 T T 12 16.2 26 170 M M 6 1 39 160
15 34 18 26 -1 39 0 0.37 4.2 14 5.7 15 200 M M 9 1 19 240
16 28 19 24 -3 41 0 0.70 8.9 15 8.0 15 210 M M 10 12 19 220
17 27 11 19 -8 46 0 0.38 5.8 24 11.7 22 360 M M 10 1 28 360
18 17 -8 5 -22 60 0 0.00 0.0 24 10.9 17 170 M M 0 1 21 170
19 24 7 16 -11 49 0 0.07 1.4 22 10.3 28 10 M M 10 1 34 10
20 23 -7 8 -19 57 0 0.04 1.0 22 12.8 22 10 M M 5 1 27 20
21 18 -10 4 -23 61 0 0.00 0.0 21 11.1 23 190 M M 0 27 180
22 21 -1 10 -17 55 0 0.03 1.1 21 16.3 31 10 M M 6 18 39 10
23 25 3 14 -13 51 0 T T 19 14.2 31 10 M M 4 18 41 10
24 28 -6 11 -16 54 0 0.00 0.0 18 7.0 14 180 M M 2 17 280
25 32 3 18 -9 47 0 T T 18 7.8 13 10 M M 9 1 18 330
26 33 4 19 -8 46 0 T 0.1 18 8.1 17 170 M M 1 20 180
27 41 3 22 -5 43 0 0.00 0.0 18 10.9 21 170 M M 3 25 180
28 35 11 23 -4 42 0 0.01 0.6 18 5.8 17 210 M M 5 22 200
29 29 8 19 -9 46 0 0.11 2.0 20 13.9 24 20 M M 9 29 20
30 12 -19 -3 -31 68 0 T T 19 10.0 24 20 M M 5 32 10
31 18 -21 -1 -29 66 0 0.00 0.0 19 10.1 20 180 M M 0 23 180
================================================================================
SM 952 268 1397 0 3.55 37.6 340.3 M 166
================================================================================
AV 30.7 8.6 11.0 FASTST M M 5 MAX(MPH)
MISC ----> 38 150 53 150
================================================================================
NOTES:
# LAST OF SEVERAL OCCURRENCES
COLUMN 17 PEAK WIND IN M.P.H.
PRELIMINARY LOCAL CLIMATOLOGICAL DATA (WS FORM: F-6) , PAGE 2
STATION: ELY AIRPORT NV
MONTH: JANUARY
YEAR: 2023
LATITUDE: 39 16 N
LONGITUDE: 114 51 W
[TEMPERATURE DATA] [PRECIPITATION DATA] SYMBOLS USED IN COLUMN 16
AVERAGE MONTHLY: 19.7 TOTAL FOR MONTH: 3.55 1 = FOG OR MIST
DPTR FM NORMAL: -7.0 DPTR FM NORMAL: 2.80 2 = FOG REDUCING VISIBILITY
HIGHEST: 43 ON 12 GRTST 24HR 0.86 ON 1- 1 TO 1/4 MILE OR LESS
LOWEST: -21 ON 31 3 = THUNDER
SNOW, ICE PELLETS, HAIL 4 = ICE PELLETS
TOTAL MONTH: 38.3 INCHES 5 = HAIL
GRTST 24HR 8.9 ON 16-16 6 = FREEZING RAIN OR DRIZZLE
GRTST DEPTH: 24 ON 18,17 7 = DUSTSTORM OR SANDSTORM:
VSBY 1/2 MILE OR LESS
8 = SMOKE OR HAZE
[NO. OF DAYS WITH] [WEATHER - DAYS WITH] 9 = BLOWING SNOW
X = TORNADO
MAX 32 OR BELOW: 17 0.01 INCH OR MORE: 15
MAX 90 OR ABOVE: 0 0.10 INCH OR MORE: 8
MIN 32 OR BELOW: 31 0.50 INCH OR MORE: 3
MIN 0 OR BELOW: 7 1.00 INCH OR MORE: 0
[HDD (BASE 65) ]
TOTAL THIS MO. 1397 CLEAR (SCALE 0-3) 10
DPTR FM NORMAL 210 PTCLDY (SCALE 4-7) 11
TOTAL FM JUL 1 4369 CLOUDY (SCALE 8-10) 10
DPTR FM NORMAL 253
[CDD (BASE 65) ]
TOTAL THIS MO. 0
DPTR FM NORMAL 0 [PRESSURE DATA]
TOTAL FM JAN 1 0 HIGHEST SLP 30.74 ON 31
DPTR FM NORMAL 0 LOWEST SLP 29.47 ON 15
[REMARKS]
#FINAL-01-23#