000
CXUS56 KLKN 011210
CF6ELY
PRELIMINARY LOCAL CLIMATOLOGICAL DATA (WS FORM: F-6)
STATION: ELY AIRPORT NV
MONTH: OCTOBER
YEAR: 2023
LATITUDE: 39 16 N
LONGITUDE: 114 51 W
TEMPERATURE IN F: :PCPN: SNOW: WIND :SUNSHINE: SKY :PK WND
================================================================================
1 2 3 4 5 6A 6B 7 8 9 10 11 12 13 14 15 16 17 18
12Z AVG MX 2MIN
DY MAX MIN AVG DEP HDD CDD WTR SNW DPTH SPD SPD DIR MIN PSBL S-S WX SPD DR
================================================================================
1 55 29 42 -10 23 0 0.05 0.0 0 9.9 21 150 M M 7 1 28 150
2 51 28 40 -12 25 0 0.12 0.0 0 6.4 18 280 M M 7 1 23 280
3 60 30 45 -6 20 0 0.00 0.0 0 5.7 13 300 M M 5 18 290
4 67 31 49 -2 16 0 0.00 0.0 0 7.1 15 350 M M 1 21 340
5 73 30 52 2 13 0 0.00 0.0 0 6.9 15 10 M M 0 19 10
6 76 30 53 3 12 0 T 0.0 0 6.8 13 180 M M 0 17 20
7 78 31 55 5 10 0 0.00 0.0 0 7.0 15 190 M M 0 17 190
8 77 33 55 6 10 0 0.00 0.0 0 7.1 14 180 M M 0 18 300
9 77 34 56 7 9 0 0.00 0.0 0 10.2 21 220 M M 0 29 220
10 75 36 56 8 9 0 0.00 0.0 0 11.1 21 200 M M 1 30 200
11 54 34 44 -4 21 0 0.01 0.0 0 8.2 24 320 M M 6 35 310
12 55 21 38 -10 27 0 0.00 0.0 0 6.5 16 20 M M 2 25 20
13 61 20 41 -6 24 0 0.00 0.0 0 7.5 13 170 M M 0 16 210
14 68 29 49 2 16 0 0.00 0.0 0 7.2 15 170 M M 1 17 170
15 76 27 52 5 13 0 0.00 0.0 0 6.9 14 180 M M 0 17 180
16 78 32 55 9 10 0 0.00 0.0 0 10.2 18 260 M M 0 26 270
17 78 33 56 10 9 0 0.00 0.0 0 7.1 16 180 M M 0 19 180
18 75 30 53 7 12 0 0.00 0.0 0 8.9 16 30 M M 0 21 10
19 80 30 55 10 10 0 0.00 0.0 0 7.5 15 180 M M 0 18 180
20 78 35 57 12 8 0 0.00 0.0 0 9.3 14 180 M M 0 19 240
21 76 33 55 11 10 0 0.00 0.0 0 9.0 18 180 M M 0 23 170
22 73 34 54 10 11 0 0.00 0.0 0 10.6 24 220 M M 1 34 210
23 65 27 46 2 19 0 T 0.0 0 7.4 21 80 M M 2 3 28 90
24 64 27 46 2 19 0 0.00 0.0 0 9.6 16 200 M M 0 22 200
25 67 42 55 12 10 0 T 0.0 0 14.2 28 180 M M 3 41 190
26 48 17 33 -10 32 0 0.00 0.0 0 7.2 17 310 M M 2 24 330
27 58 14 36 -6 29 0 0.00 0.0 0 7.7 16 260 M M 0 23 260
28 45 7 26 -16 39 0 0.00 0.0 0 10.4 20 40 M M 2 27 20
29 42 10 26 -16 39 0 0.00 0.0 0 10.6 21 20 M M 0 28 360
30 50 5 28 -13 37 0 0.00 0.0 0 9.7 20 20 M M 0 25 20
31 60 11 36 -5 29 0 0.00 0.0 0 7.1 16 170 M M 0 19 170
================================================================================
SM 2040 830 571 0 0.18 0.0 261.0 M 40
================================================================================
AV 65.8 26.8 8.4 FASTST M M 1 MAX(MPH)
MISC ----> 28 180 41 190
================================================================================
NOTES:
# LAST OF SEVERAL OCCURRENCES
COLUMN 17 PEAK WIND IN M.P.H.
PRELIMINARY LOCAL CLIMATOLOGICAL DATA (WS FORM: F-6) , PAGE 2
STATION: ELY AIRPORT NV
MONTH: OCTOBER
YEAR: 2023
LATITUDE: 39 16 N
LONGITUDE: 114 51 W
[TEMPERATURE DATA] [PRECIPITATION DATA] SYMBOLS USED IN COLUMN 16
AVERAGE MONTHLY: 46.3 TOTAL FOR MONTH: 0.18 1 = FOG OR MIST
DPTR FM NORMAL: -0.1 DPTR FM NORMAL: -0.62 2 = FOG REDUCING VISIBILITY
HIGHEST: 80 ON 19 GRTST 24HR 0.12 ON 2- 2 TO 1/4 MILE OR LESS
LOWEST: 5 ON 30 3 = THUNDER
SNOW, ICE PELLETS, HAIL 4 = ICE PELLETS
TOTAL MONTH: 0.0 INCH 5 = HAIL
GRTST 24HR 0.0 6 = FREEZING RAIN OR DRIZZLE
GRTST DEPTH: 0 7 = DUSTSTORM OR SANDSTORM:
VSBY 1/2 MILE OR LESS
8 = SMOKE OR HAZE
[NO. OF DAYS WITH] [WEATHER - DAYS WITH] 9 = BLOWING SNOW
X = TORNADO
MAX 32 OR BELOW: 0 0.01 INCH OR MORE: 3
MAX 90 OR ABOVE: 0 0.10 INCH OR MORE: 1
MIN 32 OR BELOW: 22 0.50 INCH OR MORE: 0
MIN 0 OR BELOW: 0 1.00 INCH OR MORE: 0
[HDD (BASE 65) ]
TOTAL THIS MO. 571 CLEAR (SCALE 0-3) 27
DPTR FM NORMAL -6 PTCLDY (SCALE 4-7) 4
TOTAL FM JUL 1 810 CLOUDY (SCALE 8-10) 0
DPTR FM NORMAL -18
[CDD (BASE 65) ]
TOTAL THIS MO. 0
DPTR FM NORMAL 0 [PRESSURE DATA]
TOTAL FM JAN 1 263 HIGHEST SLP 30.59 ON 30
DPTR FM NORMAL -37 LOWEST SLP 29.43 ON 11
[REMARKS]
#FINAL-10-23#