000
CXUS53 KTOP 010910
CF6EMP
PRELIMINARY LOCAL CLIMATOLOGICAL DATA (WS FORM: F-6)
STATION: EMPORIA KS
MONTH: DECEMBER
YEAR: 2022
LATITUDE: 38 19 N
LONGITUDE: 96 12 W
TEMPERATURE IN F: :PCPN: SNOW: WIND :SUNSHINE: SKY :PK WND
================================================================================
1 2 3 4 5 6A 6B 7 8 9 10 11 12 13 14 15 16 17 18
12Z AVG MX 2MIN
DY MAX MIN AVG DEP HDD CDD WTR SNW DPTH SPD SPD DIR MIN PSBL S-S WX SPD DR
================================================================================
1 52 23 38 0 27 0 0.00 M M 15.4 32 190 M M 3 45 180
2 68 29 49 11 16 0 0.00 M M 24.8 38 200 M M 3 51 200
3 35 16 26 -12 39 0 0.00 M M 6.7 20 330 M M 0 29 330
4 48 26 37 0 28 0 0.00 M M 6.2 13 170 M M 1 17 170
5 46 34 40 3 25 0 0.00 M M 7.3 14 170 M M 7 12 18 170
6 49 29 39 2 26 0 0.00 M M 4.8 10 10 M M 5 18 14 340
7 45 33 39 3 26 0 0.00 M M 2.3 7 130 M M 8 12 9 130
8 49 36 43 7 22 0 0.03 M M 7.2 16 290 M M 10 128 22 280
9 39 30 35 -1 30 0 0.02 M M 6.8 14 320 M M 6 128 20 290
10 49 30 40 4 25 0 0.22 M M 4.6 14 290 M M 6 18 18 300
11 41 25 33 -2 32 0 0.00 M M 7.4 14 150 M M 9 128 18 140
12 52 41 47 12 18 0 0.11 M M 12.9 22 120 M M 10 13 33 140
13 61 32 47 12 18 0 0.47 M M 14.6 26 210 M M 5 13 34 170
14 39 27 33 -1 32 0 0.00 M M 12.5 18 300 M M 4 27 250
15 37 27 32 -2 33 0 0.00 M M 16.2 30 290 M M 1 40 290
16 38 23 31 -3 34 0 0.00 M M 14.6 28 290 M M 2 38 290
17 38 20 29 -5 36 0 0.00 M M 10.4 21 290 M M 0 31 310
18 44 16 30 -3 35 0 0.00 M M 8.2 16 130 M M 0 21 170
19 42 32 37 4 28 0 0.04 M M 7.1 26 190 M M 9 1 34 190
20 32 19 26 -7 39 0 0.00 M M 9.2 16 320 M M 10 18 22 330
21 34 19 27 -6 38 0 T M M 7.3 16 140 M M 10 18 21 140
22 33 -5 14 -19 51 0 M M M 20.0 30 340 M M 8 1689 45 350
23 12 -4 4 -28 61 0 0.00 M M 16.1 26 290 M M 0 35 310
24 21 3 12 -20 53 0 0.00 M M 8.5 18 290 M M 5 25 290
25 35 3 19 -13 46 0 0.03 M M 8.1 21 210 M M 2 6 28 200
26 35 9 22 -10 43 0 T M M 11.5 28 340 M M 4 45 340
27 39 10 25 -7 40 0 0.00 M M 16.3 26 170 M M 0 36 170
28 59 36 48 16 17 0 0.00 M M 19.1 31 180 M M 0 44 160
29 63 38 51 19 14 0 0.00 M M 16.2 37 210 M M 3 50 200
30 52 27 40 8 25 0 0.00 M M 5.9 12 290 M M 1 1 14 290
31 63 35 49 18 16 0 0.00 M M 11.6 25 180 M M 3 35 160
================================================================================
SM 1350 719 973 0 0.92 M 339.8 M 135
================================================================================
AV 43.5 23.2 11.0 FASTST M M 4 MAX(MPH)
MISC ----> 38 200 51 200
================================================================================
NOTES:
# LAST OF SEVERAL OCCURRENCES
COLUMN 17 PEAK WIND IN M.P.H.
PRELIMINARY LOCAL CLIMATOLOGICAL DATA (WS FORM: F-6) , PAGE 2
STATION: EMPORIA KS
MONTH: DECEMBER
YEAR: 2022
LATITUDE: 38 19 N
LONGITUDE: 96 12 W
[TEMPERATURE DATA] [PRECIPITATION DATA] SYMBOLS USED IN COLUMN 16
AVERAGE MONTHLY: 33.4 TOTAL FOR MONTH: 0.92 1 = FOG OR MIST
DPTR FM NORMAL: -0.9 DPTR FM NORMAL: -0.38 2 = FOG REDUCING VISIBILITY
HIGHEST: 68 ON 2 GRTST 24HR 0.58 ON 12-13 TO 1/4 MILE OR LESS
LOWEST: -5 ON 22 3 = THUNDER
SNOW, ICE PELLETS, HAIL 4 = ICE PELLETS
TOTAL MONTH: M 5 = HAIL
GRTST 24HR M ON M 6 = FREEZING RAIN OR DRIZZLE
GRTST DEPTH: M ON M 7 = DUSTSTORM OR SANDSTORM:
VSBY 1/2 MILE OR LESS
8 = SMOKE OR HAZE
[NO. OF DAYS WITH] [WEATHER - DAYS WITH] 9 = BLOWING SNOW
X = TORNADO
MAX 32 OR BELOW: 3 0.01 INCH OR MORE: 7
MAX 90 OR ABOVE: 0 0.10 INCH OR MORE: 3
MIN 32 OR BELOW: 24 0.50 INCH OR MORE: 0
MIN 0 OR BELOW: 2 1.00 INCH OR MORE: 0
[HDD (BASE 65) ]
TOTAL THIS MO. 973 CLEAR (SCALE 0-3) 14
DPTR FM NORMAL 20 PTCLDY (SCALE 4-7) 11
TOTAL FM JUL 1 1863 CLOUDY (SCALE 8-10) 6
DPTR FM NORMAL -28
[CDD (BASE 65) ]
TOTAL THIS MO. 0
DPTR FM NORMAL 0 [PRESSURE DATA]
TOTAL FM JAN 1 1860 HIGHEST SLP 30.68 ON 23
DPTR FM NORMAL 427 LOWEST SLP 29.47 ON 28
[REMARKS]
#FINAL-12-22#