000
CXUS51 KCLE 011633
CLMERI
CLIMATE REPORT
NATIONAL WEATHER SERVICE CLEVELAND, OH
1133 AM EST FRI DEC 01 2023
...................................
...THE ERIE PA CLIMATE SUMMARY FOR THE MONTH OF NOVEMBER 2023...
CLIMATE NORMAL PERIOD 1991 TO 2020
CLIMATE RECORD PERIOD 1873 TO 2023
WEATHER OBSERVED NORMAL DEPART LAST YEAR`S
VALUE DATE(S) VALUE FROM VALUE
NORMAL
..............................................................
TEMPERATURE (F)
RECORD
HIGH 82 11/01/1950
LOW 6 11/30/1929
11/22/1880
HIGHEST 67 11/16
LOWEST 19 11/29
AVG. MAXIMUM 50.2 50.5 -0.3 51.6
AVG. MINIMUM 36.1 36.7 -0.6 37.1
MEAN 43.2 43.6 -0.4 44.3
DAYS MAX >= 90 0 0.0 0.0 0
DAYS MAX <= 32 1 1.0 0.0 2
DAYS MIN <= 32 8 9.2 -1.2 11
DAYS MIN <= 0 0 0.0 0.0 0
PRECIPITATION (INCHES)
RECORD
MAXIMUM 10.40 1985
MINIMUM 0.40 1904
TOTALS 2.08 3.75 -1.67 7.40
DAYS >= .01 11 14.9 -3.9 16
DAYS >= .10 5 8.9 -3.9 11
DAYS >= .50 1 2.3 -1.3 4
DAYS >= 1.00 0 0.5 -0.5 1
GREATEST
24 HR. TOTAL 0.90 11/27 TO 11/28 2.48
SNOWFALL (INCHES)
RECORDS
TOTAL 46.9 1950
TOTALS 3.1 9.6 -6.5 22.9
SINCE 7/1 5.4 9.7 -4.3 22.9
DAYS >= 1.0 1 2.3 -1.3 6
GREATEST
24 HR TOTAL 2.5 11/27 TO 11/27
DEGREE DAYS
HEATING TOTAL 648 642 6 618
SINCE 7/1 1000 1084 -84 1105
COOLING TOTAL 0 0 0 5
SINCE 1/1 590 753 -163 749
..............................................................
WIND (MPH)
AVERAGE WIND SPEED 10.8
HIGHEST WIND SPEED/DIRECTION 37/150 DATE 11/21
HIGHEST GUST SPEED/DIRECTION 54/130 DATE 11/21
SKY COVER
AVERAGE SKY COVER 0.59
AVERAGE RH (PERCENT) 63
WEATHER CONDITIONS. NUMBER OF DAYS WITH
THUNDERSTORM 0 MIXED PRECIP 0
HEAVY RAIN 2 RAIN 1
LIGHT RAIN 9 FREEZING RAIN 0
LT FREEZING RAIN 0 HAIL 0
HEAVY SNOW 0 SNOW 3
LIGHT SNOW 5 SLEET 0
FOG 10 FOG W/VIS <= 1/4 MILE 2
HAZE 8
- INDICATES NEGATIVE NUMBERS.
R INDICATES RECORD WAS SET OR TIED.
MM INDICATES DATA IS MISSING.
T INDICATES TRACE AMOUNT.
$$