000
CXUS53 KDMX 030735
CF6EST
PRELIMINARY LOCAL CLIMATOLOGICAL DATA (WS FORM: F-6)
STATION: ESTHERVILLE IA
MONTH: JUNE
YEAR: 2020
LATITUDE: 43 24 N
LONGITUDE: 94 45 W
TEMPERATURE IN F: :PCPN: SNOW: WIND :SUNSHINE: SKY :PK WND
================================================================================
1 2 3 4 5 6A 6B 7 8 9 10 11 12 13 14 15 16 17 18
12Z AVG MX 2MIN
DY MAX MIN AVG DEP HDD CDD WTR SNW DPTH SPD SPD DIR MIN PSBL S-S WX SPD DR
================================================================================
1 92 63 78 14 0 13 0.00 0.0 0 18.1 29 210 M M 1 40 240
2 98 63 81 17 0 16 0.19 0.0 0 13.7 52 10 M M 1 138 72 20
3 85 59 72 7 0 7 T 0.0 0 6.2 14 260 M M 1 21 280
4 88 59 74 9 0 9 0.67 0.0 0 6.5 44 310 M M 2 138 64 310
5 81 61 71 6 0 6 T 0.0 0 9.4 21 360 M M 2 13 27 10
6 82 61 72 6 0 7 0.00 0.0 0 16.1 26 110 M M 5 35 100
7 96 69 83 17 0 18 0.00 0.0 0 24.4 35 170 M M 2 44 180
8 95 73 84 18 0 19 0.00 0.0 0 23.2 36 190 M M 0 46 190
9 79 58 69 3 0 4 0.86 0.0 0 11.4 33 330 M M 5 13 50 320
10 71 55 63 -4 2 0 0.10 0.0 0 22.3 40 360 M M 5 1 52 360
11 82 51 67 0 0 2 0.00 0.0 0 12.7 30 300 M M 1 38 310
12 86 51 69 1 0 4 0.00 0.0 0 8.5 18 60 M M 1 24 60
13 79 58 69 1 0 4 0.00 0.0 0 15.4 24 110 M M 2 33 120
14 82 56 69 1 0 4 0.00 0.0 0 24.6 35 140 M M 0 46 150
15 88 64 76 8 0 11 0.00 0.0 0 22.2 27 170 M M 0 39 170
16 88 67 78 9 0 13 0.00 0.0 0 19.3 30 170 M M 0 37 170
17 88 65 77 8 0 12 0.00 0.0 0 19.8 29 160 M M 0 40 170
18 86 63 75 6 0 10 1.07 0.0 0 13.3 30 320 M M 4 13 43 260
19 73 59 66 -3 0 1 0.00 0.0 0 7.7 15 40 M M 1 23 50
20 74 59 67 -3 0 2 0.02 0.0 0 4.6 12 10 M M 6 1 14 10
21 83 57 70 0 0 5 0.49 0.0 0 8.0 44 290 M M 1 13 56 280
22 74 57 66 -4 0 1 0.00 0.0 0 9.6 18 320 M M 4 25 320
23 73 53 63 -7 2 0 0.04 0.0 0 9.6 18 350 M M 4 26 340
24 79 52 66 -4 0 1 0.00 0.0 0 7.6 16 330 M M 2 23 330
25 82 55 69 -2 0 4 0.39 0.0 0 9.1 30 320 M M 2 13 38 320
26 82 66 74 3 0 9 0.01 0.0 0 5.6 15 300 M M 2 1 19 290
27 82 61 72 1 0 7 0.00 0.0 0 4.7 10 140 M M 3 12 14 150
28 81 66 74 3 0 9 T 0.0 0 10.8 21 150 M M 3 1 27 160
29 82 68 75 4 0 10 0.02 0.0 0 11.4 23 60 M M 6 1 30 60
30 83 72 78 6 0 13 0.00 0.0 0 14.6 25 150 M M 6 34 160
================================================================================
SM 2494 1821 4 221 3.86 0.0 390.4 M 72
================================================================================
AV 83.1 60.7 13.0 FASTST M M 2 MAX(MPH)
MISC ----> # 52 10 # 72 20
================================================================================
NOTES:
# LAST OF SEVERAL OCCURRENCES
COLUMN 17 PEAK WIND IN M.P.H.
PRELIMINARY LOCAL CLIMATOLOGICAL DATA (WS FORM: F-6) , PAGE 2
STATION: ESTHERVILLE IA
MONTH: JUNE
YEAR: 2020
LATITUDE: 43 24 N
LONGITUDE: 94 45 W
[TEMPERATURE DATA] [PRECIPITATION DATA] SYMBOLS USED IN COLUMN 16
AVERAGE MONTHLY: 71.9 TOTAL FOR MONTH: 3.86 1 = FOG OR MIST
DPTR FM NORMAL: 3.7 DPTR FM NORMAL: -0.70 2 = FOG REDUCING VISIBILITY
HIGHEST: 98 ON 2 GRTST 24HR 1.07 ON 18-18 TO 1/4 MILE OR LESS
LOWEST: 51 ON 12,11 3 = THUNDER
SNOW, ICE PELLETS, HAIL 4 = ICE PELLETS
TOTAL MONTH: 0.0 INCH 5 = HAIL
GRTST 24HR 0.0 6 = FREEZING RAIN OR DRIZZLE
GRTST DEPTH: 0 7 = DUSTSTORM OR SANDSTORM:
VSBY 1/2 MILE OR LESS
8 = SMOKE OR HAZE
[NO. OF DAYS WITH] [WEATHER - DAYS WITH] 9 = BLOWING SNOW
X = TORNADO
MAX 32 OR BELOW: 0 0.01 INCH OR MORE: 11
MAX 90 OR ABOVE: 4 0.10 INCH OR MORE: 7
MIN 32 OR BELOW: 0 0.50 INCH OR MORE: 3
MIN 0 OR BELOW: 0 1.00 INCH OR MORE: 1
[HDD (BASE 65) ]
TOTAL THIS MO. 4 CLEAR (SCALE 0-3) 21
DPTR FM NORMAL -37 PTCLDY (SCALE 4-7) 9
TOTAL FM JUL 1 7956 CLOUDY (SCALE 8-10) 0
DPTR FM NORMAL 217
[CDD (BASE 65) ]
TOTAL THIS MO. 221
DPTR FM NORMAL 84 [PRESSURE DATA]
TOTAL FM JAN 1 224 HIGHEST SLP 30.27 ON 12
DPTR FM NORMAL 51 LOWEST SLP 29.44 ON 10
[REMARKS]
#FINAL-06-20#