000
CXUS56 KSLC 010910
CF6EVW
PRELIMINARY LOCAL CLIMATOLOGICAL DATA (WS FORM: F-6)
STATION: EVANSTON WY
MONTH: DECEMBER
YEAR: 2023
LATITUDE: 41 16 N
LONGITUDE: 111 2 W
TEMPERATURE IN F: :PCPN: SNOW: WIND :SUNSHINE: SKY :PK WND
================================================================================
1 2 3 4 5 6A 6B 7 8 9 10 11 12 13 14 15 16 17 18
12Z AVG MX 2MIN
DY MAX MIN AVG DEP HDD CDD WTR SNW DPTH SPD SPD DIR MIN PSBL S-S WX SPD DR
================================================================================
1 34 19 27 3 38 0 T M M 14.8 29 240 M M 9 1 39 240
2 30 19 25 1 40 0 0.04 M M 21.4 35 230 M M 9 128 47 230
3 34 27 31 7 34 0 0.03 M M 16.0 32 230 M M 10 12 41 240
4 38 29 34 10 31 0 T M M 12.8 26 250 M M 7 12 34 250
5 45 27 36 13 29 0 0.00 M M 6.5 14 250 M M 0 17 250
6 51 30 41 18 24 0 0.00 M M 5.6 15 230 M M 0 18 230
7 41 20 31 8 34 0 0.02 M M 14.7 33 260 M M 6 128 46 250
8 26 16 21 -1 44 0 T M M 13.6 28 240 M M 9 1 45 250
9 24 10 17 -5 48 0 0.00 M M 8.7 15 250 M M 3 20 230
10 37 11 24 2 41 0 0.00 M M 14.0 25 240 M M 9 32 250
11 44 28 36 14 29 0 T M M 8.8 18 80 M M 7 24 70
12 30 27 29 7 36 0 0.00 M M 13.0 22 80 M M 10 12 29 70
13 33 20 27 5 38 0 0.00 0.0 M 10.3 28 70 M M 5 37 60
14 39 18 29 8 36 0 0.00 M M 7.0 17 250 M M 0 22 250
15 42 20 31 10 34 0 0.00 M M 3.4 9 220 M M 0 14 240
16 45 22 34 13 31 0 0.00 M M 4.7 9 200 M M 0 12 240
17 46 20 33 12 32 0 0.00 0.0 M 4.6 10 240 M M 0 13 250
18 48 20 34 13 31 0 0.00 M M 6.0 12 240 M M 0 15 220
19 44 32 38 17 27 0 T M M 7.8 22 220 M M 4 28 210
20 45 32 39 18 26 0 0.00 M M 4.9 10 90 M M 6 13 90
21 48 30 39 18 26 0 0.00 M M 5.5 13 220 M M 5 16 230
22 42 27 35 14 30 0 0.00 M M 3.6 8 150 M M 1 9 170
23 33 17 25 4 40 0 T M M 11.0 25 290 M M 8 1 33 280
24 26 8 17 -4 48 0 0.00 M M 7.2 14 250 M M 3 17 250
25 26 5 16 -5 49 0 0.00 M M 7.9 17 240 M M 0 21 240
26 31 6 19 -2 46 0 0.00 M M 9.7 20 240 M M 0 26 230
27 36 18 27 6 38 0 0.00 M M 4.7 18 230 M M 5 12 24 230
28 45 18 32 11 33 0 0.00 M M 3.4 9 10 M M 1 11 230
29 48 23 36 15 29 0 0.00 M M 3.8 8 100 M M 0 12 220
30 45 25 35 14 30 0 0.00 M M 6.9 17 210 M M 5 23 210
31 46 27 37 16 28 0 0.00 M M 4.2 12 90 M M 1 13 90
================================================================================
SM 1202 651 1080 0 0.09 0.0 266.5 M 123
================================================================================
AV 38.8 21.0 8.6 FASTST M M 4 MAX(MPH)
MISC ----> 35 230 47 230
================================================================================
NOTES:
# LAST OF SEVERAL OCCURRENCES
COLUMN 17 PEAK WIND IN M.P.H.
PRELIMINARY LOCAL CLIMATOLOGICAL DATA (WS FORM: F-6) , PAGE 2
STATION: EVANSTON WY
MONTH: DECEMBER
YEAR: 2023
LATITUDE: 41 16 N
LONGITUDE: 111 2 W
[TEMPERATURE DATA] [PRECIPITATION DATA] SYMBOLS USED IN COLUMN 16
AVERAGE MONTHLY: 29.9 TOTAL FOR MONTH: 0.09 1 = FOG OR MIST
DPTR FM NORMAL: 8.1 DPTR FM NORMAL: -0.29 2 = FOG REDUCING VISIBILITY
HIGHEST: 51 ON 6 GRTST 24HR 0.06 ON 2- 3 TO 1/4 MILE OR LESS
LOWEST: 5 ON 25 3 = THUNDER
SNOW, ICE PELLETS, HAIL 4 = ICE PELLETS
TOTAL MONTH: 0.0 INCH 5 = HAIL
GRTST 24HR 0.0 6 = FREEZING RAIN OR DRIZZLE
GRTST DEPTH: M ON M 7 = DUSTSTORM OR SANDSTORM:
VSBY 1/2 MILE OR LESS
8 = SMOKE OR HAZE
[NO. OF DAYS WITH] [WEATHER - DAYS WITH] 9 = BLOWING SNOW
X = TORNADO
MAX 32 OR BELOW: 7 0.01 INCH OR MORE: 3
MAX 90 OR ABOVE: 0 0.10 INCH OR MORE: 0
MIN 32 OR BELOW: 31 0.50 INCH OR MORE: 0
MIN 0 OR BELOW: 0 1.00 INCH OR MORE: 0
[HDD (BASE 65) ]
TOTAL THIS MO. 1080 CLEAR (SCALE 0-3) 14
DPTR FM NORMAL -261 PTCLDY (SCALE 4-7) 10
TOTAL FM JUL 1 2737 CLOUDY (SCALE 8-10) 7
DPTR FM NORMAL -627
[CDD (BASE 65) ]
TOTAL THIS MO. 0
DPTR FM NORMAL 0 [PRESSURE DATA]
TOTAL FM JAN 1 233 HIGHEST SLP M ON M
DPTR FM NORMAL 28 LOWEST SLP 29.70 ON 7
[REMARKS]
#FINAL-12-23#