000
CXUS51 KOKX 010910
CF6EWR
PRELIMINARY LOCAL CLIMATOLOGICAL DATA (WS FORM: F-6)
STATION: NEWARK NJ
MONTH: JUNE
YEAR: 2022
LATITUDE: 40 42 N
LONGITUDE: 74 10 W
TEMPERATURE IN F: :PCPN: SNOW: WIND :SUNSHINE: SKY :PK WND
================================================================================
1 2 3 4 5 6A 6B 7 8 9 10 11 12 13 14 15 16 17 18
12Z AVG MX 2MIN
DY MAX MIN AVG DEP HDD CDD WTR SNW DPTH SPD SPD DIR MIN PSBL S-S WX SPD DR
================================================================================
1 71 62 67 -1 0 2 0.54 0.0 0 7.7 18 20 M M 9 13 22 20
2 86 64 75 7 0 10 0.15 0.0 0 7.7 24 350 M M 8 18 28 330
3 80 68 74 5 0 9 T 0.0 0 6.1 14 300 M M 8 18 17 310
4 87 62 75 6 0 10 0.00 0.0 0 7.9 21 250 M M 2 28 270
5 80 58 69 0 0 4 0.00 0.0 0 6.3 14 160 M M 5 18 160
6 85 60 73 3 0 8 0.00 0.0 0 7.8 17 200 M M 3 24 170
7 83 61 72 2 0 7 0.05 0.0 0 10.7 21 170 M M 8 8 28 170
8 87 70 79 9 0 14 0.02 0.0 0 9.7 18 270 M M 8 26 270
9 87 68 78 7 0 13 0.78 0.0 0 14.9 32 260 M M 8 13 40 270
10 83 63 73 2 0 8 0.00 0.0 0 9.9 20 270 M M 6 26 280
11 80 66 73 2 0 8 T 0.0 0 7.0 14 220 M M 8 19 220
12 76 64 70 -2 0 5 0.06 0.0 0 6.8 16 150 M M 8 1 21 160
13 92 69 81 9 0 16 0.00 0.0 0 7.1 17 360 M M 7 26 310
14 87 69 78 6 0 13 T 0.0 0 8.2 15 360 M M 7 25 320
15 83 67 75 2 0 10 0.00 0.0 0 7.5 17 130 M M 5 23 130
16 77 66 72 -1 0 7 0.39 0.0 0 9.4 18 200 M M 9 13 22 170
17 95 71 83 10 0 18 0.00 0.0 0 13.7 33 260 M M 5 43 270
18 78 60 69 -5 0 4 0.00 0.0 0 17.1 31 320 M M 5 40 320
19 78 56 67 -7 0 2 0.00 0.0 0 17.2 30 300 M M 4 37 300
20 83 58 71 -3 0 6 0.00 0.0 0 8.7 18 310 M M 6 26 310
21 82 62 72 -3 0 7 0.05 0.0 0 4.1 12 90 M M 9 17 100
22 71 64 68 -7 0 3 0.07 0.0 0 7.7 16 130 M M 10 18 23 130
23 76 65 71 -4 0 6 T 0.0 0 6.4 15 100 M M 8 20 110
24 88 66 77 2 0 12 0.00 0.0 0 6.1 14 240 M M 5 18 250
25 96 67 82 6 0 17 0.00 0.0 0 5.7 14 300 M M 2 21 300
26 94 72 83 7 0 18 0.00 0.0 0 10.3 18 200 M M 6 25 250
27 81 71 76 0 0 11 0.29 0.0 0 9.7 22 280 M M 9 29 200
28 84 69 77 1 0 12 0.00 0.0 0 9.4 18 360 M M 7 25 330
29 90 64 77 0 0 12 0.00 0.0 0 7.7 15 160 M M 4 26 210
30 92 68 80 3 0 15 0.00 0.0 0 9.0 18 310 M M 4 27 230
================================================================================
SM 2512 1950 0 287 2.40 0.0 267.5 M 193
================================================================================
AV 83.7 65.0 8.9 FASTST M M 6 MAX(MPH)
MISC ----> 33 260 43 270
================================================================================
NOTES:
# LAST OF SEVERAL OCCURRENCES
COLUMN 17 PEAK WIND IN M.P.H.
PRELIMINARY LOCAL CLIMATOLOGICAL DATA (WS FORM: F-6) , PAGE 2
STATION: NEWARK NJ
MONTH: JUNE
YEAR: 2022
LATITUDE: 40 42 N
LONGITUDE: 74 10 W
[TEMPERATURE DATA] [PRECIPITATION DATA] SYMBOLS USED IN COLUMN 16
AVERAGE MONTHLY: 74.4 TOTAL FOR MONTH: 2.40 1 = FOG OR MIST
DPTR FM NORMAL: 1.7 DPTR FM NORMAL: -1.94 2 = FOG REDUCING VISIBILITY
HIGHEST: 96 ON 25 GRTST 24HR 0.78 ON 9- 9 TO 1/4 MILE OR LESS
LOWEST: 56 ON 19 3 = THUNDER
SNOW, ICE PELLETS, HAIL 4 = ICE PELLETS
TOTAL MONTH: 0.0 INCH 5 = HAIL
GRTST 24HR 0.0 6 = FREEZING RAIN OR DRIZZLE
GRTST DEPTH: 0 7 = DUSTSTORM OR SANDSTORM:
VSBY 1/2 MILE OR LESS
8 = SMOKE OR HAZE
[NO. OF DAYS WITH] [WEATHER - DAYS WITH] 9 = BLOWING SNOW
X = TORNADO
MAX 32 OR BELOW: 0 0.01 INCH OR MORE: 10
MAX 90 OR ABOVE: 6 0.10 INCH OR MORE: 5
MIN 32 OR BELOW: 0 0.50 INCH OR MORE: 2
MIN 0 OR BELOW: 0 1.00 INCH OR MORE: 0
[HDD (BASE 65) ]
TOTAL THIS MO. 0 CLEAR (SCALE 0-3) 3
DPTR FM NORMAL -14 PTCLDY (SCALE 4-7) 19
TOTAL FM JUL 1 4191 CLOUDY (SCALE 8-10) 8
DPTR FM NORMAL -508
[CDD (BASE 65) ]
TOTAL THIS MO. 287
DPTR FM NORMAL 42 [PRESSURE DATA]
TOTAL FM JAN 1 416 HIGHEST SLP M ON M
DPTR FM NORMAL 87 LOWEST SLP 29.58 ON 9
[REMARKS]
#FINAL-06-22#