000
CXUS53 KIND 010700
CF6EYE
PRELIMINARY LOCAL CLIMATOLOGICAL DATA (WS FORM: F-6)
STATION: INDIANAPOLIS EAGLE CREEK IN
MONTH: NOVEMBER
YEAR: 2022
LATITUDE: 39 49 N
LONGITUDE: 86 18 W
TEMPERATURE IN F: :PCPN: SNOW: WIND :SUNSHINE: SKY :PK WND
================================================================================
1 2 3 4 5 6A 6B 7 8 9 10 11 12 13 14 15 16 17 18
12Z AVG MX 2MIN
DY MAX MIN AVG DEP HDD CDD WTR SNW DPTH SPD SPD DIR MIN PSBL S-S WX SPD DR
================================================================================
1 68 48 58 9 7 0 0.00 M M 2.8 9 260 M M 4 18 14 260
2 69 43 56 7 9 0 0.00 M M 3.1 13 120 M M 0 18 17 150
3 72 42 57 9 8 0 0.00 M M 3.7 13 130 M M 1 12 21 150
4 77 50 64 16 1 0 0.00 M M 8.4 18 190 M M 0 31 180
5 68 48 58 11 7 0 0.11 M M 13.7 30 210 M M 4 49 200
6 69 44 57 10 8 0 0.00 M M 5.5 16 200 M M 0 24 200
7 62 47 55 8 10 0 0.00 M M 8.2 16 10 M M 0 23 360
8 60 41 51 5 14 0 0.00 M M 8.8 17 110 M M 0 8 23 110
9 72 40 56 10 9 0 0.00 M M 4.2 10 120 M M 0 14 120
10 74 48 61 16 4 0 0.00 M M 5.0 15 200 M M 0 22 200
11 56 31 44 -1 21 0 0.00 M M 8.5 23 300 M M 4 1 32 300
12 33 29 31 -14 34 0 0.07 M M 10.8 17 300 M M 8 12 23 300
13 38 29 34 -10 31 0 0.00 M M 7.1 18 280 M M 8 23 270
14 41 22 32 -12 33 0 0.00 M M 4.7 13 80 M M 1 20 100
15 40 34 37 -7 28 0 T M M 7.1 16 260 M M 9 1 24 280
16 36 29 33 -10 32 0 0.02 M M 10.1 20 270 M M 10 18 31 280
17 33 28 31 -12 34 0 T M M 8.7 18 280 M M 10 29 270
18 32 25 29 -13 36 0 T M M 12.1 23 290 M M 9 34 280
19 35 19 27 -15 38 0 T M M 10.7 26 280 M M 4 40 290
20 32 15 24 -18 41 0 0.00 M M 6.7 20 300 M M 0 28 300
21 50 22 36 -5 29 0 0.00 M M 7.1 18 210 M M 0 29 200
22 56 25 41 0 24 0 0.00 M M 3.8 15 240 M M 0 25 250
23 60 26 43 3 22 0 0.00 M M 1.7 9 160 M M 0 13 180
24 57 28 43 3 22 0 0.02 M M 3.2 12 260 M M 5 18 19 270
25 50 32 41 1 24 0 0.01 M M 5.8 14 330 M M 5 18 20 330
26 55 25 40 0 25 0 T M M 3.0 8 130 M M 2 128 14 150
27 53 42 48 9 17 0 1.12 M M 10.6 25 300 M M 10 1 36 290
28 45 40 43 4 22 0 0.01 M M 3.9 10 300 M M 10 1 14 280
29 63 42 53 15 12 0 T M M 8.6 18 170 M M 7 18 30 180
30 60 26 43 5 22 0 0.09 M M 16.7 28 290 M M 4 1 40 260
================================================================================
SM 1616 1020 624 0 1.45 M 214.3 M 115
================================================================================
AV 53.9 34.0 7.1 FASTST M M 4 MAX(MPH)
MISC ----> 30 210 49 200
================================================================================
NOTES:
# LAST OF SEVERAL OCCURRENCES
COLUMN 17 PEAK WIND IN M.P.H.
PRELIMINARY LOCAL CLIMATOLOGICAL DATA (WS FORM: F-6) , PAGE 2
STATION: INDIANAPOLIS EAGLE CREEK IN
MONTH: NOVEMBER
YEAR: 2022
LATITUDE: 39 49 N
LONGITUDE: 86 18 W
[TEMPERATURE DATA] [PRECIPITATION DATA] SYMBOLS USED IN COLUMN 16
AVERAGE MONTHLY: 43.9 TOTAL FOR MONTH: 1.45 1 = FOG OR MIST
DPTR FM NORMAL: 0.5 DPTR FM NORMAL: -1.80 2 = FOG REDUCING VISIBILITY
HIGHEST: 77 ON 4 GRTST 24HR 1.12 ON 27-27 TO 1/4 MILE OR LESS
LOWEST: 15 ON 20 3 = THUNDER
SNOW, ICE PELLETS, HAIL 4 = ICE PELLETS
TOTAL MONTH: M 5 = HAIL
GRTST 24HR M ON M 6 = FREEZING RAIN OR DRIZZLE
GRTST DEPTH: M ON M 7 = DUSTSTORM OR SANDSTORM:
VSBY 1/2 MILE OR LESS
8 = SMOKE OR HAZE
[NO. OF DAYS WITH] [WEATHER - DAYS WITH] 9 = BLOWING SNOW
X = TORNADO
MAX 32 OR BELOW: 2 0.01 INCH OR MORE: 8
MAX 90 OR ABOVE: 0 0.10 INCH OR MORE: 2
MIN 32 OR BELOW: 16 0.50 INCH OR MORE: 1
MIN 0 OR BELOW: 0 1.00 INCH OR MORE: 1
[HDD (BASE 65) ]
TOTAL THIS MO. 624 CLEAR (SCALE 0-3) 14
DPTR FM NORMAL -24 PTCLDY (SCALE 4-7) 9
TOTAL FM JUL 1 1013 CLOUDY (SCALE 8-10) 7
DPTR FM NORMAL -9
[CDD (BASE 65) ]
TOTAL THIS MO. 0
DPTR FM NORMAL 0 [PRESSURE DATA]
TOTAL FM JAN 1 1378 HIGHEST SLP M ON M
DPTR FM NORMAL 250 LOWEST SLP 29.36 ON 27
[REMARKS]
#FINAL-11-22#