000
CXUS56 KHNX 031708
CLMFAT
CLIMATE REPORT
NATIONAL WEATHER SERVICE
1008 AM PDT MON APR 03 2023
...................................
...THE FRESNO CA CLIMATE SUMMARY FOR THE MONTH OF MARCH 2023...
CLIMATE NORMAL PERIOD 1991 TO 2020
CLIMATE RECORD PERIOD 1887 TO 2023
WEATHER OBSERVED NORMAL DEPART LAST YEAR`S
VALUE DATE(S) VALUE FROM VALUE DATE(S)
NORMAL
................................................................
TEMPERATURE (F)
RECORD
HIGH 93 03/29/2021
03/29/2021
LOW 26 03/03/1966
03/02/1953
HIGHEST 71 03/11 MM 90 03/24
03/13
LOWEST 34 03/02 MM 37 03/06
MEAN 53.4 57.4 -4.0 60.5
DAYS MAX >= 90 0 0.1 -0.1 1
DAYS MIN <= 32 0 0.0 0.0 0
PRECIPITATION (INCHES)
RECORD
MAXIMUM 7.24 1991
MINIMUM 0.00 1972
TOTALS 4.00 1.90 2.10
DAYS >= .01 13 7.2 5.8 4
DAYS >= .10 10 4.1 5.9 2
DAYS >= .50 2 1.3 0.7 1
DAYS >= 1.00 0 0.3 -0.3 0
SNOWFALL (INCHES)
RECORDS
TOTAL 0.2 1929
TOTALS 0.0 0.0
DEGREE DAYS
HEATING TOTAL 350 242 108 171
SINCE 7/1 2220 2024 196 MM
COOLING TOTAL 0 6 -6 39
SINCE 1/1 0 6 -6 MM
................................................................
WIND (MPH)
AVERAGE WIND SPEED 7.5
HIGHEST WIND SPEED/DIRECTION 35/170 DATE 03/21
HIGHEST GUST SPEED/DIRECTION 42/180 DATE 03/21
AVERAGE RH (PERCENT) 69
WEATHER CONDITIONS. NUMBER OF DAYS WITH
THUNDERSTORM 3 RAIN 8
HAIL 0 FOG 14
FOG W/VIS <= 1/4 MILE 0 HAZE 2
- INDICATES NEGATIVE NUMBERS.
R INDICATES RECORD WAS SET OR TIED.
MM INDICATES DATA IS MISSING.
T INDICATES TRACE AMOUNT.
$$