000
CXUS54 KOUN 010700
CF6FDR
PRELIMINARY LOCAL CLIMATOLOGICAL DATA (WS FORM: F-6)
STATION: FREDERICK MUNICIPAL
MONTH: JULY
YEAR: 2020
LATITUDE: 34 21 N
LONGITUDE: 98 59 W
TEMPERATURE IN F: :PCPN: SNOW: WIND :SUNSHINE: SKY :PK WND
================================================================================
1 2 3 4 5 6A 6B 7 8 9 10 11 12 13 14 15 16 17 18
12Z AVG MX 2MIN
DY MAX MIN AVG DEP HDD CDD WTR SNW DPTH SPD SPD DIR MIN PSBL S-S WX SPD DR
================================================================================
1 103 75 89 6 0 24 0.00 0.0 0 12.0 23 150 M M 0 30 140
2 101 74 88 5 0 23 0.00 0.0 0 9.6 22 160 M M 0 28 150
3 102 73 88 5 0 23 0.00 0.0 0 8.0 17 140 M M 0 19 150
4 98 75 87 4 0 22 T 0.0 0 8.7 20 80 M M 1 3 23 90
5 95 73 84 1 0 19 0.40 0.0 0 10.5 31 50 M M 5 13 37 60
6 91 74 83 -1 0 18 0.41 0.0 0 7.7 20 180 M M 2 138 22 190
7 89 71 80 -4 0 15 0.00 0.0 0 8.1 14 140 M M 3 128 21 130
8 99 74 87 3 0 22 0.00 0.0 0 10.5 22 130 M M 1 26 130
9 101 77 89 5 0 24 0.00 0.0 0 15.6 25 140 M M 0 32 150
10 96 76 86 2 0 21 0.00 0.0 0 14.7 36 130 M M 0 42 130
11 107 74 91 7 0 26 0.00 0.0 0 10.4 22 140 M M 0 26 150
12 101 71 86 2 0 21 0.02 0.0 0 14.5 37 110 M M 0 3 42 110
13 107 77 92 8 0 27 0.00 0.0 0 12.6 22 130 M M 0 30 130
14 110 81 96 12 0 31 0.00 0.0 0 15.0 26 150 M M 0 32 140
15 103 80 92 7 0 27 T 0.0 0 11.5 21 120 M M 0 25 130
16 106 77 92 7 0 27 T 0.0 0 9.5 20 140 M M 1 24 140
17 104 74 89 4 0 24 0.00 0.0 0 12.0 23 130 M M 0 31 160
18 99 75 87 2 0 22 0.00 0.0 0 14.5 22 140 M M 0 28 160
19 100 74 87 2 0 22 0.00 0.0 0 11.8 21 160 M M 0 29 180
20 100 74 87 2 0 22 0.00 0.0 0 11.2 24 140 M M 0 30 130
21 92 72 82 -3 0 17 1.54 0.0 0 7.5 31 340 M M 1 13 43 350
22 94 73 84 -1 0 19 T 0.0 0 7.1 26 170 M M 3 3 33 160
23 93 75 84 -1 0 19 0.00 0.0 0 9.1 22 120 M M 2 3 26 120
24 96 73 85 0 0 20 0.00 0.0 0 9.3 20 100 M M 0 26 100
25 95 74 85 0 0 20 0.00 0.0 0 9.2 18 140 M M 2 24 150
26 96 72 84 -1 0 19 0.00 0.0 0 9.0 16 150 M M 2 20 180
27 98 74 86 0 0 21 0.41 0.0 0 8.1 25 320 M M 0 13 32 350
28 88 74 81 -5 0 16 0.13 0.0 0 7.7 14 150 M M 5 1 18 160
29 96 74 85 -1 0 20 0.37 0.0 0 12.4 22 190 M M 4 1 29 190
30 101 73 87 1 0 22 0.18 0.0 0 9.7 21 100 M M 2 13 26 90
31 89 69 79 -7 0 14 0.00 0.0 0 10.5 20 330 M M 1 26 330
================================================================================
SM 3050 2302 0 667 3.46 0.0 328.0 M 35
================================================================================
AV 98.4 74.3 10.6 FASTST M M 1 MAX(MPH)
MISC ----> # 37 110 # 43 350
================================================================================
NOTES:
# LAST OF SEVERAL OCCURRENCES
COLUMN 17 PEAK WIND IN M.P.H.
PRELIMINARY LOCAL CLIMATOLOGICAL DATA (WS FORM: F-6) , PAGE 2
STATION: FREDERICK MUNICIPAL
MONTH: JULY
YEAR: 2020
LATITUDE: 34 21 N
LONGITUDE: 98 59 W
[TEMPERATURE DATA] [PRECIPITATION DATA] SYMBOLS USED IN COLUMN 16
AVERAGE MONTHLY: 86.3 TOTAL FOR MONTH: 3.46 1 = FOG OR MIST
DPTR FM NORMAL: 1.8 DPTR FM NORMAL: 0.84 2 = FOG REDUCING VISIBILITY
HIGHEST: 110 ON 14 GRTST 24HR 1.54 ON 21-21 TO 1/4 MILE OR LESS
LOWEST: 69 ON 31 3 = THUNDER
SNOW, ICE PELLETS, HAIL 4 = ICE PELLETS
TOTAL MONTH: 0.0 INCH 5 = HAIL
GRTST 24HR 0.0 6 = FREEZING RAIN OR DRIZZLE
GRTST DEPTH: 0 7 = DUSTSTORM OR SANDSTORM:
VSBY 1/2 MILE OR LESS
8 = SMOKE OR HAZE
[NO. OF DAYS WITH] [WEATHER - DAYS WITH] 9 = BLOWING SNOW
X = TORNADO
MAX 32 OR BELOW: 0 0.01 INCH OR MORE: 8
MAX 90 OR ABOVE: 28 0.10 INCH OR MORE: 7
MIN 32 OR BELOW: 0 0.50 INCH OR MORE: 1
MIN 0 OR BELOW: 0 1.00 INCH OR MORE: 1
[HDD (BASE 65) ]
TOTAL THIS MO. 0 CLEAR (SCALE 0-3) 27
DPTR FM NORMAL 0 PTCLDY (SCALE 4-7) 4
TOTAL FM JUL 1 0 CLOUDY (SCALE 8-10) 0
DPTR FM NORMAL 0
[CDD (BASE 65) ]
TOTAL THIS MO. 667
DPTR FM NORMAL 61 [PRESSURE DATA]
TOTAL FM JAN 1 1533 HIGHEST SLP M ON M
DPTR FM NORMAL 149 LOWEST SLP 29.70 ON 1
[REMARKS]
#FINAL-07-20#