000
CXUS53 KMKX 010810
CF6FLD
PRELIMINARY LOCAL CLIMATOLOGICAL DATA (WS FORM: F-6)
STATION: FOND_DU_LAC WI
MONTH: SEPTEMBER
YEAR: 2023
LATITUDE: 43 46 N
LONGITUDE: 88 29 W
TEMPERATURE IN F: :PCPN: SNOW: WIND :SUNSHINE: SKY :PK WND
================================================================================
1 2 3 4 5 6A 6B 7 8 9 10 11 12 13 14 15 16 17 18
12Z AVG MX 2MIN
DY MAX MIN AVG DEP HDD CDD WTR SNW DPTH SPD SPD DIR MIN PSBL S-S WX SPD DR
================================================================================
1 82 51 67 0 0 2 0.00 M M 9.2 21 190 M M 0 27 190
2 87 63 75 9 0 10 T M M 10.4 20 210 M M 0 28 210
3 95 69 82 16 0 17 0.00 M M 12.1 20 200 M M 0 29 210
4 94 65 80 14 0 15 0.00 M M 9.2 18 200 M M 0 27 190
5 88 75 82 16 0 17 T M M 11.8 22 170 M M 0 31 170
6 87 66 77 12 0 12 0.06 M M 9.8 18 360 M M 7 13 27 360
7 66 58 62 -3 3 0 0.00 M M 9.4 16 340 M M 10 25 350
8 68 50 59 -6 6 0 0.01 M M 5.5 13 40 M M 6 1 17 40
9 77 44 61 -3 4 0 0.00 M M 2.7 12 140 M M 0 1 14 150
10 75 57 66 2 0 1 0.04 M M 6.3 13 80 M M 8 1 17 170
11 66 57 62 -2 3 0 0.24 M M 7.3 13 30 M M 9 1 18 60
12 68 51 60 -3 5 0 0.71 M M 8.2 21 320 M M 7 13 25 320
13 65 44 55 -8 10 0 0.00 M M 5.3 12 60 M M 6 15 60
14 72 40 56 -7 9 0 0.00 M M 4.5 12 200 M M 0 15 200
15 78 52 65 3 0 0 0.00 M M 8.9 20 200 M M 3 26 210
16 75 57 66 4 0 1 0.07 M M 2.3 13 340 M M 4 3 17 330
17 71 48 60 -2 5 0 0.00 M M 8.3 18 30 M M 3 23 30
18 69 45 57 -4 8 0 0.00 M M 4.0 13 150 M M 1 1 17 140
19 72 50 61 0 4 0 T M M 9.2 20 180 M M 5 28 170
20 81 54 68 8 0 3 0.00 M M 4.6 12 210 M M 1 17 220
21 80 58 69 9 0 4 0.00 M M 3.0 10 120 M M 1 18 14 140
22 83 56 70 10 0 5 T M M 7.9 20 130 M M 6 26 150
23 79 61 70 11 0 5 0.06 M M 10.1 20 120 M M 5 25 140
24 74 56 65 6 0 0 0.00 M M 8.8 18 110 M M 2 27 130
25 74 63 69 11 0 4 0.11 M M 8.9 17 120 M M 9 1 23 130
26 68 64 66 8 0 1 1.13 M M 7.5 14 100 M M 10 138 21 100
27 66 62 64 6 1 0 0.03 M M 8.3 14 70 M M 10 1 20 100
28 68 60 64 7 1 0 0.00 M M 5.0 13 70 M M 9 16 70
29 74 49 62 5 3 0 0.00 M M 6.5 17 140 M M 3 12 22 150
30 82 58 70 14 0 5 0.00 M M 6.9 17 180 M M 0 1 24 180
================================================================================
SM 2284 1683 62 102 2.46 M 221.9 M 125
================================================================================
AV 76.1 56.1 7.4 FASTST M M 4 MAX(MPH)
MISC ----> 22 170 31 170
================================================================================
NOTES:
# LAST OF SEVERAL OCCURRENCES
COLUMN 17 PEAK WIND IN M.P.H.
PRELIMINARY LOCAL CLIMATOLOGICAL DATA (WS FORM: F-6) , PAGE 2
STATION: FOND_DU_LAC WI
MONTH: SEPTEMBER
YEAR: 2023
LATITUDE: 43 46 N
LONGITUDE: 88 29 W
[TEMPERATURE DATA] [PRECIPITATION DATA] SYMBOLS USED IN COLUMN 16
AVERAGE MONTHLY: 66.1 TOTAL FOR MONTH: 2.46 1 = FOG OR MIST
DPTR FM NORMAL: 4.2 DPTR FM NORMAL: -0.40 2 = FOG REDUCING VISIBILITY
HIGHEST: 95 ON 3 GRTST 24HR 1.16 ON 26-27 TO 1/4 MILE OR LESS
LOWEST: 40 ON 14 3 = THUNDER
SNOW, ICE PELLETS, HAIL 4 = ICE PELLETS
TOTAL MONTH: M 5 = HAIL
GRTST 24HR M ON M 6 = FREEZING RAIN OR DRIZZLE
GRTST DEPTH: M ON M 7 = DUSTSTORM OR SANDSTORM:
VSBY 1/2 MILE OR LESS
8 = SMOKE OR HAZE
[NO. OF DAYS WITH] [WEATHER - DAYS WITH] 9 = BLOWING SNOW
X = TORNADO
MAX 32 OR BELOW: 0 0.01 INCH OR MORE: 10
MAX 90 OR ABOVE: 2 0.10 INCH OR MORE: 4
MIN 32 OR BELOW: 0 0.50 INCH OR MORE: 2
MIN 0 OR BELOW: 0 1.00 INCH OR MORE: 1
[HDD (BASE 65) ]
TOTAL THIS MO. 62 CLEAR (SCALE 0-3) 12
DPTR FM NORMAL -88 PTCLDY (SCALE 4-7) 11
TOTAL FM JUL 1 74 CLOUDY (SCALE 8-10) 7
DPTR FM NORMAL -107
[CDD (BASE 65) ]
TOTAL THIS MO. 102
DPTR FM NORMAL 45 [PRESSURE DATA]
TOTAL FM JAN 1 702 HIGHEST SLP M ON M
DPTR FM NORMAL 125 LOWEST SLP 29.67 ON 6
[REMARKS]
#FINAL-09-23#