000
CXUS53 KMKX 290810
CF6FLD
PRELIMINARY LOCAL CLIMATOLOGICAL DATA (WS FORM: F-6)
STATION: FOND_DU_LAC WI
MONTH: MARCH
YEAR: 2024
LATITUDE: 43 46 N
LONGITUDE: 88 29 W
TEMPERATURE IN F: :PCPN: SNOW: WIND :SUNSHINE: SKY :PK WND
================================================================================
1 2 3 4 5 6A 6B 7 8 9 10 11 12 13 14 15 16 17 18
12Z AVG MX 2MIN
DY MAX MIN AVG DEP HDD CDD WTR SNW DPTH SPD SPD DIR MIN PSBL S-S WX SPD DR
================================================================================
1 51 32 42 15 23 0 0.00 M M 14.5 26 180 M M 0 34 180
2 60 33 47 20 18 0 0.00 M M 11.6 21 180 M M 0 28 170
3 68 42 55 27 10 0 T M M 18.0 30 140 M M 2 18 42 140
4 61 31 46 18 19 0 0.25 M M 10.1 24 10 M M 5 3 34 20
5 48 35 42 13 23 0 0.02 M M 13.1 21 30 M M 3 29 10
6 52 32 42 13 23 0 0.00 M M 10.1 18 30 M M 1 24 40
7 51 32 42 13 23 0 T M M 8.1 17 130 M M 2 25 110
8 44 38 41 11 24 0 0.36 M M 9.9 21 20 M M 10 1 26 10
9 39 28 34 4 31 0 T M M 13.4 23 320 M M 5 31 320
10 47 25 36 5 29 0 M M M 11.2 17 330 M M 0 25 320
11 65 26 46 15 19 0 0.00 M M 10.5 22 200 M M 0 34 220
12 71 39 55 23 10 0 0.00 M M 11.7 23 220 M M 0 34 220
13 68 30 49 17 16 0 0.00 M M 3.8 10 20 M M 1 17 120
14 51 36 44 12 21 0 0.39 M M 11.4 22 30 M M 6 27 30
15 54 30 42 9 23 0 0.00 M M 7.1 17 20 M M 1 23 30
16 56 37 47 14 18 0 0.00 M M 14.3 29 290 M M 7 39 310
17 37 24 31 -3 34 0 T M M 15.5 25 320 M M 9 34 310
18 38 23 31 -3 34 0 0.00 M M 11.0 20 320 M M 7 25 320
19 55 31 43 9 22 0 0.00 M M 13.4 26 320 M M 6 35 330
20 36 23 30 -5 35 0 0.00 M M 12.0 25 320 M M 3 33 300
21 37 20 29 -6 36 0 T M M 6.2 16 140 M M 2 21 130
22 35 27 31 -5 34 0 0.18 M M 6.9 14 350 M M 10 18 20 350
23 36 16 26 -10 39 0 T M M 5.7 13 130 M M 2 16 140
24 38 28 33 -3 32 0 0.02 M M 12.4 25 120 M M 8 1 37 130
25 53 37 45 8 20 0 0.50 M M 12.0 18 160 M M 8 1 27 140
26 57 29 43 6 22 0 0.40 M M 17.2 26 190 M M 10 1 43 220
27 41 27 34 -4 31 0 T M M 13.0 23 280 M M 6 34 230
28 45 24 35 -3 30 0 0.00 M M 8.6 18 280 M M 0 26 220
================================================================================
SM 1394 835 699 0 2.12 M 312.7 M 114
================================================================================
AV 49.8 29.8 11.2 FASTST M M 4 MAX(MPH)
MISC ----> 30 140 43 220
================================================================================
NOTES:
# LAST OF SEVERAL OCCURRENCES
COLUMN 17 PEAK WIND IN M.P.H.
PRELIMINARY LOCAL CLIMATOLOGICAL DATA (WS FORM: F-6) , PAGE 2
STATION: FOND_DU_LAC WI
MONTH: MARCH
YEAR: 2024
LATITUDE: 43 46 N
LONGITUDE: 88 29 W
[TEMPERATURE DATA] [PRECIPITATION DATA] SYMBOLS USED IN COLUMN 16
AVERAGE MONTHLY: 39.8 TOTAL FOR MONTH: 2.12 1 = FOG OR MIST
DPTR FM NORMAL: 7.3 DPTR FM NORMAL: 0.63 2 = FOG REDUCING VISIBILITY
HIGHEST: 71 ON 12 GRTST 24HR 0.89 ON 25-26 TO 1/4 MILE OR LESS
LOWEST: 16 ON 23 3 = THUNDER
SNOW, ICE PELLETS, HAIL 4 = ICE PELLETS
TOTAL MONTH: M 5 = HAIL
GRTST 24HR M ON M 6 = FREEZING RAIN OR DRIZZLE
GRTST DEPTH: M ON M 7 = DUSTSTORM OR SANDSTORM:
VSBY 1/2 MILE OR LESS
8 = SMOKE OR HAZE
[NO. OF DAYS WITH] [WEATHER - DAYS WITH] 9 = BLOWING SNOW
X = TORNADO
MAX 32 OR BELOW: 0 0.01 INCH OR MORE: 8
MAX 90 OR ABOVE: 0 0.10 INCH OR MORE: 6
MIN 32 OR BELOW: 20 0.50 INCH OR MORE: 1
MIN 0 OR BELOW: 0 1.00 INCH OR MORE: 0
[HDD (BASE 65) ]
TOTAL THIS MO. 699 CLEAR (SCALE 0-3) 15
DPTR FM NORMAL -210 PTCLDY (SCALE 4-7) 7
TOTAL FM JUL 1 4912 CLOUDY (SCALE 8-10) 6
DPTR FM NORMAL -1378
[CDD (BASE 65) ]
TOTAL THIS MO. 0
DPTR FM NORMAL 0 [PRESSURE DATA]
TOTAL FM JAN 1 0 HIGHEST SLP M ON M
DPTR FM NORMAL 0 LOWEST SLP 29.30 ON 26
[REMARKS]